{"id":2408,"date":"2025-10-08T14:48:19","date_gmt":"2025-10-08T14:48:19","guid":{"rendered":"https:\/\/www.alfadu-amusement.com\/?post_type=product&#038;p=2408"},"modified":"2025-10-08T14:48:19","modified_gmt":"2025-10-08T14:48:19","slug":"disco-volant","status":"publish","type":"product","link":"https:\/\/www.alfadu-amusement.com\/?product=disco-volant&lang=fr","title":{"rendered":"Disco volant"},"content":{"rendered":"<table border=\"0\" width=\"100%\" cellspacing=\"0\" cellpadding=\"0\">\n<tbody>\n<tr>\n<td>Num\u00e9ro de mod\u00e8le<\/td>\n<td>E10<\/td>\n<\/tr>\n<tr>\n<td>Capacit\u00e9<\/td>\n<td>23<\/td>\n<\/tr>\n<tr>\n<td>Hauteur<\/td>\n<td>7.5m<\/td>\n<\/tr>\n<tr>\n<td>Surface<\/td>\n<td>27*10m<\/td>\n<\/tr>\n<tr>\n<td>Couleur<\/td>\n<td>Personnalis\u00e9<\/td>\n<\/tr>\n<tr>\n<td>Puissance<\/td>\n<td>30KW<\/td>\n<\/tr>\n<tr>\n<td>Garantie<\/td>\n<td>1 An<\/td>\n<\/tr>\n<tr>\n<td>Certificat<\/td>\n<td>ISO9001<\/td>\n<\/tr>\n<tr>\n<td>Mat\u00e9riaux<\/td>\n<td>Fiberglass<\/td>\n<\/tr>\n<tr>\n<td>Voltage<\/td>\n<td>220V\/380V<\/td>\n<\/tr>\n<\/tbody>\n<\/table>\n","protected":false},"excerpt":{"rendered":"<p>Num\u00e9ro de mod\u00e8le E10 Capacit\u00e9 23 Hauteur 7.5m Surface 27*10m Couleur Personnalis\u00e9 Puissance 30KW Garantie 1 An Certificat ISO9001 Mat\u00e9riaux Fiberglass Voltage 220V\/380V<\/p>\n","protected":false},"featured_media":2024,"template":"","meta":[],"product_brand":[],"product_cat":[200,113],"product_tag":[],"class_list":{"0":"post-2408","1":"product","2":"type-product","3":"status-publish","4":"has-post-thumbnail","6":"product_cat-manege-a-sensation","7":"product_cat-maneges-pour-adultes","9":"first","10":"instock","11":"shipping-taxable","12":"product-type-simple"},"_links":{"self":[{"href":"https:\/\/www.alfadu-amusement.com\/index.php?rest_route=\/wp\/v2\/product\/2408","targetHints":{"allow":["GET"]}}],"collection":[{"href":"https:\/\/www.alfadu-amusement.com\/index.php?rest_route=\/wp\/v2\/product"}],"about":[{"href":"https:\/\/www.alfadu-amusement.com\/index.php?rest_route=\/wp\/v2\/types\/product"}],"wp:featuredmedia":[{"embeddable":true,"href":"https:\/\/www.alfadu-amusement.com\/index.php?rest_route=\/wp\/v2\/media\/2024"}],"wp:attachment":[{"href":"https:\/\/www.alfadu-amusement.com\/index.php?rest_route=%2Fwp%2Fv2%2Fmedia&parent=2408"}],"wp:term":[{"taxonomy":"product_brand","embeddable":true,"href":"https:\/\/www.alfadu-amusement.com\/index.php?rest_route=%2Fwp%2Fv2%2Fproduct_brand&post=2408"},{"taxonomy":"product_cat","embeddable":true,"href":"https:\/\/www.alfadu-amusement.com\/index.php?rest_route=%2Fwp%2Fv2%2Fproduct_cat&post=2408"},{"taxonomy":"product_tag","embeddable":true,"href":"https:\/\/www.alfadu-amusement.com\/index.php?rest_route=%2Fwp%2Fv2%2Fproduct_tag&post=2408"}],"curies":[{"name":"wp","href":"https:\/\/api.w.org\/{rel}","templated":true}]}}