{"id":2493,"date":"2025-10-09T10:07:37","date_gmt":"2025-10-09T10:07:37","guid":{"rendered":"https:\/\/www.alfadu-amusement.com\/?post_type=product&#038;p=2493"},"modified":"2025-10-09T10:07:37","modified_gmt":"2025-10-09T10:07:37","slug":"trackless-train-mq-0003","status":"publish","type":"product","link":"https:\/\/www.alfadu-amusement.com\/?product=trackless-train-mq-0003&lang=fr","title":{"rendered":"Trackless TRAIN MQ-0003"},"content":{"rendered":"<table border=\"1\" cellspacing=\"1\" cellpadding=\"1\">\n<tbody>\n<tr>\n<th><\/th>\n<th>\n<pre id=\"tw-target-text\" class=\"tw-data-text tw-text-large tw-ta\" dir=\"ltr\" tabindex=\"-1\" role=\"text\" data-placeholder=\"Traduction\" data-ved=\"2ahUKEwi60NO25paQAxUCVKQEHdT1KpQQ3ewLegQIBRAV\" aria-label=\"Texte traduit\u00a0: Diesel-42 places Diesel-27 places \u00c9lectrique-40 places \u00c9lectrique-27 places \u00c9lectrique-24 places\"><span class=\"Y2IQFc\" lang=\"fr\">Diesel-42 places<\/span><\/pre>\n<\/th>\n<th>\n<pre id=\"tw-target-text\" class=\"tw-data-text tw-text-large tw-ta\" dir=\"ltr\" tabindex=\"-1\" role=\"text\" data-placeholder=\"Traduction\" data-ved=\"2ahUKEwi60NO25paQAxUCVKQEHdT1KpQQ3ewLegQIBRAV\" aria-label=\"Texte traduit\u00a0: Diesel-42 places Diesel-27 places \u00c9lectrique-40 places \u00c9lectrique-27 places \u00c9lectrique-24 places\"><span class=\"Y2IQFc\" lang=\"fr\">Diesel-27 places <\/span><\/pre>\n<\/th>\n<th>\n<pre id=\"tw-target-text\" class=\"tw-data-text tw-text-large tw-ta\" dir=\"ltr\" tabindex=\"-1\" role=\"text\" data-placeholder=\"Traduction\" data-ved=\"2ahUKEwi60NO25paQAxUCVKQEHdT1KpQQ3ewLegQIBRAV\" aria-label=\"Texte traduit\u00a0: Diesel-42 places Diesel-27 places \u00c9lectrique-40 places \u00c9lectrique-27 places \u00c9lectrique-24 places\"><span class=\"Y2IQFc\" lang=\"fr\">\u00c9lectrique-40 places<\/span><\/pre>\n<\/th>\n<th>\n<pre id=\"tw-target-text\" class=\"tw-data-text tw-text-large tw-ta\" dir=\"ltr\" tabindex=\"-1\" role=\"text\" data-placeholder=\"Traduction\" data-ved=\"2ahUKEwi60NO25paQAxUCVKQEHdT1KpQQ3ewLegQIBRAV\" aria-label=\"Texte traduit\u00a0: Diesel-42 places Diesel-27 places \u00c9lectrique-40 places \u00c9lectrique-27 places \u00c9lectrique-24 places\"><span class=\"Y2IQFc\" lang=\"fr\">\u00c9lectrique-27 places<\/span><\/pre>\n<\/th>\n<th>\n<pre id=\"tw-target-text\" class=\"tw-data-text tw-text-large tw-ta\" dir=\"ltr\" tabindex=\"-1\" role=\"text\" data-placeholder=\"Traduction\" data-ved=\"2ahUKEwi60NO25paQAxUCVKQEHdT1KpQQ3ewLegQIBRAV\" aria-label=\"Texte traduit\u00a0: Diesel-42 places Diesel-27 places \u00c9lectrique-40 places \u00c9lectrique-27 places \u00c9lectrique-24 places\"><span class=\"Y2IQFc\" lang=\"fr\">\u00c9lectrique-24 places<\/span><\/pre>\n<\/th>\n<\/tr>\n<tr align=\"center\">\n<td>Capacit\u00e9<\/td>\n<td>42 personnes<\/td>\n<td>27 personnes<\/td>\n<td>40 personnes<\/td>\n<td>27 personnes<\/td>\n<td>24 personnes<\/td>\n<\/tr>\n<tr align=\"center\">\n<td>Max. Speed<\/td>\n<td>30 km\/h<\/td>\n<td>20 km\/h<\/td>\n<td>20 km\/h<\/td>\n<td>7 km\/h<\/td>\n<td>8 km\/h<\/td>\n<\/tr>\n<tr align=\"center\">\n<td>\n<pre id=\"tw-target-text\" class=\"tw-data-text tw-text-large tw-ta\" dir=\"ltr\" tabindex=\"-1\" role=\"text\" data-placeholder=\"Traduction\" data-ved=\"2ahUKEwi60NO25paQAxUCVKQEHdT1KpQQ3ewLegQIBRAV\" aria-label=\"Texte traduit\u00a0: Quantit\u00e9 Une locomotive + deux voitures Une locomotive + trois voitures Une locomotive + deux voitures Une locomotive + trois voitures Une locomotive + deux voitures\"><span class=\"Y2IQFc\" lang=\"fr\">Quantit\u00e9<\/span><\/pre>\n<\/td>\n<td>\n<pre id=\"tw-target-text\" class=\"tw-data-text tw-text-large tw-ta\" dir=\"ltr\" tabindex=\"-1\" role=\"text\" data-placeholder=\"Traduction\" data-ved=\"2ahUKEwi60NO25paQAxUCVKQEHdT1KpQQ3ewLegQIBRAV\" aria-label=\"Texte traduit\u00a0: Quantit\u00e9 Une locomotive + deux voitures Une locomotive + trois voitures Une locomotive + deux voitures Une locomotive + trois voitures Une locomotive + deux voitures\"><span class=\"Y2IQFc\" lang=\"fr\">Une locomotive + deux voitures <\/span><\/pre>\n<\/td>\n<td>\n<pre class=\"tw-data-text tw-text-large tw-ta\" dir=\"ltr\" tabindex=\"-1\" role=\"text\" data-placeholder=\"Traduction\" data-ved=\"2ahUKEwi60NO25paQAxUCVKQEHdT1KpQQ3ewLegQIBRAV\" aria-label=\"Texte traduit\u00a0: Quantit\u00e9 Une locomotive + deux voitures Une locomotive + trois voitures Une locomotive + deux voitures Une locomotive + trois voitures Une locomotive + deux voitures\"><span class=\"Y2IQFc\" lang=\"fr\">Une locomotive + trois voitures<\/span><\/pre>\n<\/td>\n<td>\n<pre id=\"tw-target-text\" class=\"tw-data-text tw-text-large tw-ta\" dir=\"ltr\" tabindex=\"-1\" role=\"text\" data-placeholder=\"Traduction\" data-ved=\"2ahUKEwi60NO25paQAxUCVKQEHdT1KpQQ3ewLegQIBRAV\" aria-label=\"Texte traduit\u00a0: Quantit\u00e9 Une locomotive + deux voitures Une locomotive + trois voitures Une locomotive + deux voitures Une locomotive + trois voitures Une locomotive + deux voitures\"><span class=\"Y2IQFc\" lang=\"fr\">\r\nUne locomotive + deux voitures<\/span><\/pre>\n<\/td>\n<td>\n<pre id=\"tw-target-text\" class=\"tw-data-text tw-text-large tw-ta\" dir=\"ltr\" tabindex=\"-1\" role=\"text\" data-placeholder=\"Traduction\" data-ved=\"2ahUKEwi60NO25paQAxUCVKQEHdT1KpQQ3ewLegQIBRAV\" aria-label=\"Texte traduit\u00a0: Quantit\u00e9 Une locomotive + deux voitures Une locomotive + trois voitures Une locomotive + deux voitures Une locomotive + trois voitures Une locomotive + deux voitures\"><span class=\"Y2IQFc\" lang=\"fr\">Une locomotive + trois voitures<\/span><\/pre>\n<\/td>\n<td>\n<pre id=\"tw-target-text\" class=\"tw-data-text tw-text-large tw-ta\" dir=\"ltr\" tabindex=\"-1\" role=\"text\" data-placeholder=\"Traduction\" data-ved=\"2ahUKEwi60NO25paQAxUCVKQEHdT1KpQQ3ewLegQIBRAV\" aria-label=\"Texte traduit\u00a0: Quantit\u00e9 Une locomotive + deux voitures Une locomotive + trois voitures Une locomotive + deux voitures Une locomotive + trois voitures Une locomotive + deux voitures\"><span class=\"Y2IQFc\" lang=\"fr\">Une locomotive + deux voitures<\/span><\/pre>\n<\/td>\n<\/tr>\n<tr align=\"center\">\n<td>Dimension<\/td>\n<td>4000*1980*2500mm<\/td>\n<td>2500*1500*2100mm<\/td>\n<td>4150*1900*2500mm<\/td>\n<td>1600*2500*2100mm<\/td>\n<td>1540*920*1750m<\/td>\n<\/tr>\n<tr align=\"center\">\n<td>Rayon de braquage<\/td>\n<td>7m<\/td>\n<td>6m<\/td>\n<td>10m<\/td>\n<td>6m<\/td>\n<td>5.5m<\/td>\n<\/tr>\n<\/tbody>\n<\/table>\n<p>&nbsp;<\/p>\n","protected":false},"excerpt":{"rendered":"<div id=\"index_1\" class=\"boxtit padtop\">\n<h6><\/h6>\n<p><strong>Description<\/strong><\/p>\n<p>Le train sans rail, \u00e9galement appel\u00e9 train touristique, train routier ou train terrestre, est un v\u00e9hicule routier articul\u00e9 destin\u00e9 au transport de passagers. Il se d\u00e9place rapidement. Il peut transporter plusieurs personnes simultan\u00e9ment et ne n\u00e9cessite pas de rails. Il est compos\u00e9 d&rsquo;un v\u00e9hicule moteur tirant une ou plusieurs voitures reli\u00e9es par des attelages \u00e0 timon, \u00e0 la mani\u00e8re d&rsquo;un train routier.<\/p>\n<\/div>\n","protected":false},"featured_media":1972,"template":"","meta":[],"product_brand":[],"product_cat":[240,250],"product_tag":[],"class_list":{"0":"post-2493","1":"product","2":"type-product","3":"status-publish","4":"has-post-thumbnail","6":"product_cat-manege-familial","7":"product_cat-train-touristique","9":"first","10":"instock","11":"shipping-taxable","12":"product-type-simple"},"_links":{"self":[{"href":"https:\/\/www.alfadu-amusement.com\/index.php?rest_route=\/wp\/v2\/product\/2493","targetHints":{"allow":["GET"]}}],"collection":[{"href":"https:\/\/www.alfadu-amusement.com\/index.php?rest_route=\/wp\/v2\/product"}],"about":[{"href":"https:\/\/www.alfadu-amusement.com\/index.php?rest_route=\/wp\/v2\/types\/product"}],"wp:featuredmedia":[{"embeddable":true,"href":"https:\/\/www.alfadu-amusement.com\/index.php?rest_route=\/wp\/v2\/media\/1972"}],"wp:attachment":[{"href":"https:\/\/www.alfadu-amusement.com\/index.php?rest_route=%2Fwp%2Fv2%2Fmedia&parent=2493"}],"wp:term":[{"taxonomy":"product_brand","embeddable":true,"href":"https:\/\/www.alfadu-amusement.com\/index.php?rest_route=%2Fwp%2Fv2%2Fproduct_brand&post=2493"},{"taxonomy":"product_cat","embeddable":true,"href":"https:\/\/www.alfadu-amusement.com\/index.php?rest_route=%2Fwp%2Fv2%2Fproduct_cat&post=2493"},{"taxonomy":"product_tag","embeddable":true,"href":"https:\/\/www.alfadu-amusement.com\/index.php?rest_route=%2Fwp%2Fv2%2Fproduct_tag&post=2493"}],"curies":[{"name":"wp","href":"https:\/\/api.w.org\/{rel}","templated":true}]}}