{"id":2520,"date":"2025-10-09T11:11:18","date_gmt":"2025-10-09T11:11:18","guid":{"rendered":"https:\/\/www.alfadu-amusement.com\/?post_type=product&#038;p=2520"},"modified":"2025-10-09T11:11:18","modified_gmt":"2025-10-09T11:11:18","slug":"carrousel-de-32-places","status":"publish","type":"product","link":"https:\/\/www.alfadu-amusement.com\/?product=carrousel-de-32-places&lang=fr","title":{"rendered":"Carrousel de 32 places"},"content":{"rendered":"<table border=\"0\" width=\"100%\" cellspacing=\"0\" cellpadding=\"0\">\n<tbody>\n<tr>\n<td>Model Num\u00e9ro<\/td>\n<td>A3<\/td>\n<\/tr>\n<tr>\n<td>Type<\/td>\n<td>Carrousel<\/td>\n<\/tr>\n<tr>\n<td>Hauteur<\/td>\n<td>4m<\/td>\n<\/tr>\n<tr>\n<td>Diam\u00e8tre<\/td>\n<td>11m<\/td>\n<\/tr>\n<tr>\n<td>Puissance<\/td>\n<td>5.5KW<\/td>\n<\/tr>\n<tr>\n<td>Tension<\/td>\n<td>380V<\/td>\n<\/tr>\n<tr>\n<td>Capacit\u00e9<\/td>\n<td>32personnes<\/td>\n<\/tr>\n<tr>\n<td>Mat\u00e9riaux<\/td>\n<td>Fibre de glass et\u00a0 stainless steel<\/td>\n<\/tr>\n<tr>\n<td>Certificat<\/td>\n<td>ISO, CE, BV<\/td>\n<\/tr>\n<tr>\n<td>Utilisation<\/td>\n<td>Parc d&rsquo;attractions, F\u00eate foraine, Terrain ext\u00e9rieur<\/td>\n<\/tr>\n<\/tbody>\n<\/table>\n","protected":false},"excerpt":{"rendered":"<p>Model Num\u00e9ro A3 Type Carrousel Hauteur 4m Diam\u00e8tre 11m Puissance 5.5KW Tension 380V Capacit\u00e9 32personnes Mat\u00e9riaux Fibre de glass et\u00a0 stainless steel Certificat ISO, CE, BV Utilisation Parc d&rsquo;attractions, F\u00eate foraine, Terrain ext\u00e9rieur<\/p>\n","protected":false},"featured_media":2125,"template":"","meta":[],"product_brand":[],"product_cat":[242,240],"product_tag":[],"class_list":{"0":"post-2520","1":"product","2":"type-product","3":"status-publish","4":"has-post-thumbnail","6":"product_cat-carrousels","7":"product_cat-manege-familial","9":"first","10":"instock","11":"shipping-taxable","12":"product-type-simple"},"_links":{"self":[{"href":"https:\/\/www.alfadu-amusement.com\/index.php?rest_route=\/wp\/v2\/product\/2520","targetHints":{"allow":["GET"]}}],"collection":[{"href":"https:\/\/www.alfadu-amusement.com\/index.php?rest_route=\/wp\/v2\/product"}],"about":[{"href":"https:\/\/www.alfadu-amusement.com\/index.php?rest_route=\/wp\/v2\/types\/product"}],"wp:featuredmedia":[{"embeddable":true,"href":"https:\/\/www.alfadu-amusement.com\/index.php?rest_route=\/wp\/v2\/media\/2125"}],"wp:attachment":[{"href":"https:\/\/www.alfadu-amusement.com\/index.php?rest_route=%2Fwp%2Fv2%2Fmedia&parent=2520"}],"wp:term":[{"taxonomy":"product_brand","embeddable":true,"href":"https:\/\/www.alfadu-amusement.com\/index.php?rest_route=%2Fwp%2Fv2%2Fproduct_brand&post=2520"},{"taxonomy":"product_cat","embeddable":true,"href":"https:\/\/www.alfadu-amusement.com\/index.php?rest_route=%2Fwp%2Fv2%2Fproduct_cat&post=2520"},{"taxonomy":"product_tag","embeddable":true,"href":"https:\/\/www.alfadu-amusement.com\/index.php?rest_route=%2Fwp%2Fv2%2Fproduct_tag&post=2520"}],"curies":[{"name":"wp","href":"https:\/\/api.w.org\/{rel}","templated":true}]}}