{"id":2571,"date":"2025-10-09T14:09:38","date_gmt":"2025-10-09T14:09:38","guid":{"rendered":"https:\/\/www.alfadu-amusement.com\/?post_type=product&#038;p=2571"},"modified":"2025-10-09T14:09:38","modified_gmt":"2025-10-09T14:09:38","slug":"robocop-2","status":"publish","type":"product","link":"https:\/\/www.alfadu-amusement.com\/?product=robocop-2&lang=fr","title":{"rendered":"RoboCop"},"content":{"rendered":"<table border=\"0\" width=\"100%\" cellspacing=\"0\" cellpadding=\"0\">\n<tbody>\n<tr>\n<td>Superficie<\/td>\n<td>Diam\u00e8tre 9m<\/td>\n<\/tr>\n<tr>\n<td>Capacit\u00e9<\/td>\n<td>16 people<\/td>\n<\/tr>\n<tr>\n<td>Hauteur<\/td>\n<td>3m<\/td>\n<\/tr>\n<tr>\n<td>Diam\u00e8tre de la table rotative<\/td>\n<td>6.2m<\/td>\n<\/tr>\n<tr>\n<td>Hauteur de fonctionnement<\/td>\n<td>1.7m<\/td>\n<\/tr>\n<tr>\n<td>Tension<\/td>\n<td>380V<\/td>\n<\/tr>\n<tr>\n<td>Puissance<\/td>\n<td>11KW<\/td>\n<\/tr>\n<\/tbody>\n<\/table>\n","protected":false},"excerpt":{"rendered":"<p>Superficie Diam\u00e8tre 9m Capacit\u00e9 16 people Hauteur 3m Diam\u00e8tre de la table rotative 6.2m Hauteur de fonctionnement 1.7m Tension 380V Puissance 11KW<\/p>\n","protected":false},"featured_media":2028,"template":"","meta":[],"product_brand":[],"product_cat":[240,248],"product_tag":[],"class_list":{"0":"post-2571","1":"product","2":"type-product","3":"status-publish","4":"has-post-thumbnail","6":"product_cat-manege-familial","7":"product_cat-manege-tournant","9":"first","10":"instock","11":"shipping-taxable","12":"product-type-simple"},"_links":{"self":[{"href":"https:\/\/www.alfadu-amusement.com\/index.php?rest_route=\/wp\/v2\/product\/2571","targetHints":{"allow":["GET"]}}],"collection":[{"href":"https:\/\/www.alfadu-amusement.com\/index.php?rest_route=\/wp\/v2\/product"}],"about":[{"href":"https:\/\/www.alfadu-amusement.com\/index.php?rest_route=\/wp\/v2\/types\/product"}],"wp:featuredmedia":[{"embeddable":true,"href":"https:\/\/www.alfadu-amusement.com\/index.php?rest_route=\/wp\/v2\/media\/2028"}],"wp:attachment":[{"href":"https:\/\/www.alfadu-amusement.com\/index.php?rest_route=%2Fwp%2Fv2%2Fmedia&parent=2571"}],"wp:term":[{"taxonomy":"product_brand","embeddable":true,"href":"https:\/\/www.alfadu-amusement.com\/index.php?rest_route=%2Fwp%2Fv2%2Fproduct_brand&post=2571"},{"taxonomy":"product_cat","embeddable":true,"href":"https:\/\/www.alfadu-amusement.com\/index.php?rest_route=%2Fwp%2Fv2%2Fproduct_cat&post=2571"},{"taxonomy":"product_tag","embeddable":true,"href":"https:\/\/www.alfadu-amusement.com\/index.php?rest_route=%2Fwp%2Fv2%2Fproduct_tag&post=2571"}],"curies":[{"name":"wp","href":"https:\/\/api.w.org\/{rel}","templated":true}]}}