{"id":2597,"date":"2025-10-11T17:31:56","date_gmt":"2025-10-11T17:31:56","guid":{"rendered":"https:\/\/www.alfadu-amusement.com\/?post_type=product&#038;p=2597"},"modified":"2025-10-11T17:34:59","modified_gmt":"2025-10-11T17:34:59","slug":"voiture-de-course-a-batteries","status":"publish","type":"product","link":"https:\/\/www.alfadu-amusement.com\/?product=voiture-de-course-a-batteries&lang=fr","title":{"rendered":"Voiture de course \u00e0 batteries"},"content":{"rendered":"<pre id=\"tw-target-text\" class=\"tw-data-text tw-text-large tw-ta\" dir=\"ltr\" tabindex=\"-1\" role=\"text\" data-placeholder=\"Traduction\" data-ved=\"2ahUKEwjDkrXp1JyQAxXETaQEHe8kJ94Q3ewLegQICxAV\" aria-label=\"Texte traduit\u00a0: Mod\u00e8le n\u00b0\u00a0: DHA-00016 Batterie\u00a0: 12\u00a0V\/3,2\u00a0A (2\u00a0pi\u00e8ces) Puissance du moteur\u00a0: 450\u00a0W Poids net\u00a0: 70\u00a0kg Mat\u00e9riau\u00a0: plastique technique renforc\u00e9 Vitesse de course\u00a0: 0-120\u00a0m\u00e8tres\/minute Autonomie\u00a0: 300 \u00e0 360\u00a0minutes Couleur\u00a0: jaune, bleu, rose Dimensions\u00a0: 160 x 100 x 95\u00a0cm Capacit\u00e9 de charge\u00a0: 180\u00a0kg Utilisateurs\u00a0: Enfants de plus de 3\u00a0ans, adolescents, adultes Lieu d\u2019utilisation\u00a0: Place, centre commercial, parc, parc d\u2019attractions, maison Fonctions\u00a0: Musique, minuterie r\u00e9glable, marche avant, marche arri\u00e8re, lumi\u00e8re froide, d\u00e9marrage \u00e0 distance\"><span class=\"Y2IQFc\" lang=\"fr\">Mod\u00e8le n\u00b0 :<\/span>\u00a0DHA-00016<\/pre>\n<pre id=\"tw-target-text\" class=\"tw-data-text tw-text-large tw-ta\" dir=\"ltr\" tabindex=\"-1\" role=\"text\" data-placeholder=\"Traduction\" data-ved=\"2ahUKEwjDkrXp1JyQAxXETaQEHe8kJ94Q3ewLegQICxAV\" aria-label=\"Texte traduit\u00a0: Mod\u00e8le n\u00b0\u00a0: DHA-00016 Batterie\u00a0: 12\u00a0V\/3,2\u00a0A (2\u00a0pi\u00e8ces) Puissance du moteur\u00a0: 450\u00a0W Poids net\u00a0: 70\u00a0kg Mat\u00e9riau\u00a0: plastique technique renforc\u00e9 Vitesse de course\u00a0: 0-120\u00a0m\u00e8tres\/minute Autonomie\u00a0: 300 \u00e0 360\u00a0minutes Couleur\u00a0: jaune, bleu, rose Dimensions\u00a0: 160 x 100 x 95\u00a0cm Capacit\u00e9 de charge\u00a0: 180\u00a0kg Utilisateurs\u00a0: Enfants de plus de 3\u00a0ans, adolescents, adultes Lieu d\u2019utilisation\u00a0: Place, centre commercial, parc, parc d\u2019attractions, maison Fonctions\u00a0: Musique, minuterie r\u00e9glable, marche avant, marche arri\u00e8re, lumi\u00e8re froide, d\u00e9marrage \u00e0 distance\"><span class=\"Y2IQFc\" lang=\"fr\">Batterie  <\/span>: 12V\/3 2A (2PCS)<\/pre>\n<pre id=\"tw-target-text\" class=\"tw-data-text tw-text-large tw-ta\" dir=\"ltr\" tabindex=\"-1\" role=\"text\" data-placeholder=\"Traduction\" data-ved=\"2ahUKEwjDkrXp1JyQAxXETaQEHe8kJ94Q3ewLegQICxAV\" aria-label=\"Texte traduit\u00a0: Mod\u00e8le n\u00b0\u00a0: DHA-00016 Batterie\u00a0: 12\u00a0V\/3,2\u00a0A (2\u00a0pi\u00e8ces) Puissance du moteur\u00a0: 450\u00a0W Poids net\u00a0: 70\u00a0kg Mat\u00e9riau\u00a0: plastique technique renforc\u00e9 Vitesse de course\u00a0: 0-120\u00a0m\u00e8tres\/minute Autonomie\u00a0: 300 \u00e0 360\u00a0minutes Couleur\u00a0: jaune, bleu, rose Dimensions\u00a0: 160 x 100 x 95\u00a0cm Capacit\u00e9 de charge\u00a0: 180\u00a0kg Utilisateurs\u00a0: Enfants de plus de 3\u00a0ans, adolescents, adultes Lieu d\u2019utilisation\u00a0: Place, centre commercial, parc, parc d\u2019attractions, maison Fonctions\u00a0: Musique, minuterie r\u00e9glable, marche avant, marche arri\u00e8re, lumi\u00e8re froide, d\u00e9marrage \u00e0 distance\"><span class=\"Y2IQFc\" lang=\"fr\">Puissance du moteur <\/span>: 450W<\/pre>\n<pre id=\"tw-target-text\" class=\"tw-data-text tw-text-large tw-ta\" dir=\"ltr\" tabindex=\"-1\" role=\"text\" data-placeholder=\"Traduction\" data-ved=\"2ahUKEwjDkrXp1JyQAxXETaQEHe8kJ94Q3ewLegQICxAV\" aria-label=\"Texte traduit\u00a0: Mod\u00e8le n\u00b0\u00a0: DHA-00016 Batterie\u00a0: 12\u00a0V\/3,2\u00a0A (2\u00a0pi\u00e8ces) Puissance du moteur\u00a0: 450\u00a0W Poids net\u00a0: 70\u00a0kg Mat\u00e9riau\u00a0: plastique technique renforc\u00e9 Vitesse de course\u00a0: 0-120\u00a0m\u00e8tres\/minute Autonomie\u00a0: 300 \u00e0 360\u00a0minutes Couleur\u00a0: jaune, bleu, rose Dimensions\u00a0: 160 x 100 x 95\u00a0cm Capacit\u00e9 de charge\u00a0: 180\u00a0kg Utilisateurs\u00a0: Enfants de plus de 3\u00a0ans, adolescents, adultes Lieu d\u2019utilisation\u00a0: Place, centre commercial, parc, parc d\u2019attractions, maison Fonctions\u00a0: Musique, minuterie r\u00e9glable, marche avant, marche arri\u00e8re, lumi\u00e8re froide, d\u00e9marrage \u00e0 distance\"><span class=\"Y2IQFc\" lang=\"fr\">Poids net  <\/span>:70KG<\/pre>\n<pre id=\"tw-target-text\" class=\"tw-data-text tw-text-large tw-ta\" dir=\"ltr\" tabindex=\"-1\" role=\"text\" data-placeholder=\"Traduction\" data-ved=\"2ahUKEwjDkrXp1JyQAxXETaQEHe8kJ94Q3ewLegQICxAV\" aria-label=\"Texte traduit\u00a0: Mod\u00e8le n\u00b0\u00a0: DHA-00016 Batterie\u00a0: 12\u00a0V\/3,2\u00a0A (2\u00a0pi\u00e8ces) Puissance du moteur\u00a0: 450\u00a0W Poids net\u00a0: 70\u00a0kg Mat\u00e9riau\u00a0: plastique technique renforc\u00e9 Vitesse de course\u00a0: 0-120\u00a0m\u00e8tres\/minute Autonomie\u00a0: 300 \u00e0 360\u00a0minutes Couleur\u00a0: jaune, bleu, rose Dimensions\u00a0: 160 x 100 x 95\u00a0cm Capacit\u00e9 de charge\u00a0: 180\u00a0kg Utilisateurs\u00a0: Enfants de plus de 3\u00a0ans, adolescents, adultes Lieu d\u2019utilisation\u00a0: Place, centre commercial, parc, parc d\u2019attractions, maison Fonctions\u00a0: Musique, minuterie r\u00e9glable, marche avant, marche arri\u00e8re, lumi\u00e8re froide, d\u00e9marrage \u00e0 distance\"><span class=\"Y2IQFc\" lang=\"fr\">Mat\u00e9riau\u00a0: plastique technique renforc\u00e9<\/span><\/pre>\n<pre id=\"tw-target-text\" class=\"tw-data-text tw-text-large tw-ta\" dir=\"ltr\" tabindex=\"-1\" role=\"text\" data-placeholder=\"Traduction\" data-ved=\"2ahUKEwjDkrXp1JyQAxXETaQEHe8kJ94Q3ewLegQICxAV\" aria-label=\"Texte traduit\u00a0: Mod\u00e8le n\u00b0\u00a0: DHA-00016 Batterie\u00a0: 12\u00a0V\/3,2\u00a0A (2\u00a0pi\u00e8ces) Puissance du moteur\u00a0: 450\u00a0W Poids net\u00a0: 70\u00a0kg Mat\u00e9riau\u00a0: plastique technique renforc\u00e9 Vitesse de course\u00a0: 0-120\u00a0m\u00e8tres\/minute Autonomie\u00a0: 300 \u00e0 360\u00a0minutes Couleur\u00a0: jaune, bleu, rose Dimensions\u00a0: 160 x 100 x 95\u00a0cm Capacit\u00e9 de charge\u00a0: 180\u00a0kg Utilisateurs\u00a0: Enfants de plus de 3\u00a0ans, adolescents, adultes Lieu d\u2019utilisation\u00a0: Place, centre commercial, parc, parc d\u2019attractions, maison Fonctions\u00a0: Musique, minuterie r\u00e9glable, marche avant, marche arri\u00e8re, lumi\u00e8re froide, d\u00e9marrage \u00e0 distance\"><span class=\"Y2IQFc\" lang=\"fr\">Vitesse de course\u00a0: 0-120\u00a0m\u00e8tres\/minute<\/span><\/pre>\n<pre id=\"tw-target-text\" class=\"tw-data-text tw-text-large tw-ta\" dir=\"ltr\" tabindex=\"-1\" role=\"text\" data-placeholder=\"Traduction\" data-ved=\"2ahUKEwjDkrXp1JyQAxXETaQEHe8kJ94Q3ewLegQICxAV\" aria-label=\"Texte traduit\u00a0: Mod\u00e8le n\u00b0\u00a0: DHA-00016 Batterie\u00a0: 12\u00a0V\/3,2\u00a0A (2\u00a0pi\u00e8ces) Puissance du moteur\u00a0: 450\u00a0W Poids net\u00a0: 70\u00a0kg Mat\u00e9riau\u00a0: plastique technique renforc\u00e9 Vitesse de course\u00a0: 0-120\u00a0m\u00e8tres\/minute Autonomie\u00a0: 300 \u00e0 360\u00a0minutes Couleur\u00a0: jaune, bleu, rose Dimensions\u00a0: 160 x 100 x 95\u00a0cm Capacit\u00e9 de charge\u00a0: 180\u00a0kg Utilisateurs\u00a0: Enfants de plus de 3\u00a0ans, adolescents, adultes Lieu d\u2019utilisation\u00a0: Place, centre commercial, parc, parc d\u2019attractions, maison Fonctions\u00a0: Musique, minuterie r\u00e9glable, marche avant, marche arri\u00e8re, lumi\u00e8re froide, d\u00e9marrage \u00e0 distance\"><span class=\"Y2IQFc\" lang=\"fr\">Autonomie\u00a0<\/span>: 300 360 Minutes<\/pre>\n<pre id=\"tw-target-text\" class=\"tw-data-text tw-text-large tw-ta\" dir=\"ltr\" tabindex=\"-1\" role=\"text\" data-placeholder=\"Traduction\" data-ved=\"2ahUKEwjDkrXp1JyQAxXETaQEHe8kJ94Q3ewLegQICxAV\" aria-label=\"Texte traduit\u00a0: Mod\u00e8le n\u00b0\u00a0: DHA-00016 Batterie\u00a0: 12\u00a0V\/3,2\u00a0A (2\u00a0pi\u00e8ces) Puissance du moteur\u00a0: 450\u00a0W Poids net\u00a0: 70\u00a0kg Mat\u00e9riau\u00a0: plastique technique renforc\u00e9 Vitesse de course\u00a0: 0-120\u00a0m\u00e8tres\/minute Autonomie\u00a0: 300 \u00e0 360\u00a0minutes Couleur\u00a0: jaune, bleu, rose Dimensions\u00a0: 160 x 100 x 95\u00a0cm Capacit\u00e9 de charge\u00a0: 180\u00a0kg Utilisateurs\u00a0: Enfants de plus de 3\u00a0ans, adolescents, adultes Lieu d\u2019utilisation\u00a0: Place, centre commercial, parc, parc d\u2019attractions, maison Fonctions\u00a0: Musique, minuterie r\u00e9glable, marche avant, marche arri\u00e8re, lumi\u00e8re froide, d\u00e9marrage \u00e0 distance\"><span class=\"Y2IQFc\" lang=\"fr\">Couleur\u00a0: jaune, bleu, rose<\/span><\/pre>\n<pre id=\"tw-target-text\" class=\"tw-data-text tw-text-large tw-ta\" dir=\"ltr\" tabindex=\"-1\" role=\"text\" data-placeholder=\"Traduction\" data-ved=\"2ahUKEwjDkrXp1JyQAxXETaQEHe8kJ94Q3ewLegQICxAV\" aria-label=\"Texte traduit\u00a0: Mod\u00e8le n\u00b0\u00a0: DHA-00016 Batterie\u00a0: 12\u00a0V\/3,2\u00a0A (2\u00a0pi\u00e8ces) Puissance du moteur\u00a0: 450\u00a0W Poids net\u00a0: 70\u00a0kg Mat\u00e9riau\u00a0: plastique technique renforc\u00e9 Vitesse de course\u00a0: 0-120\u00a0m\u00e8tres\/minute Autonomie\u00a0: 300 \u00e0 360\u00a0minutes Couleur\u00a0: jaune, bleu, rose Dimensions\u00a0: 160 x 100 x 95\u00a0cm Capacit\u00e9 de charge\u00a0: 180\u00a0kg Utilisateurs\u00a0: Enfants de plus de 3\u00a0ans, adolescents, adultes Lieu d\u2019utilisation\u00a0: Place, centre commercial, parc, parc d\u2019attractions, maison Fonctions\u00a0: Musique, minuterie r\u00e9glable, marche avant, marche arri\u00e8re, lumi\u00e8re froide, d\u00e9marrage \u00e0 distance\"><span class=\"Y2IQFc\" lang=\"fr\">Dimensions : <\/span>160*100*95cm<\/pre>\n<pre id=\"tw-target-text\" class=\"tw-data-text tw-text-large tw-ta\" dir=\"ltr\" tabindex=\"-1\" role=\"text\" data-placeholder=\"Traduction\" data-ved=\"2ahUKEwjDkrXp1JyQAxXETaQEHe8kJ94Q3ewLegQICxAV\" aria-label=\"Texte traduit\u00a0: Mod\u00e8le n\u00b0\u00a0: DHA-00016 Batterie\u00a0: 12\u00a0V\/3,2\u00a0A (2\u00a0pi\u00e8ces) Puissance du moteur\u00a0: 450\u00a0W Poids net\u00a0: 70\u00a0kg Mat\u00e9riau\u00a0: plastique technique renforc\u00e9 Vitesse de course\u00a0: 0-120\u00a0m\u00e8tres\/minute Autonomie\u00a0: 300 \u00e0 360\u00a0minutes Couleur\u00a0: jaune, bleu, rose Dimensions\u00a0: 160 x 100 x 95\u00a0cm Capacit\u00e9 de charge\u00a0: 180\u00a0kg Utilisateurs\u00a0: Enfants de plus de 3\u00a0ans, adolescents, adultes Lieu d\u2019utilisation\u00a0: Place, centre commercial, parc, parc d\u2019attractions, maison Fonctions\u00a0: Musique, minuterie r\u00e9glable, marche avant, marche arri\u00e8re, lumi\u00e8re froide, d\u00e9marrage \u00e0 distance\"><span class=\"Y2IQFc\" lang=\"fr\">Capacit\u00e9 de charge :<\/span>180KGS<\/pre>\n<pre id=\"tw-target-text\" class=\"tw-data-text tw-text-large tw-ta\" dir=\"ltr\" tabindex=\"-1\" role=\"text\" data-placeholder=\"Traduction\" data-ved=\"2ahUKEwjDkrXp1JyQAxXETaQEHe8kJ94Q3ewLegQICxAV\" aria-label=\"Texte traduit\u00a0: Mod\u00e8le n\u00b0\u00a0: DHA-00016 Batterie\u00a0: 12\u00a0V\/3,2\u00a0A (2\u00a0pi\u00e8ces) Puissance du moteur\u00a0: 450\u00a0W Poids net\u00a0: 70\u00a0kg Mat\u00e9riau\u00a0: plastique technique renforc\u00e9 Vitesse de course\u00a0: 0-120\u00a0m\u00e8tres\/minute Autonomie\u00a0: 300 \u00e0 360\u00a0minutes Couleur\u00a0: jaune, bleu, rose Dimensions\u00a0: 160 x 100 x 95\u00a0cm Capacit\u00e9 de charge\u00a0: 180\u00a0kg Utilisateurs\u00a0: Enfants de plus de 3\u00a0ans, adolescents, adultes Lieu d\u2019utilisation\u00a0: Place, centre commercial, parc, parc d\u2019attractions, maison Fonctions\u00a0: Musique, minuterie r\u00e9glable, marche avant, marche arri\u00e8re, lumi\u00e8re froide, d\u00e9marrage \u00e0 distance\"><span class=\"Y2IQFc\" lang=\"fr\">Utilisateurs\u00a0: Enfants de plus de 3\u00a0ans, adolescents, adultes<\/span><\/pre>\n<pre id=\"tw-target-text\" class=\"tw-data-text tw-text-large tw-ta\" dir=\"ltr\" tabindex=\"-1\" role=\"text\" data-placeholder=\"Traduction\" data-ved=\"2ahUKEwjDkrXp1JyQAxXETaQEHe8kJ94Q3ewLegQICxAV\" aria-label=\"Texte traduit\u00a0: Mod\u00e8le n\u00b0\u00a0: DHA-00016 Batterie\u00a0: 12\u00a0V\/3,2\u00a0A (2\u00a0pi\u00e8ces) Puissance du moteur\u00a0: 450\u00a0W Poids net\u00a0: 70\u00a0kg Mat\u00e9riau\u00a0: plastique technique renforc\u00e9 Vitesse de course\u00a0: 0-120\u00a0m\u00e8tres\/minute Autonomie\u00a0: 300 \u00e0 360\u00a0minutes Couleur\u00a0: jaune, bleu, rose Dimensions\u00a0: 160 x 100 x 95\u00a0cm Capacit\u00e9 de charge\u00a0: 180\u00a0kg Utilisateurs\u00a0: Enfants de plus de 3\u00a0ans, adolescents, adultes Lieu d\u2019utilisation\u00a0: Place, centre commercial, parc, parc d\u2019attractions, maison Fonctions\u00a0: Musique, minuterie r\u00e9glable, marche avant, marche arri\u00e8re, lumi\u00e8re froide, d\u00e9marrage \u00e0 distance\"><span class=\"Y2IQFc\" lang=\"fr\">Lieu d\u2019utilisation\u00a0: Place, centre commercial, parc, \r\nparc d\u2019attractions, maison<\/span><\/pre>\n<pre id=\"tw-target-text\" class=\"tw-data-text tw-text-large tw-ta\" dir=\"ltr\" tabindex=\"-1\" role=\"text\" data-placeholder=\"Traduction\" data-ved=\"2ahUKEwjDkrXp1JyQAxXETaQEHe8kJ94Q3ewLegQICxAV\" aria-label=\"Texte traduit\u00a0: Mod\u00e8le n\u00b0\u00a0: DHA-00016 Batterie\u00a0: 12\u00a0V\/3,2\u00a0A (2\u00a0pi\u00e8ces) Puissance du moteur\u00a0: 450\u00a0W Poids net\u00a0: 70\u00a0kg Mat\u00e9riau\u00a0: plastique technique renforc\u00e9 Vitesse de course\u00a0: 0-120\u00a0m\u00e8tres\/minute Autonomie\u00a0: 300 \u00e0 360\u00a0minutes Couleur\u00a0: jaune, bleu, rose Dimensions\u00a0: 160 x 100 x 95\u00a0cm Capacit\u00e9 de charge\u00a0: 180\u00a0kg Utilisateurs\u00a0: Enfants de plus de 3\u00a0ans, adolescents, adultes Lieu d\u2019utilisation\u00a0: Place, centre commercial, parc, parc d\u2019attractions, maison Fonctions\u00a0: Musique, minuterie r\u00e9glable, marche avant, marche arri\u00e8re, lumi\u00e8re froide, d\u00e9marrage \u00e0 distance\"><span class=\"Y2IQFc\" lang=\"fr\">Fonctions\u00a0: Musique, minuterie r\u00e9glable, marche avant, marche arri\u00e8re,\r\n lumi\u00e8re froide, d\u00e9marrage \u00e0 distance<\/span><\/pre>\n","protected":false},"excerpt":{"rendered":"<p>Voiture de course \u00e0 batteries<\/p>\n","protected":false},"featured_media":1843,"template":"","meta":[],"product_brand":[],"product_cat":[294,302],"product_tag":[],"class_list":{"0":"post-2597","1":"product","2":"type-product","3":"status-publish","4":"has-post-thumbnail","6":"product_cat-manege-pour-enfants","7":"product_cat-voitures-a-batterie-pour-enfant","9":"first","10":"instock","11":"shipping-taxable","12":"product-type-simple"},"_links":{"self":[{"href":"https:\/\/www.alfadu-amusement.com\/index.php?rest_route=\/wp\/v2\/product\/2597","targetHints":{"allow":["GET"]}}],"collection":[{"href":"https:\/\/www.alfadu-amusement.com\/index.php?rest_route=\/wp\/v2\/product"}],"about":[{"href":"https:\/\/www.alfadu-amusement.com\/index.php?rest_route=\/wp\/v2\/types\/product"}],"wp:featuredmedia":[{"embeddable":true,"href":"https:\/\/www.alfadu-amusement.com\/index.php?rest_route=\/wp\/v2\/media\/1843"}],"wp:attachment":[{"href":"https:\/\/www.alfadu-amusement.com\/index.php?rest_route=%2Fwp%2Fv2%2Fmedia&parent=2597"}],"wp:term":[{"taxonomy":"product_brand","embeddable":true,"href":"https:\/\/www.alfadu-amusement.com\/index.php?rest_route=%2Fwp%2Fv2%2Fproduct_brand&post=2597"},{"taxonomy":"product_cat","embeddable":true,"href":"https:\/\/www.alfadu-amusement.com\/index.php?rest_route=%2Fwp%2Fv2%2Fproduct_cat&post=2597"},{"taxonomy":"product_tag","embeddable":true,"href":"https:\/\/www.alfadu-amusement.com\/index.php?rest_route=%2Fwp%2Fv2%2Fproduct_tag&post=2597"}],"curies":[{"name":"wp","href":"https:\/\/api.w.org\/{rel}","templated":true}]}}