{"id":2648,"date":"2025-10-12T08:30:40","date_gmt":"2025-10-12T08:30:40","guid":{"rendered":"https:\/\/www.alfadu-amusement.com\/?post_type=product&#038;p=2648"},"modified":"2025-10-12T08:30:40","modified_gmt":"2025-10-12T08:30:40","slug":"distributeur-automatique-de-pizzas-pz-200","status":"publish","type":"product","link":"https:\/\/www.alfadu-amusement.com\/?product=distributeur-automatique-de-pizzas-pz-200&lang=fr","title":{"rendered":"Distributeur automatique de pizzas PZ-200"},"content":{"rendered":"<table border=\"1\">\n<tbody>\n<tr>\n<td>\n<pre id=\"tw-target-text\" class=\"tw-data-text tw-text-large tw-ta\" dir=\"ltr\" tabindex=\"-1\" role=\"text\" data-placeholder=\"Traduction\" data-ved=\"2ahUKEwjZmI78m56QAxXuzQIHHUdPDKkQ3ewLegQICxAV\" aria-label=\"Texte traduit\u00a0: Dimensions hors tout\u00a0: 1990\u00a0mm (H) x 1720\u00a0mm (L) x 1120\u00a0mm (P)\r\nType de r\u00e9frig\u00e9ration\u00a0: r\u00e9glable de 0\u00a0\u00b0C \u00e0 -18\u00a0\u00b0C\r\nPoids total\u00a0: 142\u00a0\u00d7\u00a090\u00a0\u00d7\u00a0180\u00a0cm\r\nPuissance\u00a0: environ 488\u00a0kg\r\nCapacit\u00e9 de stockage\u00a0: pizzas de 9\/12\u00a0pouces\u00a0; capacit\u00e9\u00a0: 90\/51\u00a0pizzas.\r\nTaille de l\u2019\u00e9cran\u00a0: 32\/55\u00a0pouces (s\u00e9lectionnable)\r\nMat\u00e9riau de l\u2019\u00e9cran\u00a0: \u00e9cran LCD tactile capacitif haute d\u00e9finition\r\nPlage de temp\u00e9rature de chauffage\u00a0: 30 \u00e0 350\u00a0\u00b0C\r\nTension nominale\u00a0: 110\u00a0V\/220\u00a0V, 50\u00a0Hz\/60\u00a0Hz\r\nConsommation\u00a0: en veille\u00a0: 660\u00a0W\u00a0; en fonctionnement\u00a0: 5560\u00a0W\r\nConnexion r\u00e9seau\u00a0: 4G \/ Wi-Fi \/ Ethernet\r\nSyst\u00e8mes de paiement\u00a0: WeChat Pay, Alipay, carte, esp\u00e8ces, pi\u00e8ces (en option)\"><span class=\"Y2IQFc\" lang=\"fr\">Dimensions hors tout<\/span><\/pre>\n<\/td>\n<td>1990mm (H) x 1720mm (W) x 1120mm (D)<\/td>\n<\/tr>\n<tr>\n<td>\n<pre id=\"tw-target-text\" class=\"tw-data-text tw-text-large tw-ta\" dir=\"ltr\" tabindex=\"-1\" role=\"text\" data-placeholder=\"Traduction\" data-ved=\"2ahUKEwjZmI78m56QAxXuzQIHHUdPDKkQ3ewLegQICxAV\" aria-label=\"Texte traduit\u00a0: Dimensions hors tout\u00a0: 1990\u00a0mm (H) x 1720\u00a0mm (L) x 1120\u00a0mm (P)\r\nType de r\u00e9frig\u00e9ration\u00a0: r\u00e9glable de 0\u00a0\u00b0C \u00e0 -18\u00a0\u00b0C\r\nPoids total\u00a0: 142\u00a0\u00d7\u00a090\u00a0\u00d7\u00a0180\u00a0cm\r\nPuissance\u00a0: environ 488\u00a0kg\r\nCapacit\u00e9 de stockage\u00a0: pizzas de 9\/12\u00a0pouces\u00a0; capacit\u00e9\u00a0: 90\/51\u00a0pizzas.\r\nTaille de l\u2019\u00e9cran\u00a0: 32\/55\u00a0pouces (s\u00e9lectionnable)\r\nMat\u00e9riau de l\u2019\u00e9cran\u00a0: \u00e9cran LCD tactile capacitif haute d\u00e9finition\r\nPlage de temp\u00e9rature de chauffage\u00a0: 30 \u00e0 350\u00a0\u00b0C\r\nTension nominale\u00a0: 110\u00a0V\/220\u00a0V, 50\u00a0Hz\/60\u00a0Hz\r\nConsommation\u00a0: en veille\u00a0: 660\u00a0W\u00a0; en fonctionnement\u00a0: 5560\u00a0W\r\nConnexion r\u00e9seau\u00a0: 4G \/ Wi-Fi \/ Ethernet\r\nSyst\u00e8mes de paiement\u00a0: WeChat Pay, Alipay, carte, esp\u00e8ces, pi\u00e8ces (en option)\"><span class=\"Y2IQFc\" lang=\"fr\">Type de r\u00e9frig\u00e9ration<\/span><\/pre>\n<\/td>\n<td>\n<p id=\"tw-target-text\" class=\"tw-data-text tw-text-large tw-ta\" dir=\"ltr\" tabindex=\"-1\" role=\"text\" data-placeholder=\"Traduction\" data-ved=\"2ahUKEwjZmI78m56QAxXuzQIHHUdPDKkQ3ewLegQICxAV\" aria-label=\"Texte traduit\u00a0: Dimensions hors tout\u00a0: 1990\u00a0mm (H) x 1720\u00a0mm (L) x 1120\u00a0mm (P)\nType de r\u00e9frig\u00e9ration\u00a0: r\u00e9glable de 0\u00a0\u00b0C \u00e0 -18\u00a0\u00b0C\nPoids total\u00a0: 142\u00a0\u00d7\u00a090\u00a0\u00d7\u00a0180\u00a0cm\nPuissance\u00a0: environ 488\u00a0kg\nCapacit\u00e9 de stockage\u00a0: pizzas de 9\/12\u00a0pouces\u00a0; capacit\u00e9\u00a0: 90\/51\u00a0pizzas.\nTaille de l\u2019\u00e9cran\u00a0: 32\/55\u00a0pouces (s\u00e9lectionnable)\nMat\u00e9riau de l\u2019\u00e9cran\u00a0: \u00e9cran LCD tactile capacitif haute d\u00e9finition\nPlage de temp\u00e9rature de chauffage\u00a0: 30 \u00e0 350\u00a0\u00b0C\nTension nominale\u00a0: 110\u00a0V\/220\u00a0V, 50\u00a0Hz\/60\u00a0Hz\nConsommation\u00a0: en veille\u00a0: 660\u00a0W\u00a0; en fonctionnement\u00a0: 5560\u00a0W\nConnexion r\u00e9seau\u00a0: 4G \/ Wi-Fi \/ Ethernet\nSyst\u00e8mes de paiement\u00a0: WeChat Pay, Alipay, carte, esp\u00e8ces, pi\u00e8ces (en option)\"><span class=\"Y2IQFc\" lang=\"fr\">r\u00e9glable de 0\u00a0\u00b0C \u00e0 -18\u00a0\u00b0C<\/span><\/p>\n<\/td>\n<\/tr>\n<tr>\n<td>\n<pre id=\"tw-target-text\" class=\"tw-data-text tw-text-large tw-ta\" dir=\"ltr\" tabindex=\"-1\" role=\"text\" data-placeholder=\"Traduction\" data-ved=\"2ahUKEwjZmI78m56QAxXuzQIHHUdPDKkQ3ewLegQICxAV\" aria-label=\"Texte traduit\u00a0: Dimensions hors tout\u00a0: 1990\u00a0mm (H) x 1720\u00a0mm (L) x 1120\u00a0mm (P)\r\nType de r\u00e9frig\u00e9ration\u00a0: r\u00e9glable de 0\u00a0\u00b0C \u00e0 -18\u00a0\u00b0C\r\nPoids total\u00a0: 142\u00a0\u00d7\u00a090\u00a0\u00d7\u00a0180\u00a0cm\r\nPuissance\u00a0: environ 488\u00a0kg\r\nCapacit\u00e9 de stockage\u00a0: pizzas de 9\/12\u00a0pouces\u00a0; capacit\u00e9\u00a0: 90\/51\u00a0pizzas.\r\nTaille de l\u2019\u00e9cran\u00a0: 32\/55\u00a0pouces (s\u00e9lectionnable)\r\nMat\u00e9riau de l\u2019\u00e9cran\u00a0: \u00e9cran LCD tactile capacitif haute d\u00e9finition\r\nPlage de temp\u00e9rature de chauffage\u00a0: 30 \u00e0 350\u00a0\u00b0C\r\nTension nominale\u00a0: 110\u00a0V\/220\u00a0V, 50\u00a0Hz\/60\u00a0Hz\r\nConsommation\u00a0: en veille\u00a0: 660\u00a0W\u00a0; en fonctionnement\u00a0: 5560\u00a0W\r\nConnexion r\u00e9seau\u00a0: 4G \/ Wi-Fi \/ Ethernet\r\nSyst\u00e8mes de paiement\u00a0: WeChat Pay, Alipay, carte, esp\u00e8ces, pi\u00e8ces (en option)\"><span class=\"Y2IQFc\" lang=\"fr\">Poids total<\/span><\/pre>\n<\/td>\n<td>142 \u00d7 90 \u00d7 180 cm<\/td>\n<\/tr>\n<tr>\n<td>\n<pre id=\"tw-target-text\" class=\"tw-data-text tw-text-large tw-ta\" dir=\"ltr\" tabindex=\"-1\" role=\"text\" data-placeholder=\"Traduction\" data-ved=\"2ahUKEwjZmI78m56QAxXuzQIHHUdPDKkQ3ewLegQICxAV\" aria-label=\"Texte traduit\u00a0: Dimensions hors tout\u00a0: 1990\u00a0mm (H) x 1720\u00a0mm (L) x 1120\u00a0mm (P)\r\nType de r\u00e9frig\u00e9ration\u00a0: r\u00e9glable de 0\u00a0\u00b0C \u00e0 -18\u00a0\u00b0C\r\nPoids total\u00a0: 142\u00a0\u00d7\u00a090\u00a0\u00d7\u00a0180\u00a0cm\r\nPuissance\u00a0: environ 488\u00a0kg\r\nCapacit\u00e9 de stockage\u00a0: pizzas de 9\/12\u00a0pouces\u00a0; capacit\u00e9\u00a0: 90\/51\u00a0pizzas.\r\nTaille de l\u2019\u00e9cran\u00a0: 32\/55\u00a0pouces (s\u00e9lectionnable)\r\nMat\u00e9riau de l\u2019\u00e9cran\u00a0: \u00e9cran LCD tactile capacitif haute d\u00e9finition\r\nPlage de temp\u00e9rature de chauffage\u00a0: 30 \u00e0 350\u00a0\u00b0C\r\nTension nominale\u00a0: 110\u00a0V\/220\u00a0V, 50\u00a0Hz\/60\u00a0Hz\r\nConsommation\u00a0: en veille\u00a0: 660\u00a0W\u00a0; en fonctionnement\u00a0: 5560\u00a0W\r\nConnexion r\u00e9seau\u00a0: 4G \/ Wi-Fi \/ Ethernet\r\nSyst\u00e8mes de paiement\u00a0: WeChat Pay, Alipay, carte, esp\u00e8ces, pi\u00e8ces (en option)\"><span class=\"Y2IQFc\" lang=\"fr\">Puissance\u00a0<\/span><\/pre>\n<\/td>\n<td>\n<p id=\"tw-target-text\" class=\"tw-data-text tw-text-large tw-ta\" dir=\"ltr\" tabindex=\"-1\" role=\"text\" data-placeholder=\"Traduction\" data-ved=\"2ahUKEwjZmI78m56QAxXuzQIHHUdPDKkQ3ewLegQICxAV\" aria-label=\"Texte traduit\u00a0: Dimensions hors tout\u00a0: 1990\u00a0mm (H) x 1720\u00a0mm (L) x 1120\u00a0mm (P)\nType de r\u00e9frig\u00e9ration\u00a0: r\u00e9glable de 0\u00a0\u00b0C \u00e0 -18\u00a0\u00b0C\nPoids total\u00a0: 142\u00a0\u00d7\u00a090\u00a0\u00d7\u00a0180\u00a0cm\nPuissance\u00a0: environ 488\u00a0kg\nCapacit\u00e9 de stockage\u00a0: pizzas de 9\/12\u00a0pouces\u00a0; capacit\u00e9\u00a0: 90\/51\u00a0pizzas.\nTaille de l\u2019\u00e9cran\u00a0: 32\/55\u00a0pouces (s\u00e9lectionnable)\nMat\u00e9riau de l\u2019\u00e9cran\u00a0: \u00e9cran LCD tactile capacitif haute d\u00e9finition\nPlage de temp\u00e9rature de chauffage\u00a0: 30 \u00e0 350\u00a0\u00b0C\nTension nominale\u00a0: 110\u00a0V\/220\u00a0V, 50\u00a0Hz\/60\u00a0Hz\nConsommation\u00a0: en veille\u00a0: 660\u00a0W\u00a0; en fonctionnement\u00a0: 5560\u00a0W\nConnexion r\u00e9seau\u00a0: 4G \/ Wi-Fi \/ Ethernet\nSyst\u00e8mes de paiement\u00a0: WeChat Pay, Alipay, carte, esp\u00e8ces, pi\u00e8ces (en option)\"><span class=\"Y2IQFc\" lang=\"fr\">environ <\/span>488 kg<\/p>\n<\/td>\n<\/tr>\n<tr>\n<td>\n<pre id=\"tw-target-text\" class=\"tw-data-text tw-text-large tw-ta\" dir=\"ltr\" tabindex=\"-1\" role=\"text\" data-placeholder=\"Traduction\" data-ved=\"2ahUKEwjZmI78m56QAxXuzQIHHUdPDKkQ3ewLegQICxAV\" aria-label=\"Texte traduit\u00a0: Dimensions hors tout\u00a0: 1990\u00a0mm (H) x 1720\u00a0mm (L) x 1120\u00a0mm (P)\r\nType de r\u00e9frig\u00e9ration\u00a0: r\u00e9glable de 0\u00a0\u00b0C \u00e0 -18\u00a0\u00b0C\r\nPoids total\u00a0: 142\u00a0\u00d7\u00a090\u00a0\u00d7\u00a0180\u00a0cm\r\nPuissance\u00a0: environ 488\u00a0kg\r\nCapacit\u00e9 de stockage\u00a0: pizzas de 9\/12\u00a0pouces\u00a0; capacit\u00e9\u00a0: 90\/51\u00a0pizzas.\r\nTaille de l\u2019\u00e9cran\u00a0: 32\/55\u00a0pouces (s\u00e9lectionnable)\r\nMat\u00e9riau de l\u2019\u00e9cran\u00a0: \u00e9cran LCD tactile capacitif haute d\u00e9finition\r\nPlage de temp\u00e9rature de chauffage\u00a0: 30 \u00e0 350\u00a0\u00b0C\r\nTension nominale\u00a0: 110\u00a0V\/220\u00a0V, 50\u00a0Hz\/60\u00a0Hz\r\nConsommation\u00a0: en veille\u00a0: 660\u00a0W\u00a0; en fonctionnement\u00a0: 5560\u00a0W\r\nConnexion r\u00e9seau\u00a0: 4G \/ Wi-Fi \/ Ethernet\r\nSyst\u00e8mes de paiement\u00a0: WeChat Pay, Alipay, carte, esp\u00e8ces, pi\u00e8ces (en option)\"><span class=\"Y2IQFc\" lang=\"fr\">Capacit\u00e9 de stockage : <\/span><\/pre>\n<\/td>\n<td>\n<p id=\"tw-target-text\" class=\"tw-data-text tw-text-large tw-ta\" dir=\"ltr\" tabindex=\"-1\" role=\"text\" data-placeholder=\"Traduction\" data-ved=\"2ahUKEwjZmI78m56QAxXuzQIHHUdPDKkQ3ewLegQICxAV\" aria-label=\"Texte traduit\u00a0: Dimensions hors tout\u00a0: 1990\u00a0mm (H) x 1720\u00a0mm (L) x 1120\u00a0mm (P)\nType de r\u00e9frig\u00e9ration\u00a0: r\u00e9glable de 0\u00a0\u00b0C \u00e0 -18\u00a0\u00b0C\nPoids total\u00a0: 142\u00a0\u00d7\u00a090\u00a0\u00d7\u00a0180\u00a0cm\nPuissance\u00a0: environ 488\u00a0kg\nCapacit\u00e9 de stockage\u00a0: pizzas de 9\/12\u00a0pouces\u00a0; capacit\u00e9\u00a0: 90\/51\u00a0pizzas.\nTaille de l\u2019\u00e9cran\u00a0: 32\/55\u00a0pouces (s\u00e9lectionnable)\nMat\u00e9riau de l\u2019\u00e9cran\u00a0: \u00e9cran LCD tactile capacitif haute d\u00e9finition\nPlage de temp\u00e9rature de chauffage\u00a0: 30 \u00e0 350\u00a0\u00b0C\nTension nominale\u00a0: 110\u00a0V\/220\u00a0V, 50\u00a0Hz\/60\u00a0Hz\nConsommation\u00a0: en veille\u00a0: 660\u00a0W\u00a0; en fonctionnement\u00a0: 5560\u00a0W\nConnexion r\u00e9seau\u00a0: 4G \/ Wi-Fi \/ Ethernet\nSyst\u00e8mes de paiement\u00a0: WeChat Pay, Alipay, carte, esp\u00e8ces, pi\u00e8ces (en option)\"><span class=\"Y2IQFc\" lang=\"fr\">pizzas de 9\/12 pouces<\/span>; Capacit\u00e9: 90\/51 pizzas.<\/p>\n<\/td>\n<\/tr>\n<tr>\n<td>\n<pre id=\"tw-target-text\" class=\"tw-data-text tw-text-large tw-ta\" dir=\"ltr\" tabindex=\"-1\" role=\"text\" data-placeholder=\"Traduction\" data-ved=\"2ahUKEwjZmI78m56QAxXuzQIHHUdPDKkQ3ewLegQICxAV\" aria-label=\"Texte traduit\u00a0: Dimensions hors tout\u00a0: 1990\u00a0mm (H) x 1720\u00a0mm (L) x 1120\u00a0mm (P)\r\nType de r\u00e9frig\u00e9ration\u00a0: r\u00e9glable de 0\u00a0\u00b0C \u00e0 -18\u00a0\u00b0C\r\nPoids total\u00a0: 142\u00a0\u00d7\u00a090\u00a0\u00d7\u00a0180\u00a0cm\r\nPuissance\u00a0: environ 488\u00a0kg\r\nCapacit\u00e9 de stockage\u00a0: pizzas de 9\/12\u00a0pouces\u00a0; capacit\u00e9\u00a0: 90\/51\u00a0pizzas.\r\nTaille de l\u2019\u00e9cran\u00a0: 32\/55\u00a0pouces (s\u00e9lectionnable)\r\nMat\u00e9riau de l\u2019\u00e9cran\u00a0: \u00e9cran LCD tactile capacitif haute d\u00e9finition\r\nPlage de temp\u00e9rature de chauffage\u00a0: 30 \u00e0 350\u00a0\u00b0C\r\nTension nominale\u00a0: 110\u00a0V\/220\u00a0V, 50\u00a0Hz\/60\u00a0Hz\r\nConsommation\u00a0: en veille\u00a0: 660\u00a0W\u00a0; en fonctionnement\u00a0: 5560\u00a0W\r\nConnexion r\u00e9seau\u00a0: 4G \/ Wi-Fi \/ Ethernet\r\nSyst\u00e8mes de paiement\u00a0: WeChat Pay, Alipay, carte, esp\u00e8ces, pi\u00e8ces (en option)\"><span class=\"Y2IQFc\" lang=\"fr\">Taille de l\u2019\u00e9cran<\/span><\/pre>\n<\/td>\n<td>\n<p id=\"tw-target-text\" class=\"tw-data-text tw-text-large tw-ta\" dir=\"ltr\" tabindex=\"-1\" role=\"text\" data-placeholder=\"Traduction\" data-ved=\"2ahUKEwjZmI78m56QAxXuzQIHHUdPDKkQ3ewLegQICxAV\" aria-label=\"Texte traduit\u00a0: Dimensions hors tout\u00a0: 1990\u00a0mm (H) x 1720\u00a0mm (L) x 1120\u00a0mm (P)\nType de r\u00e9frig\u00e9ration\u00a0: r\u00e9glable de 0\u00a0\u00b0C \u00e0 -18\u00a0\u00b0C\nPoids total\u00a0: 142\u00a0\u00d7\u00a090\u00a0\u00d7\u00a0180\u00a0cm\nPuissance\u00a0: environ 488\u00a0kg\nCapacit\u00e9 de stockage\u00a0: pizzas de 9\/12\u00a0pouces\u00a0; capacit\u00e9\u00a0: 90\/51\u00a0pizzas.\nTaille de l\u2019\u00e9cran\u00a0: 32\/55\u00a0pouces (s\u00e9lectionnable)\nMat\u00e9riau de l\u2019\u00e9cran\u00a0: \u00e9cran LCD tactile capacitif haute d\u00e9finition\nPlage de temp\u00e9rature de chauffage\u00a0: 30 \u00e0 350\u00a0\u00b0C\nTension nominale\u00a0: 110\u00a0V\/220\u00a0V, 50\u00a0Hz\/60\u00a0Hz\nConsommation\u00a0: en veille\u00a0: 660\u00a0W\u00a0; en fonctionnement\u00a0: 5560\u00a0W\nConnexion r\u00e9seau\u00a0: 4G \/ Wi-Fi \/ Ethernet\nSyst\u00e8mes de paiement\u00a0: WeChat Pay, Alipay, carte, esp\u00e8ces, pi\u00e8ces (en option)\"><span class=\"Y2IQFc\" lang=\"fr\">32\/55\u00a0pouces (s\u00e9lectionnable)<\/span><\/p>\n<\/td>\n<\/tr>\n<tr>\n<td>\n<pre id=\"tw-target-text\" class=\"tw-data-text tw-text-large tw-ta\" dir=\"ltr\" tabindex=\"-1\" role=\"text\" data-placeholder=\"Traduction\" data-ved=\"2ahUKEwjZmI78m56QAxXuzQIHHUdPDKkQ3ewLegQICxAV\" aria-label=\"Texte traduit\u00a0: Dimensions hors tout\u00a0: 1990\u00a0mm (H) x 1720\u00a0mm (L) x 1120\u00a0mm (P)\r\nType de r\u00e9frig\u00e9ration\u00a0: r\u00e9glable de 0\u00a0\u00b0C \u00e0 -18\u00a0\u00b0C\r\nPoids total\u00a0: 142\u00a0\u00d7\u00a090\u00a0\u00d7\u00a0180\u00a0cm\r\nPuissance\u00a0: environ 488\u00a0kg\r\nCapacit\u00e9 de stockage\u00a0: pizzas de 9\/12\u00a0pouces\u00a0; capacit\u00e9\u00a0: 90\/51\u00a0pizzas.\r\nTaille de l\u2019\u00e9cran\u00a0: 32\/55\u00a0pouces (s\u00e9lectionnable)\r\nMat\u00e9riau de l\u2019\u00e9cran\u00a0: \u00e9cran LCD tactile capacitif haute d\u00e9finition\r\nPlage de temp\u00e9rature de chauffage\u00a0: 30 \u00e0 350\u00a0\u00b0C\r\nTension nominale\u00a0: 110\u00a0V\/220\u00a0V, 50\u00a0Hz\/60\u00a0Hz\r\nConsommation\u00a0: en veille\u00a0: 660\u00a0W\u00a0; en fonctionnement\u00a0: 5560\u00a0W\r\nConnexion r\u00e9seau\u00a0: 4G \/ Wi-Fi \/ Ethernet\r\nSyst\u00e8mes de paiement\u00a0: WeChat Pay, Alipay, carte, esp\u00e8ces, pi\u00e8ces (en option)\"><span class=\"Y2IQFc\" lang=\"fr\">Mat\u00e9riau de l\u2019\u00e9cran<\/span><\/pre>\n<\/td>\n<td>\n<p id=\"tw-target-text\" class=\"tw-data-text tw-text-large tw-ta\" dir=\"ltr\" tabindex=\"-1\" role=\"text\" data-placeholder=\"Traduction\" data-ved=\"2ahUKEwjZmI78m56QAxXuzQIHHUdPDKkQ3ewLegQICxAV\" aria-label=\"Texte traduit\u00a0: Dimensions hors tout\u00a0: 1990\u00a0mm (H) x 1720\u00a0mm (L) x 1120\u00a0mm (P)\nType de r\u00e9frig\u00e9ration\u00a0: r\u00e9glable de 0\u00a0\u00b0C \u00e0 -18\u00a0\u00b0C\nPoids total\u00a0: 142\u00a0\u00d7\u00a090\u00a0\u00d7\u00a0180\u00a0cm\nPuissance\u00a0: environ 488\u00a0kg\nCapacit\u00e9 de stockage\u00a0: pizzas de 9\/12\u00a0pouces\u00a0; capacit\u00e9\u00a0: 90\/51\u00a0pizzas.\nTaille de l\u2019\u00e9cran\u00a0: 32\/55\u00a0pouces (s\u00e9lectionnable)\nMat\u00e9riau de l\u2019\u00e9cran\u00a0: \u00e9cran LCD tactile capacitif haute d\u00e9finition\nPlage de temp\u00e9rature de chauffage\u00a0: 30 \u00e0 350\u00a0\u00b0C\nTension nominale\u00a0: 110\u00a0V\/220\u00a0V, 50\u00a0Hz\/60\u00a0Hz\nConsommation\u00a0: en veille\u00a0: 660\u00a0W\u00a0; en fonctionnement\u00a0: 5560\u00a0W\nConnexion r\u00e9seau\u00a0: 4G \/ Wi-Fi \/ Ethernet\nSyst\u00e8mes de paiement\u00a0: WeChat Pay, Alipay, carte, esp\u00e8ces, pi\u00e8ces (en option)\"><span class=\"Y2IQFc\" lang=\"fr\">\u00e9cran LCD tactile capacitif haute d\u00e9finition<\/span><\/p>\n<\/td>\n<\/tr>\n<tr>\n<td>\n<pre id=\"tw-target-text\" class=\"tw-data-text tw-text-large tw-ta\" dir=\"ltr\" tabindex=\"-1\" role=\"text\" data-placeholder=\"Traduction\" data-ved=\"2ahUKEwjZmI78m56QAxXuzQIHHUdPDKkQ3ewLegQICxAV\" aria-label=\"Texte traduit\u00a0: Dimensions hors tout\u00a0: 1990\u00a0mm (H) x 1720\u00a0mm (L) x 1120\u00a0mm (P)\r\nType de r\u00e9frig\u00e9ration\u00a0: r\u00e9glable de 0\u00a0\u00b0C \u00e0 -18\u00a0\u00b0C\r\nPoids total\u00a0: 142\u00a0\u00d7\u00a090\u00a0\u00d7\u00a0180\u00a0cm\r\nPuissance\u00a0: environ 488\u00a0kg\r\nCapacit\u00e9 de stockage\u00a0: pizzas de 9\/12\u00a0pouces\u00a0; capacit\u00e9\u00a0: 90\/51\u00a0pizzas.\r\nTaille de l\u2019\u00e9cran\u00a0: 32\/55\u00a0pouces (s\u00e9lectionnable)\r\nMat\u00e9riau de l\u2019\u00e9cran\u00a0: \u00e9cran LCD tactile capacitif haute d\u00e9finition\r\nPlage de temp\u00e9rature de chauffage\u00a0: 30 \u00e0 350\u00a0\u00b0C\r\nTension nominale\u00a0: 110\u00a0V\/220\u00a0V, 50\u00a0Hz\/60\u00a0Hz\r\nConsommation\u00a0: en veille\u00a0: 660\u00a0W\u00a0; en fonctionnement\u00a0: 5560\u00a0W\r\nConnexion r\u00e9seau\u00a0: 4G \/ Wi-Fi \/ Ethernet\r\nSyst\u00e8mes de paiement\u00a0: WeChat Pay, Alipay, carte, esp\u00e8ces, pi\u00e8ces (en option)\"><span class=\"Y2IQFc\" lang=\"fr\">Plage de temp\u00e9rature de chauffage\u00a0<\/span><\/pre>\n<\/td>\n<td>30~350\u00b0C<\/td>\n<\/tr>\n<tr>\n<td>\n<pre id=\"tw-target-text\" class=\"tw-data-text tw-text-large tw-ta\" dir=\"ltr\" tabindex=\"-1\" role=\"text\" data-placeholder=\"Traduction\" data-ved=\"2ahUKEwjZmI78m56QAxXuzQIHHUdPDKkQ3ewLegQICxAV\" aria-label=\"Texte traduit\u00a0: Dimensions hors tout\u00a0: 1990\u00a0mm (H) x 1720\u00a0mm (L) x 1120\u00a0mm (P)\r\nType de r\u00e9frig\u00e9ration\u00a0: r\u00e9glable de 0\u00a0\u00b0C \u00e0 -18\u00a0\u00b0C\r\nPoids total\u00a0: 142\u00a0\u00d7\u00a090\u00a0\u00d7\u00a0180\u00a0cm\r\nPuissance\u00a0: environ 488\u00a0kg\r\nCapacit\u00e9 de stockage\u00a0: pizzas de 9\/12\u00a0pouces\u00a0; capacit\u00e9\u00a0: 90\/51\u00a0pizzas.\r\nTaille de l\u2019\u00e9cran\u00a0: 32\/55\u00a0pouces (s\u00e9lectionnable)\r\nMat\u00e9riau de l\u2019\u00e9cran\u00a0: \u00e9cran LCD tactile capacitif haute d\u00e9finition\r\nPlage de temp\u00e9rature de chauffage\u00a0: 30 \u00e0 350\u00a0\u00b0C\r\nTension nominale\u00a0: 110\u00a0V\/220\u00a0V, 50\u00a0Hz\/60\u00a0Hz\r\nConsommation\u00a0: en veille\u00a0: 660\u00a0W\u00a0; en fonctionnement\u00a0: 5560\u00a0W\r\nConnexion r\u00e9seau\u00a0: 4G \/ Wi-Fi \/ Ethernet\r\nSyst\u00e8mes de paiement\u00a0: WeChat Pay, Alipay, carte, esp\u00e8ces, pi\u00e8ces (en option)\"><span class=\"Y2IQFc\" lang=\"fr\">Tension nominale<\/span><\/pre>\n<\/td>\n<td>110V\/220V, 50Hz\/60Hz<\/td>\n<\/tr>\n<tr>\n<td>\n<pre id=\"tw-target-text\" class=\"tw-data-text tw-text-large tw-ta\" dir=\"ltr\" tabindex=\"-1\" role=\"text\" data-placeholder=\"Traduction\" data-ved=\"2ahUKEwjZmI78m56QAxXuzQIHHUdPDKkQ3ewLegQICxAV\" aria-label=\"Texte traduit\u00a0: Dimensions hors tout\u00a0: 1990\u00a0mm (H) x 1720\u00a0mm (L) x 1120\u00a0mm (P)\r\nType de r\u00e9frig\u00e9ration\u00a0: r\u00e9glable de 0\u00a0\u00b0C \u00e0 -18\u00a0\u00b0C\r\nPoids total\u00a0: 142\u00a0\u00d7\u00a090\u00a0\u00d7\u00a0180\u00a0cm\r\nPuissance\u00a0: environ 488\u00a0kg\r\nCapacit\u00e9 de stockage\u00a0: pizzas de 9\/12\u00a0pouces\u00a0; capacit\u00e9\u00a0: 90\/51\u00a0pizzas.\r\nTaille de l\u2019\u00e9cran\u00a0: 32\/55\u00a0pouces (s\u00e9lectionnable)\r\nMat\u00e9riau de l\u2019\u00e9cran\u00a0: \u00e9cran LCD tactile capacitif haute d\u00e9finition\r\nPlage de temp\u00e9rature de chauffage\u00a0: 30 \u00e0 350\u00a0\u00b0C\r\nTension nominale\u00a0: 110\u00a0V\/220\u00a0V, 50\u00a0Hz\/60\u00a0Hz\r\nConsommation\u00a0: en veille\u00a0: 660\u00a0W\u00a0; en fonctionnement\u00a0: 5560\u00a0W\r\nConnexion r\u00e9seau\u00a0: 4G \/ Wi-Fi \/ Ethernet\r\nSyst\u00e8mes de paiement\u00a0: WeChat Pay, Alipay, carte, esp\u00e8ces, pi\u00e8ces (en option)\"><span class=\"Y2IQFc\" lang=\"fr\">Consommation\u00a0<\/span><\/pre>\n<\/td>\n<td>\n<p id=\"tw-target-text\" class=\"tw-data-text tw-text-large tw-ta\" dir=\"ltr\" tabindex=\"-1\" role=\"text\" data-placeholder=\"Traduction\" data-ved=\"2ahUKEwjZmI78m56QAxXuzQIHHUdPDKkQ3ewLegQICxAV\" aria-label=\"Texte traduit\u00a0: Dimensions hors tout\u00a0: 1990\u00a0mm (H) x 1720\u00a0mm (L) x 1120\u00a0mm (P)\nType de r\u00e9frig\u00e9ration\u00a0: r\u00e9glable de 0\u00a0\u00b0C \u00e0 -18\u00a0\u00b0C\nPoids total\u00a0: 142\u00a0\u00d7\u00a090\u00a0\u00d7\u00a0180\u00a0cm\nPuissance\u00a0: environ 488\u00a0kg\nCapacit\u00e9 de stockage\u00a0: pizzas de 9\/12\u00a0pouces\u00a0; capacit\u00e9\u00a0: 90\/51\u00a0pizzas.\nTaille de l\u2019\u00e9cran\u00a0: 32\/55\u00a0pouces (s\u00e9lectionnable)\nMat\u00e9riau de l\u2019\u00e9cran\u00a0: \u00e9cran LCD tactile capacitif haute d\u00e9finition\nPlage de temp\u00e9rature de chauffage\u00a0: 30 \u00e0 350\u00a0\u00b0C\nTension nominale\u00a0: 110\u00a0V\/220\u00a0V, 50\u00a0Hz\/60\u00a0Hz\nConsommation\u00a0: en veille\u00a0: 660\u00a0W\u00a0; en fonctionnement\u00a0: 5560\u00a0W\nConnexion r\u00e9seau\u00a0: 4G \/ Wi-Fi \/ Ethernet\nSyst\u00e8mes de paiement\u00a0: WeChat Pay, Alipay, carte, esp\u00e8ces, pi\u00e8ces (en option)\"><span class=\"Y2IQFc\" lang=\"fr\">en veille\u00a0: 660\u00a0W\u00a0; en fonctionnement\u00a0: 5560\u00a0W<\/span><\/p>\n<\/td>\n<\/tr>\n<tr>\n<td>\n<pre id=\"tw-target-text\" class=\"tw-data-text tw-text-large tw-ta\" dir=\"ltr\" tabindex=\"-1\" role=\"text\" data-placeholder=\"Traduction\" data-ved=\"2ahUKEwjZmI78m56QAxXuzQIHHUdPDKkQ3ewLegQICxAV\" aria-label=\"Texte traduit\u00a0: Dimensions hors tout\u00a0: 1990\u00a0mm (H) x 1720\u00a0mm (L) x 1120\u00a0mm (P)\r\nType de r\u00e9frig\u00e9ration\u00a0: r\u00e9glable de 0\u00a0\u00b0C \u00e0 -18\u00a0\u00b0C\r\nPoids total\u00a0: 142\u00a0\u00d7\u00a090\u00a0\u00d7\u00a0180\u00a0cm\r\nPuissance\u00a0: environ 488\u00a0kg\r\nCapacit\u00e9 de stockage\u00a0: pizzas de 9\/12\u00a0pouces\u00a0; capacit\u00e9\u00a0: 90\/51\u00a0pizzas.\r\nTaille de l\u2019\u00e9cran\u00a0: 32\/55\u00a0pouces (s\u00e9lectionnable)\r\nMat\u00e9riau de l\u2019\u00e9cran\u00a0: \u00e9cran LCD tactile capacitif haute d\u00e9finition\r\nPlage de temp\u00e9rature de chauffage\u00a0: 30 \u00e0 350\u00a0\u00b0C\r\nTension nominale\u00a0: 110\u00a0V\/220\u00a0V, 50\u00a0Hz\/60\u00a0Hz\r\nConsommation\u00a0: en veille\u00a0: 660\u00a0W\u00a0; en fonctionnement\u00a0: 5560\u00a0W\r\nConnexion r\u00e9seau\u00a0: 4G \/ Wi-Fi \/ Ethernet\r\nSyst\u00e8mes de paiement\u00a0: WeChat Pay, Alipay, carte, esp\u00e8ces, pi\u00e8ces (en option)\"><span class=\"Y2IQFc\" lang=\"fr\">Connexion r\u00e9seau<\/span><\/pre>\n<\/td>\n<td>4G \/ Wi-Fi \/ Ethernet<\/td>\n<\/tr>\n<tr>\n<td>\n<pre id=\"tw-target-text\" class=\"tw-data-text tw-text-large tw-ta\" dir=\"ltr\" tabindex=\"-1\" role=\"text\" data-placeholder=\"Traduction\" data-ved=\"2ahUKEwjZmI78m56QAxXuzQIHHUdPDKkQ3ewLegQICxAV\" aria-label=\"Texte traduit\u00a0: Dimensions hors tout\u00a0: 1990\u00a0mm (H) x 1720\u00a0mm (L) x 1120\u00a0mm (P)\r\nType de r\u00e9frig\u00e9ration\u00a0: r\u00e9glable de 0\u00a0\u00b0C \u00e0 -18\u00a0\u00b0C\r\nPoids total\u00a0: 142\u00a0\u00d7\u00a090\u00a0\u00d7\u00a0180\u00a0cm\r\nPuissance\u00a0: environ 488\u00a0kg\r\nCapacit\u00e9 de stockage\u00a0: pizzas de 9\/12\u00a0pouces\u00a0; capacit\u00e9\u00a0: 90\/51\u00a0pizzas.\r\nTaille de l\u2019\u00e9cran\u00a0: 32\/55\u00a0pouces (s\u00e9lectionnable)\r\nMat\u00e9riau de l\u2019\u00e9cran\u00a0: \u00e9cran LCD tactile capacitif haute d\u00e9finition\r\nPlage de temp\u00e9rature de chauffage\u00a0: 30 \u00e0 350\u00a0\u00b0C\r\nTension nominale\u00a0: 110\u00a0V\/220\u00a0V, 50\u00a0Hz\/60\u00a0Hz\r\nConsommation\u00a0: en veille\u00a0: 660\u00a0W\u00a0; en fonctionnement\u00a0: 5560\u00a0W\r\nConnexion r\u00e9seau\u00a0: 4G \/ Wi-Fi \/ Ethernet\r\nSyst\u00e8mes de paiement\u00a0: WeChat Pay, Alipay, carte, esp\u00e8ces, pi\u00e8ces (en option)\"><span class=\"Y2IQFc\" lang=\"fr\">Paiement <\/span><\/pre>\n<\/td>\n<td>WeChat Pay, Alipay, Card, Cash, Coin (optional)<\/td>\n<\/tr>\n<\/tbody>\n<\/table>\n","protected":false},"excerpt":{"rendered":"<p>D\u00e9couvrez le PZ-200, un distributeur automatique de pizzas avanc\u00e9. Ce distributeur innovant livre des pizzas chaudes et fra\u00eeches 24h\/24 et 7j\/7, offrant une solution intelligente et pratique pour les \u00e9tablissements \u00e0 forte fr\u00e9quentation. Am\u00e9liorez votre service avec des pizzas instantan\u00e9es et d\u00e9licieuses\u00a0!<\/p>\n","protected":false},"featured_media":1735,"template":"","meta":[],"product_brand":[],"product_cat":[361,363],"product_tag":[],"class_list":{"0":"post-2648","1":"product","2":"type-product","3":"status-publish","4":"has-post-thumbnail","6":"product_cat-machine-a-pop-et-distributeur-automatique","7":"product_cat-popcorn-et-barbe-a-papa","9":"first","10":"instock","11":"shipping-taxable","12":"product-type-simple"},"_links":{"self":[{"href":"https:\/\/www.alfadu-amusement.com\/index.php?rest_route=\/wp\/v2\/product\/2648","targetHints":{"allow":["GET"]}}],"collection":[{"href":"https:\/\/www.alfadu-amusement.com\/index.php?rest_route=\/wp\/v2\/product"}],"about":[{"href":"https:\/\/www.alfadu-amusement.com\/index.php?rest_route=\/wp\/v2\/types\/product"}],"wp:featuredmedia":[{"embeddable":true,"href":"https:\/\/www.alfadu-amusement.com\/index.php?rest_route=\/wp\/v2\/media\/1735"}],"wp:attachment":[{"href":"https:\/\/www.alfadu-amusement.com\/index.php?rest_route=%2Fwp%2Fv2%2Fmedia&parent=2648"}],"wp:term":[{"taxonomy":"product_brand","embeddable":true,"href":"https:\/\/www.alfadu-amusement.com\/index.php?rest_route=%2Fwp%2Fv2%2Fproduct_brand&post=2648"},{"taxonomy":"product_cat","embeddable":true,"href":"https:\/\/www.alfadu-amusement.com\/index.php?rest_route=%2Fwp%2Fv2%2Fproduct_cat&post=2648"},{"taxonomy":"product_tag","embeddable":true,"href":"https:\/\/www.alfadu-amusement.com\/index.php?rest_route=%2Fwp%2Fv2%2Fproduct_tag&post=2648"}],"curies":[{"name":"wp","href":"https:\/\/api.w.org\/{rel}","templated":true}]}}