{"id":2683,"date":"2025-10-12T10:40:20","date_gmt":"2025-10-12T10:40:20","guid":{"rendered":"https:\/\/www.alfadu-amusement.com\/?post_type=product&#038;p=2683"},"modified":"2025-10-12T10:40:20","modified_gmt":"2025-10-12T10:40:20","slug":"distributeur-automatique-de-barbe-a-papa-le-322","status":"publish","type":"product","link":"https:\/\/www.alfadu-amusement.com\/?product=distributeur-automatique-de-barbe-a-papa-le-322&lang=fr","title":{"rendered":"Distributeur automatique de barbe \u00e0 papa LE-322"},"content":{"rendered":"<pre id=\"tw-target-text\" class=\"tw-data-text tw-text-large tw-ta\" dir=\"ltr\" tabindex=\"-1\" role=\"text\" data-placeholder=\"Traduction\" data-ved=\"2ahUKEwjZmI78m56QAxXuzQIHHUdPDKkQ3ewLegQICxAV\" aria-label=\"Texte traduit\u00a0: Mat\u00e9riau du ch\u00e2ssis : Quincaillerie\r\nDimensions : 132 \u00d7 80 \u00d7 213 cm\r\nDimensions emball\u00e9es : 142 \u00d7 90 \u00d7 180 cm\r\nPuissance : 800\u20132500 W\r\nPoids net : 300 kg\r\nTension : 220 V CA, 50 Hz\r\nMotifs : Plus de 100 types de fleurs (mise \u00e0 jour constante)\r\nModes de paiement : Cartes de cr\u00e9dit \/ Billets \/ Pi\u00e8ces (versions mises \u00e0 jour et s\u00e9lectionn\u00e9es)\"><\/pre>\n<table border=\"1\">\n<tbody>\n<tr>\n<td>\n<pre id=\"tw-target-text\" class=\"tw-data-text tw-text-large tw-ta\" dir=\"ltr\" tabindex=\"-1\" role=\"text\" data-placeholder=\"Traduction\" data-ved=\"2ahUKEwjZmI78m56QAxXuzQIHHUdPDKkQ3ewLegQICxAV\" aria-label=\"Texte traduit\u00a0: Mat\u00e9riau du ch\u00e2ssis : Quincaillerie\r\nDimensions : 132 \u00d7 80 \u00d7 213 cm\r\nDimensions emball\u00e9es : 142 \u00d7 90 \u00d7 180 cm\r\nPuissance : 800\u20132500 W\r\nPoids net : 300 kg\r\nTension : 220 V CA, 50 Hz\r\nMotifs : Plus de 100 types de fleurs (mise \u00e0 jour constante)\r\nModes de paiement : Cartes de cr\u00e9dit \/ Billets \/ Pi\u00e8ces (versions mises \u00e0 jour et s\u00e9lectionn\u00e9es)\"><span class=\"Y2IQFc\" lang=\"fr\">Mat\u00e9riau du ch\u00e2ssis<\/span><\/pre>\n<\/td>\n<td>\n<p id=\"tw-target-text\" class=\"tw-data-text tw-text-large tw-ta\" dir=\"ltr\" tabindex=\"-1\" role=\"text\" data-placeholder=\"Traduction\" data-ved=\"2ahUKEwjZmI78m56QAxXuzQIHHUdPDKkQ3ewLegQICxAV\" aria-label=\"Texte traduit\u00a0: Mat\u00e9riau du ch\u00e2ssis : Quincaillerie\nDimensions : 132 \u00d7 80 \u00d7 213 cm\nDimensions emball\u00e9es : 142 \u00d7 90 \u00d7 180 cm\nPuissance : 800\u20132500 W\nPoids net : 300 kg\nTension : 220 V CA, 50 Hz\nMotifs : Plus de 100 types de fleurs (mise \u00e0 jour constante)\nModes de paiement : Cartes de cr\u00e9dit \/ Billets \/ Pi\u00e8ces (versions mises \u00e0 jour et s\u00e9lectionn\u00e9es)\"><span class=\"Y2IQFc\" lang=\"fr\">Quincaillerie<\/span><\/p>\n<\/td>\n<\/tr>\n<tr>\n<td>\n<pre id=\"tw-target-text\" class=\"tw-data-text tw-text-large tw-ta\" dir=\"ltr\" tabindex=\"-1\" role=\"text\" data-placeholder=\"Traduction\" data-ved=\"2ahUKEwjZmI78m56QAxXuzQIHHUdPDKkQ3ewLegQICxAV\" aria-label=\"Texte traduit\u00a0: Mat\u00e9riau du ch\u00e2ssis : Quincaillerie\r\nDimensions : 132 \u00d7 80 \u00d7 213 cm\r\nDimensions emball\u00e9es : 142 \u00d7 90 \u00d7 180 cm\r\nPuissance : 800\u20132500 W\r\nPoids net : 300 kg\r\nTension : 220 V CA, 50 Hz\r\nMotifs : Plus de 100 types de fleurs (mise \u00e0 jour constante)\r\nModes de paiement : Cartes de cr\u00e9dit \/ Billets \/ Pi\u00e8ces (versions mises \u00e0 jour et s\u00e9lectionn\u00e9es)\"><span class=\"Y2IQFc\" lang=\"fr\">Dimensions <\/span><\/pre>\n<\/td>\n<td>132 \u00d7 80 \u00d7 213 cm<\/td>\n<\/tr>\n<tr>\n<td>\n<pre id=\"tw-target-text\" class=\"tw-data-text tw-text-large tw-ta\" dir=\"ltr\" tabindex=\"-1\" role=\"text\" data-placeholder=\"Traduction\" data-ved=\"2ahUKEwjZmI78m56QAxXuzQIHHUdPDKkQ3ewLegQICxAV\" aria-label=\"Texte traduit\u00a0: Mat\u00e9riau du ch\u00e2ssis : Quincaillerie\r\nDimensions : 132 \u00d7 80 \u00d7 213 cm\r\nDimensions emball\u00e9es : 142 \u00d7 90 \u00d7 180 cm\r\nPuissance : 800\u20132500 W\r\nPoids net : 300 kg\r\nTension : 220 V CA, 50 Hz\r\nMotifs : Plus de 100 types de fleurs (mise \u00e0 jour constante)\r\nModes de paiement : Cartes de cr\u00e9dit \/ Billets \/ Pi\u00e8ces (versions mises \u00e0 jour et s\u00e9lectionn\u00e9es)\"><span class=\"Y2IQFc\" lang=\"fr\">Dimensions emball\u00e9es<\/span><\/pre>\n<\/td>\n<td>142 \u00d7 90 \u00d7 180 cm<\/td>\n<\/tr>\n<tr>\n<td>\n<pre id=\"tw-target-text\" class=\"tw-data-text tw-text-large tw-ta\" dir=\"ltr\" tabindex=\"-1\" role=\"text\" data-placeholder=\"Traduction\" data-ved=\"2ahUKEwjZmI78m56QAxXuzQIHHUdPDKkQ3ewLegQICxAV\" aria-label=\"Texte traduit\u00a0: Mat\u00e9riau du ch\u00e2ssis : Quincaillerie\r\nDimensions : 132 \u00d7 80 \u00d7 213 cm\r\nDimensions emball\u00e9es : 142 \u00d7 90 \u00d7 180 cm\r\nPuissance : 800\u20132500 W\r\nPoids net : 300 kg\r\nTension : 220 V CA, 50 Hz\r\nMotifs : Plus de 100 types de fleurs (mise \u00e0 jour constante)\r\nModes de paiement : Cartes de cr\u00e9dit \/ Billets \/ Pi\u00e8ces (versions mises \u00e0 jour et s\u00e9lectionn\u00e9es)\"><span class=\"Y2IQFc\" lang=\"fr\">Puissance <\/span><\/pre>\n<\/td>\n<td>800\u20132500 W<\/td>\n<\/tr>\n<tr>\n<td>\n<pre id=\"tw-target-text\" class=\"tw-data-text tw-text-large tw-ta\" dir=\"ltr\" tabindex=\"-1\" role=\"text\" data-placeholder=\"Traduction\" data-ved=\"2ahUKEwjZmI78m56QAxXuzQIHHUdPDKkQ3ewLegQICxAV\" aria-label=\"Texte traduit\u00a0: Mat\u00e9riau du ch\u00e2ssis : Quincaillerie\r\nDimensions : 132 \u00d7 80 \u00d7 213 cm\r\nDimensions emball\u00e9es : 142 \u00d7 90 \u00d7 180 cm\r\nPuissance : 800\u20132500 W\r\nPoids net : 300 kg\r\nTension : 220 V CA, 50 Hz\r\nMotifs : Plus de 100 types de fleurs (mise \u00e0 jour constante)\r\nModes de paiement : Cartes de cr\u00e9dit \/ Billets \/ Pi\u00e8ces (versions mises \u00e0 jour et s\u00e9lectionn\u00e9es)\"><span class=\"Y2IQFc\" lang=\"fr\">Poids net <\/span><\/pre>\n<\/td>\n<td>300 kg<\/td>\n<\/tr>\n<tr>\n<td>\n<pre id=\"tw-target-text\" class=\"tw-data-text tw-text-large tw-ta\" dir=\"ltr\" tabindex=\"-1\" role=\"text\" data-placeholder=\"Traduction\" data-ved=\"2ahUKEwjZmI78m56QAxXuzQIHHUdPDKkQ3ewLegQICxAV\" aria-label=\"Texte traduit\u00a0: Mat\u00e9riau du ch\u00e2ssis : Quincaillerie\r\nDimensions : 132 \u00d7 80 \u00d7 213 cm\r\nDimensions emball\u00e9es : 142 \u00d7 90 \u00d7 180 cm\r\nPuissance : 800\u20132500 W\r\nPoids net : 300 kg\r\nTension : 220 V CA, 50 Hz\r\nMotifs : Plus de 100 types de fleurs (mise \u00e0 jour constante)\r\nModes de paiement : Cartes de cr\u00e9dit \/ Billets \/ Pi\u00e8ces (versions mises \u00e0 jour et s\u00e9lectionn\u00e9es)\"><span class=\"Y2IQFc\" lang=\"fr\">Tension<\/span><\/pre>\n<\/td>\n<td>AC220V, 50Hz<\/td>\n<\/tr>\n<tr>\n<td>\n<pre id=\"tw-target-text\" class=\"tw-data-text tw-text-large tw-ta\" dir=\"ltr\" tabindex=\"-1\" role=\"text\" data-placeholder=\"Traduction\" data-ved=\"2ahUKEwjZmI78m56QAxXuzQIHHUdPDKkQ3ewLegQICxAV\" aria-label=\"Texte traduit\u00a0: Mat\u00e9riau du ch\u00e2ssis : Quincaillerie\r\nDimensions : 132 \u00d7 80 \u00d7 213 cm\r\nDimensions emball\u00e9es : 142 \u00d7 90 \u00d7 180 cm\r\nPuissance : 800\u20132500 W\r\nPoids net : 300 kg\r\nTension : 220 V CA, 50 Hz\r\nMotifs : Plus de 100 types de fleurs (mise \u00e0 jour constante)\r\nModes de paiement : Cartes de cr\u00e9dit \/ Billets \/ Pi\u00e8ces (versions mises \u00e0 jour et s\u00e9lectionn\u00e9es)\"><span class=\"Y2IQFc\" lang=\"fr\">Motifs<\/span><\/pre>\n<\/td>\n<td>\n<p id=\"tw-target-text\" class=\"tw-data-text tw-text-large tw-ta\" dir=\"ltr\" tabindex=\"-1\" role=\"text\" data-placeholder=\"Traduction\" data-ved=\"2ahUKEwjZmI78m56QAxXuzQIHHUdPDKkQ3ewLegQICxAV\" aria-label=\"Texte traduit\u00a0: Mat\u00e9riau du ch\u00e2ssis : Quincaillerie\nDimensions : 132 \u00d7 80 \u00d7 213 cm\nDimensions emball\u00e9es : 142 \u00d7 90 \u00d7 180 cm\nPuissance : 800\u20132500 W\nPoids net : 300 kg\nTension : 220 V CA, 50 Hz\nMotifs : Plus de 100 types de fleurs (mise \u00e0 jour constante)\nModes de paiement : Cartes de cr\u00e9dit \/ Billets \/ Pi\u00e8ces (versions mises \u00e0 jour et s\u00e9lectionn\u00e9es)\"><span class=\"Y2IQFc\" lang=\"fr\">Plus de 100 types de fleurs (mise \u00e0 jour constante)<\/span><\/p>\n<\/td>\n<\/tr>\n<tr>\n<td>\n<pre id=\"tw-target-text\" class=\"tw-data-text tw-text-large tw-ta\" dir=\"ltr\" tabindex=\"-1\" role=\"text\" data-placeholder=\"Traduction\" data-ved=\"2ahUKEwjZmI78m56QAxXuzQIHHUdPDKkQ3ewLegQICxAV\" aria-label=\"Texte traduit\u00a0: Mat\u00e9riau du ch\u00e2ssis : Quincaillerie\r\nDimensions : 132 \u00d7 80 \u00d7 213 cm\r\nDimensions emball\u00e9es : 142 \u00d7 90 \u00d7 180 cm\r\nPuissance : 800\u20132500 W\r\nPoids net : 300 kg\r\nTension : 220 V CA, 50 Hz\r\nMotifs : Plus de 100 types de fleurs (mise \u00e0 jour constante)\r\nModes de paiement : Cartes de cr\u00e9dit \/ Billets \/ Pi\u00e8ces (versions mises \u00e0 jour et s\u00e9lectionn\u00e9es)\"><span class=\"Y2IQFc\" lang=\"fr\">Modes de paiement<\/span><\/pre>\n<\/td>\n<td>\n<p id=\"tw-target-text\" class=\"tw-data-text tw-text-large tw-ta\" dir=\"ltr\" tabindex=\"-1\" role=\"text\" data-placeholder=\"Traduction\" data-ved=\"2ahUKEwjZmI78m56QAxXuzQIHHUdPDKkQ3ewLegQICxAV\" aria-label=\"Texte traduit\u00a0: Mat\u00e9riau du ch\u00e2ssis : Quincaillerie\nDimensions : 132 \u00d7 80 \u00d7 213 cm\nDimensions emball\u00e9es : 142 \u00d7 90 \u00d7 180 cm\nPuissance : 800\u20132500 W\nPoids net : 300 kg\nTension : 220 V CA, 50 Hz\nMotifs : Plus de 100 types de fleurs (mise \u00e0 jour constante)\nModes de paiement : Cartes de cr\u00e9dit \/ Billets \/ Pi\u00e8ces (versions mises \u00e0 jour et s\u00e9lectionn\u00e9es)\"><span class=\"Y2IQFc\" lang=\"fr\">Cartes de cr\u00e9dit \/ Billets \/ Pi\u00e8ces (versions mises \u00e0 jour et s\u00e9lectionn\u00e9es)<\/span><\/p>\n<\/td>\n<\/tr>\n<\/tbody>\n<\/table>\n","protected":false},"excerpt":{"rendered":"<p>Distributeur automatique de barbe \u00e0 papa LE-322 \u2014 Distributeur automatique de barbe \u00e0 papa fiable et rapide. Compact et facile \u00e0 utiliser, il est id\u00e9al pour les centres commerciaux, les \u00e9v\u00e9nements et les lieux publics. Boostez vos achats impulsifs avec ce distributeur de barbe \u00e0 papa de haute qualit\u00e9.<\/p>\n","protected":false},"featured_media":1653,"template":"","meta":[],"product_brand":[],"product_cat":[361,363],"product_tag":[],"class_list":{"0":"post-2683","1":"product","2":"type-product","3":"status-publish","4":"has-post-thumbnail","6":"product_cat-machine-a-pop-et-distributeur-automatique","7":"product_cat-popcorn-et-barbe-a-papa","9":"first","10":"instock","11":"shipping-taxable","12":"product-type-simple"},"_links":{"self":[{"href":"https:\/\/www.alfadu-amusement.com\/index.php?rest_route=\/wp\/v2\/product\/2683","targetHints":{"allow":["GET"]}}],"collection":[{"href":"https:\/\/www.alfadu-amusement.com\/index.php?rest_route=\/wp\/v2\/product"}],"about":[{"href":"https:\/\/www.alfadu-amusement.com\/index.php?rest_route=\/wp\/v2\/types\/product"}],"wp:featuredmedia":[{"embeddable":true,"href":"https:\/\/www.alfadu-amusement.com\/index.php?rest_route=\/wp\/v2\/media\/1653"}],"wp:attachment":[{"href":"https:\/\/www.alfadu-amusement.com\/index.php?rest_route=%2Fwp%2Fv2%2Fmedia&parent=2683"}],"wp:term":[{"taxonomy":"product_brand","embeddable":true,"href":"https:\/\/www.alfadu-amusement.com\/index.php?rest_route=%2Fwp%2Fv2%2Fproduct_brand&post=2683"},{"taxonomy":"product_cat","embeddable":true,"href":"https:\/\/www.alfadu-amusement.com\/index.php?rest_route=%2Fwp%2Fv2%2Fproduct_cat&post=2683"},{"taxonomy":"product_tag","embeddable":true,"href":"https:\/\/www.alfadu-amusement.com\/index.php?rest_route=%2Fwp%2Fv2%2Fproduct_tag&post=2683"}],"curies":[{"name":"wp","href":"https:\/\/api.w.org\/{rel}","templated":true}]}}