{"id":2780,"date":"2025-10-13T09:30:33","date_gmt":"2025-10-13T09:30:33","guid":{"rendered":"https:\/\/www.alfadu-amusement.com\/?post_type=product&#038;p=2780"},"modified":"2025-10-13T09:30:33","modified_gmt":"2025-10-13T09:30:33","slug":"vr-simulateur-de-course-spatiale","status":"publish","type":"product","link":"https:\/\/www.alfadu-amusement.com\/?product=vr-simulateur-de-course-spatiale&lang=fr","title":{"rendered":"VR Simulateur de course spatiale"},"content":{"rendered":"<table class=\"pp-table\">\n<tbody>\n<tr class=\"pp-table-row\">\n<td class=\"pp-table-cell pp-table-cell-key\">\n<pre id=\"tw-target-text\" class=\"tw-data-text tw-text-large tw-ta\" dir=\"ltr\" tabindex=\"-1\" role=\"text\" data-placeholder=\"Traduction\" data-ved=\"2ahUKEwipnouk6KCQAxWlQ6QEHRMqGPMQ3ewLegQICxAV\" aria-label=\"Texte traduit\u00a0: Nom du produit\u00a0: VR Space Racing\r\nDimensions\u00a0: L\u00a0250\u00a0x\u00a0l\u00a0133\u00a0x\u00a0H\u00a0154\u00a0cm\r\nPoids\u00a0: 354,4\u00a0kg\r\nTension\u00a0: 220\u00a0V\r\nPuissance\u00a0: 1,2\u00a0kW\r\nNombre de jeux\u00a0: 22\r\nDur\u00e9e de jeu\u00a0: 3 \u00e0 5\u00a0minutes\r\nNombre de joueurs\u00a0: 1\"><span class=\"Y2IQFc\" lang=\"fr\">Nom du produit\u00a0<\/span><\/pre>\n<\/td>\n<td class=\"pp-table-cell pp-table-cell-value\"><span class=\"pp-table-cell-content\"><span class=\"pp-table-cell-text\">VR Space Racing <\/span><\/span><\/td>\n<\/tr>\n<tr class=\"pp-table-row\">\n<td class=\"pp-table-cell pp-table-cell-key\">\n<pre id=\"tw-target-text\" class=\"tw-data-text tw-text-large tw-ta\" dir=\"ltr\" tabindex=\"-1\" role=\"text\" data-placeholder=\"Traduction\" data-ved=\"2ahUKEwipnouk6KCQAxWlQ6QEHRMqGPMQ3ewLegQICxAV\" aria-label=\"Texte traduit\u00a0: Nom du produit\u00a0: VR Space Racing\r\nDimensions\u00a0: L\u00a0250\u00a0x\u00a0l\u00a0133\u00a0x\u00a0H\u00a0154\u00a0cm\r\nPoids\u00a0: 354,4\u00a0kg\r\nTension\u00a0: 220\u00a0V\r\nPuissance\u00a0: 1,2\u00a0kW\r\nNombre de jeux\u00a0: 22\r\nDur\u00e9e de jeu\u00a0: 3 \u00e0 5\u00a0minutes\r\nNombre de joueurs\u00a0: 1\"><span class=\"Y2IQFc\" lang=\"fr\">Dimensions<\/span><\/pre>\n<\/td>\n<td class=\"pp-table-cell pp-table-cell-value\"><span class=\"pp-table-cell-content\"><span class=\"pp-table-cell-text\">L250*W133*H154cm <\/span><\/span><\/td>\n<\/tr>\n<tr class=\"pp-table-row\">\n<td class=\"pp-table-cell pp-table-cell-key\">\n<pre id=\"tw-target-text\" class=\"tw-data-text tw-text-large tw-ta\" dir=\"ltr\" tabindex=\"-1\" role=\"text\" data-placeholder=\"Traduction\" data-ved=\"2ahUKEwipnouk6KCQAxWlQ6QEHRMqGPMQ3ewLegQICxAV\" aria-label=\"Texte traduit\u00a0: Nom du produit\u00a0: VR Space Racing\r\nDimensions\u00a0: L\u00a0250\u00a0x\u00a0l\u00a0133\u00a0x\u00a0H\u00a0154\u00a0cm\r\nPoids\u00a0: 354,4\u00a0kg\r\nTension\u00a0: 220\u00a0V\r\nPuissance\u00a0: 1,2\u00a0kW\r\nNombre de jeux\u00a0: 22\r\nDur\u00e9e de jeu\u00a0: 3 \u00e0 5\u00a0minutes\r\nNombre de joueurs\u00a0: 1\"><span class=\"Y2IQFc\" lang=\"fr\">Poids\u00a0<\/span><\/pre>\n<\/td>\n<td class=\"pp-table-cell pp-table-cell-value\"><span class=\"pp-table-cell-content\"><span class=\"pp-table-cell-text\">354.4kg <\/span><\/span><\/td>\n<\/tr>\n<tr class=\"pp-table-row\">\n<td class=\"pp-table-cell pp-table-cell-key\">\n<pre id=\"tw-target-text\" class=\"tw-data-text tw-text-large tw-ta\" dir=\"ltr\" tabindex=\"-1\" role=\"text\" data-placeholder=\"Traduction\" data-ved=\"2ahUKEwipnouk6KCQAxWlQ6QEHRMqGPMQ3ewLegQICxAV\" aria-label=\"Texte traduit\u00a0: Nom du produit\u00a0: VR Space Racing\r\nDimensions\u00a0: L\u00a0250\u00a0x\u00a0l\u00a0133\u00a0x\u00a0H\u00a0154\u00a0cm\r\nPoids\u00a0: 354,4\u00a0kg\r\nTension\u00a0: 220\u00a0V\r\nPuissance\u00a0: 1,2\u00a0kW\r\nNombre de jeux\u00a0: 22\r\nDur\u00e9e de jeu\u00a0: 3 \u00e0 5\u00a0minutes\r\nNombre de joueurs\u00a0: 1\"><span class=\"Y2IQFc\" lang=\"fr\">Tension<\/span><\/pre>\n<\/td>\n<td class=\"pp-table-cell pp-table-cell-value\"><span class=\"pp-table-cell-content\"><span class=\"pp-table-cell-text\">220V <\/span><\/span><\/td>\n<\/tr>\n<tr class=\"pp-table-row\">\n<td class=\"pp-table-cell pp-table-cell-key\">\n<pre id=\"tw-target-text\" class=\"tw-data-text tw-text-large tw-ta\" dir=\"ltr\" tabindex=\"-1\" role=\"text\" data-placeholder=\"Traduction\" data-ved=\"2ahUKEwipnouk6KCQAxWlQ6QEHRMqGPMQ3ewLegQICxAV\" aria-label=\"Texte traduit\u00a0: Nom du produit\u00a0: VR Space Racing\r\nDimensions\u00a0: L\u00a0250\u00a0x\u00a0l\u00a0133\u00a0x\u00a0H\u00a0154\u00a0cm\r\nPoids\u00a0: 354,4\u00a0kg\r\nTension\u00a0: 220\u00a0V\r\nPuissance\u00a0: 1,2\u00a0kW\r\nNombre de jeux\u00a0: 22\r\nDur\u00e9e de jeu\u00a0: 3 \u00e0 5\u00a0minutes\r\nNombre de joueurs\u00a0: 1\"><span class=\"Y2IQFc\" lang=\"fr\">Puissance<\/span><\/pre>\n<\/td>\n<td class=\"pp-table-cell pp-table-cell-value\"><span class=\"pp-table-cell-content\"><span class=\"pp-table-cell-text\">1.2KW <\/span><\/span><\/td>\n<\/tr>\n<tr class=\"pp-table-row\">\n<td class=\"pp-table-cell pp-table-cell-key\">\n<pre id=\"tw-target-text\" class=\"tw-data-text tw-text-large tw-ta\" dir=\"ltr\" tabindex=\"-1\" role=\"text\" data-placeholder=\"Traduction\" data-ved=\"2ahUKEwipnouk6KCQAxWlQ6QEHRMqGPMQ3ewLegQICxAV\" aria-label=\"Texte traduit\u00a0: Nom du produit\u00a0: VR Space Racing\r\nDimensions\u00a0: L\u00a0250\u00a0x\u00a0l\u00a0133\u00a0x\u00a0H\u00a0154\u00a0cm\r\nPoids\u00a0: 354,4\u00a0kg\r\nTension\u00a0: 220\u00a0V\r\nPuissance\u00a0: 1,2\u00a0kW\r\nNombre de jeux\u00a0: 22\r\nDur\u00e9e de jeu\u00a0: 3 \u00e0 5\u00a0minutes\r\nNombre de joueurs\u00a0: 1\"><span class=\"Y2IQFc\" lang=\"fr\">Nombre de jeux\u00a0<\/span><\/pre>\n<\/td>\n<td class=\"pp-table-cell pp-table-cell-value\"><span class=\"pp-table-cell-content\"><span class=\"pp-table-cell-text\">22pcs <\/span><\/span><\/td>\n<\/tr>\n<tr class=\"pp-table-row\">\n<td class=\"pp-table-cell pp-table-cell-key\">\n<pre id=\"tw-target-text\" class=\"tw-data-text tw-text-large tw-ta\" dir=\"ltr\" tabindex=\"-1\" role=\"text\" data-placeholder=\"Traduction\" data-ved=\"2ahUKEwipnouk6KCQAxWlQ6QEHRMqGPMQ3ewLegQICxAV\" aria-label=\"Texte traduit\u00a0: Nom du produit\u00a0: VR Space Racing\r\nDimensions\u00a0: L\u00a0250\u00a0x\u00a0l\u00a0133\u00a0x\u00a0H\u00a0154\u00a0cm\r\nPoids\u00a0: 354,4\u00a0kg\r\nTension\u00a0: 220\u00a0V\r\nPuissance\u00a0: 1,2\u00a0kW\r\nNombre de jeux\u00a0: 22\r\nDur\u00e9e de jeu\u00a0: 3 \u00e0 5\u00a0minutes\r\nNombre de joueurs\u00a0: 1\"><span class=\"Y2IQFc\" lang=\"fr\">Dur\u00e9e de jeu\u00a0<\/span><\/pre>\n<\/td>\n<td class=\"pp-table-cell pp-table-cell-value\"><span class=\"pp-table-cell-content\"><span class=\"pp-table-cell-text\">3-5 mins <\/span><\/span><\/td>\n<\/tr>\n<tr class=\"pp-table-row\">\n<td class=\"pp-table-cell pp-table-cell-key\">\n<pre id=\"tw-target-text\" class=\"tw-data-text tw-text-large tw-ta\" dir=\"ltr\" tabindex=\"-1\" role=\"text\" data-placeholder=\"Traduction\" data-ved=\"2ahUKEwipnouk6KCQAxWlQ6QEHRMqGPMQ3ewLegQICxAV\" aria-label=\"Texte traduit\u00a0: Nom du produit\u00a0: VR Space Racing\r\nDimensions\u00a0: L\u00a0250\u00a0x\u00a0l\u00a0133\u00a0x\u00a0H\u00a0154\u00a0cm\r\nPoids\u00a0: 354,4\u00a0kg\r\nTension\u00a0: 220\u00a0V\r\nPuissance\u00a0: 1,2\u00a0kW\r\nNombre de jeux\u00a0: 22\r\nDur\u00e9e de jeu\u00a0: 3 \u00e0 5\u00a0minutes\r\nNombre de joueurs\u00a0: 1\"><span class=\"Y2IQFc\" lang=\"fr\">Nombre de joueurs<\/span><\/pre>\n<\/td>\n<td class=\"pp-table-cell pp-table-cell-value\"><span class=\"pp-table-cell-content\"><span class=\"pp-table-cell-text\">1 Joueur<\/span><\/span><\/td>\n<\/tr>\n<\/tbody>\n<\/table>\n","protected":false},"excerpt":{"rendered":"<div class=\"elementor-element elementor-element-dd6d36f elementor-widget elementor-widget-heading\" data-id=\"dd6d36f\" data-element_type=\"widget\" data-widget_type=\"heading.default\">\n<p><strong>Choix pr\u00e9f\u00e9r\u00e9 des fans de course VR<\/strong><\/p>\n<p>Simulez une vraie voiture de course VR, des courses VR multijoueurs, des courses solo et d\u00e9couvrez une vari\u00e9t\u00e9 de modes de jeu VR ! Avec du contenu de course exclusif, vivez une exp\u00e9rience de pilotage exceptionnelle ! Design \u00e9l\u00e9gant et personnalis\u00e9, carrosserie a\u00e9rodynamique, science et technologie modernes !<\/p>\n<\/div>\n","protected":false},"featured_media":1610,"template":"","meta":[],"product_brand":[],"product_cat":[401],"product_tag":[],"class_list":{"0":"post-2780","1":"product","2":"type-product","3":"status-publish","4":"has-post-thumbnail","6":"product_cat-vr-cinema-et-jeux","8":"first","9":"instock","10":"shipping-taxable","11":"product-type-simple"},"_links":{"self":[{"href":"https:\/\/www.alfadu-amusement.com\/index.php?rest_route=\/wp\/v2\/product\/2780","targetHints":{"allow":["GET"]}}],"collection":[{"href":"https:\/\/www.alfadu-amusement.com\/index.php?rest_route=\/wp\/v2\/product"}],"about":[{"href":"https:\/\/www.alfadu-amusement.com\/index.php?rest_route=\/wp\/v2\/types\/product"}],"wp:featuredmedia":[{"embeddable":true,"href":"https:\/\/www.alfadu-amusement.com\/index.php?rest_route=\/wp\/v2\/media\/1610"}],"wp:attachment":[{"href":"https:\/\/www.alfadu-amusement.com\/index.php?rest_route=%2Fwp%2Fv2%2Fmedia&parent=2780"}],"wp:term":[{"taxonomy":"product_brand","embeddable":true,"href":"https:\/\/www.alfadu-amusement.com\/index.php?rest_route=%2Fwp%2Fv2%2Fproduct_brand&post=2780"},{"taxonomy":"product_cat","embeddable":true,"href":"https:\/\/www.alfadu-amusement.com\/index.php?rest_route=%2Fwp%2Fv2%2Fproduct_cat&post=2780"},{"taxonomy":"product_tag","embeddable":true,"href":"https:\/\/www.alfadu-amusement.com\/index.php?rest_route=%2Fwp%2Fv2%2Fproduct_tag&post=2780"}],"curies":[{"name":"wp","href":"https:\/\/api.w.org\/{rel}","templated":true}]}}