{"id":2819,"date":"2025-10-13T16:19:41","date_gmt":"2025-10-13T16:19:41","guid":{"rendered":"https:\/\/www.alfadu-amusement.com\/?post_type=product&#038;p=2819"},"modified":"2025-10-13T16:19:42","modified_gmt":"2025-10-13T16:19:42","slug":"simulateur-vr-x-spy","status":"publish","type":"product","link":"https:\/\/www.alfadu-amusement.com\/?product=simulateur-vr-x-spy&lang=fr","title":{"rendered":"Simulateur VR X-spy"},"content":{"rendered":"<table class=\"pp-table\">\n<tbody>\n<tr class=\"pp-table-row\">\n<td class=\"pp-table-cell pp-table-cell-key\">\n<pre id=\"tw-target-text\" class=\"tw-data-text tw-text-large tw-ta\" dir=\"ltr\" tabindex=\"-1\" role=\"text\" data-placeholder=\"Traduction\" data-ved=\"2ahUKEwipnouk6KCQAxWlQ6QEHRMqGPMQ3ewLegQICxAV\" aria-label=\"Texte traduit\u00a0: Nom du produit\u00a0: VR X-Spy\r\nDimensions\u00a0: L\u00a0210\u00a0x\u00a0l\u00a0152\u00a0x\u00a0H\u00a0235\u00a0cm\r\nPoids\u00a0: 200\u00a0kg\r\nTension\u00a0: 220\u00a0V\r\nPuissance\u00a0: 450\u00a0W\r\nNombre de jeux\u00a0: 1\r\nDur\u00e9e de jeu\u00a0: 3 \u00e0 5\u00a0minutes\r\nNombre de joueurs\u00a0: 1\"><span class=\"Y2IQFc\" lang=\"fr\">Nom du produit<\/span><\/pre>\n<\/td>\n<td class=\"pp-table-cell pp-table-cell-value\"><span class=\"pp-table-cell-content\"><span class=\"pp-table-cell-text\">VR X-Spy <\/span><\/span><\/td>\n<\/tr>\n<tr class=\"pp-table-row\">\n<td class=\"pp-table-cell pp-table-cell-key\">\n<pre id=\"tw-target-text\" class=\"tw-data-text tw-text-large tw-ta\" dir=\"ltr\" tabindex=\"-1\" role=\"text\" data-placeholder=\"Traduction\" data-ved=\"2ahUKEwipnouk6KCQAxWlQ6QEHRMqGPMQ3ewLegQICxAV\" aria-label=\"Texte traduit\u00a0: Nom du produit\u00a0: VR X-Spy\r\nDimensions\u00a0: L\u00a0210\u00a0x\u00a0l\u00a0152\u00a0x\u00a0H\u00a0235\u00a0cm\r\nPoids\u00a0: 200\u00a0kg\r\nTension\u00a0: 220\u00a0V\r\nPuissance\u00a0: 450\u00a0W\r\nNombre de jeux\u00a0: 1\r\nDur\u00e9e de jeu\u00a0: 3 \u00e0 5\u00a0minutes\r\nNombre de joueurs\u00a0: 1\"><span class=\"Y2IQFc\" lang=\"fr\">Dimensions\u00a0<\/span><\/pre>\n<\/td>\n<td class=\"pp-table-cell pp-table-cell-value\"><span class=\"pp-table-cell-content\"><span class=\"pp-table-cell-text\">L210*W152*H235cm <\/span><\/span><\/td>\n<\/tr>\n<tr class=\"pp-table-row\">\n<td class=\"pp-table-cell pp-table-cell-key\">\n<pre id=\"tw-target-text\" class=\"tw-data-text tw-text-large tw-ta\" dir=\"ltr\" tabindex=\"-1\" role=\"text\" data-placeholder=\"Traduction\" data-ved=\"2ahUKEwipnouk6KCQAxWlQ6QEHRMqGPMQ3ewLegQICxAV\" aria-label=\"Texte traduit\u00a0: Nom du produit\u00a0: VR X-Spy\r\nDimensions\u00a0: L\u00a0210\u00a0x\u00a0l\u00a0152\u00a0x\u00a0H\u00a0235\u00a0cm\r\nPoids\u00a0: 200\u00a0kg\r\nTension\u00a0: 220\u00a0V\r\nPuissance\u00a0: 450\u00a0W\r\nNombre de jeux\u00a0: 1\r\nDur\u00e9e de jeu\u00a0: 3 \u00e0 5\u00a0minutes\r\nNombre de joueurs\u00a0: 1\"><span class=\"Y2IQFc\" lang=\"fr\">Poids\u00a0<\/span><\/pre>\n<\/td>\n<td class=\"pp-table-cell pp-table-cell-value\"><span class=\"pp-table-cell-content\"><span class=\"pp-table-cell-text\">200kg <\/span><\/span><\/td>\n<\/tr>\n<tr class=\"pp-table-row\">\n<td class=\"pp-table-cell pp-table-cell-key\">\n<pre id=\"tw-target-text\" class=\"tw-data-text tw-text-large tw-ta\" dir=\"ltr\" tabindex=\"-1\" role=\"text\" data-placeholder=\"Traduction\" data-ved=\"2ahUKEwipnouk6KCQAxWlQ6QEHRMqGPMQ3ewLegQICxAV\" aria-label=\"Texte traduit\u00a0: Nom du produit\u00a0: VR X-Spy\r\nDimensions\u00a0: L\u00a0210\u00a0x\u00a0l\u00a0152\u00a0x\u00a0H\u00a0235\u00a0cm\r\nPoids\u00a0: 200\u00a0kg\r\nTension\u00a0: 220\u00a0V\r\nPuissance\u00a0: 450\u00a0W\r\nNombre de jeux\u00a0: 1\r\nDur\u00e9e de jeu\u00a0: 3 \u00e0 5\u00a0minutes\r\nNombre de joueurs\u00a0: 1\"><span class=\"Y2IQFc\" lang=\"fr\">Tension\u00a0<\/span><\/pre>\n<\/td>\n<td class=\"pp-table-cell pp-table-cell-value\"><span class=\"pp-table-cell-content\"><span class=\"pp-table-cell-text\">220V <\/span><\/span><\/td>\n<\/tr>\n<tr class=\"pp-table-row\">\n<td class=\"pp-table-cell pp-table-cell-key\">\n<pre id=\"tw-target-text\" class=\"tw-data-text tw-text-large tw-ta\" dir=\"ltr\" tabindex=\"-1\" role=\"text\" data-placeholder=\"Traduction\" data-ved=\"2ahUKEwipnouk6KCQAxWlQ6QEHRMqGPMQ3ewLegQICxAV\" aria-label=\"Texte traduit\u00a0: Nom du produit\u00a0: VR X-Spy\r\nDimensions\u00a0: L\u00a0210\u00a0x\u00a0l\u00a0152\u00a0x\u00a0H\u00a0235\u00a0cm\r\nPoids\u00a0: 200\u00a0kg\r\nTension\u00a0: 220\u00a0V\r\nPuissance\u00a0: 450\u00a0W\r\nNombre de jeux\u00a0: 1\r\nDur\u00e9e de jeu\u00a0: 3 \u00e0 5\u00a0minutes\r\nNombre de joueurs\u00a0: 1\"><span class=\"Y2IQFc\" lang=\"fr\">Puissance\u00a0<\/span><\/pre>\n<\/td>\n<td class=\"pp-table-cell pp-table-cell-value\"><span class=\"pp-table-cell-content\"><span class=\"pp-table-cell-text\">450W <\/span><\/span><\/td>\n<\/tr>\n<tr class=\"pp-table-row\">\n<td class=\"pp-table-cell pp-table-cell-key\">\n<pre id=\"tw-target-text\" class=\"tw-data-text tw-text-large tw-ta\" dir=\"ltr\" tabindex=\"-1\" role=\"text\" data-placeholder=\"Traduction\" data-ved=\"2ahUKEwipnouk6KCQAxWlQ6QEHRMqGPMQ3ewLegQICxAV\" aria-label=\"Texte traduit\u00a0: Nom du produit\u00a0: VR X-Spy\r\nDimensions\u00a0: L\u00a0210\u00a0x\u00a0l\u00a0152\u00a0x\u00a0H\u00a0235\u00a0cm\r\nPoids\u00a0: 200\u00a0kg\r\nTension\u00a0: 220\u00a0V\r\nPuissance\u00a0: 450\u00a0W\r\nNombre de jeux\u00a0: 1\r\nDur\u00e9e de jeu\u00a0: 3 \u00e0 5\u00a0minutes\r\nNombre de joueurs\u00a0: 1\"><span class=\"Y2IQFc\" lang=\"fr\">Nombre de jeux\u00a0<\/span><\/pre>\n<\/td>\n<td class=\"pp-table-cell pp-table-cell-value\"><span class=\"pp-table-cell-content\"><span class=\"pp-table-cell-text\">1pcs <\/span><\/span><\/td>\n<\/tr>\n<tr class=\"pp-table-row\">\n<td class=\"pp-table-cell pp-table-cell-key\">\n<pre id=\"tw-target-text\" class=\"tw-data-text tw-text-large tw-ta\" dir=\"ltr\" tabindex=\"-1\" role=\"text\" data-placeholder=\"Traduction\" data-ved=\"2ahUKEwipnouk6KCQAxWlQ6QEHRMqGPMQ3ewLegQICxAV\" aria-label=\"Texte traduit\u00a0: Nom du produit\u00a0: VR X-Spy\r\nDimensions\u00a0: L\u00a0210\u00a0x\u00a0l\u00a0152\u00a0x\u00a0H\u00a0235\u00a0cm\r\nPoids\u00a0: 200\u00a0kg\r\nTension\u00a0: 220\u00a0V\r\nPuissance\u00a0: 450\u00a0W\r\nNombre de jeux\u00a0: 1\r\nDur\u00e9e de jeu\u00a0: 3 \u00e0 5\u00a0minutes\r\nNombre de joueurs\u00a0: 1\"><span class=\"Y2IQFc\" lang=\"fr\">Dur\u00e9e de jeu<\/span><\/pre>\n<\/td>\n<td class=\"pp-table-cell pp-table-cell-value\"><span class=\"pp-table-cell-content\"><span class=\"pp-table-cell-text\">3-5 mins <\/span><\/span><\/td>\n<\/tr>\n<tr class=\"pp-table-row\">\n<td class=\"pp-table-cell pp-table-cell-key\">\n<pre id=\"tw-target-text\" class=\"tw-data-text tw-text-large tw-ta\" dir=\"ltr\" tabindex=\"-1\" role=\"text\" data-placeholder=\"Traduction\" data-ved=\"2ahUKEwipnouk6KCQAxWlQ6QEHRMqGPMQ3ewLegQICxAV\" aria-label=\"Texte traduit\u00a0: Nom du produit\u00a0: VR X-Spy\r\nDimensions\u00a0: L\u00a0210\u00a0x\u00a0l\u00a0152\u00a0x\u00a0H\u00a0235\u00a0cm\r\nPoids\u00a0: 200\u00a0kg\r\nTension\u00a0: 220\u00a0V\r\nPuissance\u00a0: 450\u00a0W\r\nNombre de jeux\u00a0: 1\r\nDur\u00e9e de jeu\u00a0: 3 \u00e0 5\u00a0minutes\r\nNombre de joueurs\u00a0: 1\"><span class=\"Y2IQFc\" lang=\"fr\">Nombre de joueurs<\/span><\/pre>\n<\/td>\n<td class=\"pp-table-cell pp-table-cell-value\"><span class=\"pp-table-cell-content\"><span class=\"pp-table-cell-text\">1 Joueurs<\/span><\/span><\/td>\n<\/tr>\n<\/tbody>\n<\/table>\n","protected":false},"excerpt":{"rendered":"<div class=\"elementor-element elementor-element-dd6d36f elementor-widget elementor-widget-heading\" data-id=\"dd6d36f\" data-element_type=\"widget\" data-widget_type=\"heading.default\">\n<p><strong>Plateforme de divertissement mobile VR X-spy<\/strong><\/p>\n<p>Technologie de r\u00e9alit\u00e9 virtuelle de deuxi\u00e8me g\u00e9n\u00e9ration \u00e0 d\u00e9tection spatiale compl\u00e8te. Exp\u00e9riences palpitantes offertes simultan\u00e9ment. Surface minimale de 3,21,5 m\u00b2. Installation modulaire simple. 5 heures de formation pour d\u00e9marrer une activit\u00e9 de r\u00e9alit\u00e9 virtuelle et g\u00e9n\u00e9rer des revenus.<\/p>\n<\/div>\n","protected":false},"featured_media":1557,"template":"","meta":[],"product_brand":[],"product_cat":[401],"product_tag":[],"class_list":{"0":"post-2819","1":"product","2":"type-product","3":"status-publish","4":"has-post-thumbnail","6":"product_cat-vr-cinema-et-jeux","8":"first","9":"instock","10":"shipping-taxable","11":"product-type-simple"},"_links":{"self":[{"href":"https:\/\/www.alfadu-amusement.com\/index.php?rest_route=\/wp\/v2\/product\/2819","targetHints":{"allow":["GET"]}}],"collection":[{"href":"https:\/\/www.alfadu-amusement.com\/index.php?rest_route=\/wp\/v2\/product"}],"about":[{"href":"https:\/\/www.alfadu-amusement.com\/index.php?rest_route=\/wp\/v2\/types\/product"}],"wp:featuredmedia":[{"embeddable":true,"href":"https:\/\/www.alfadu-amusement.com\/index.php?rest_route=\/wp\/v2\/media\/1557"}],"wp:attachment":[{"href":"https:\/\/www.alfadu-amusement.com\/index.php?rest_route=%2Fwp%2Fv2%2Fmedia&parent=2819"}],"wp:term":[{"taxonomy":"product_brand","embeddable":true,"href":"https:\/\/www.alfadu-amusement.com\/index.php?rest_route=%2Fwp%2Fv2%2Fproduct_brand&post=2819"},{"taxonomy":"product_cat","embeddable":true,"href":"https:\/\/www.alfadu-amusement.com\/index.php?rest_route=%2Fwp%2Fv2%2Fproduct_cat&post=2819"},{"taxonomy":"product_tag","embeddable":true,"href":"https:\/\/www.alfadu-amusement.com\/index.php?rest_route=%2Fwp%2Fv2%2Fproduct_tag&post=2819"}],"curies":[{"name":"wp","href":"https:\/\/api.w.org\/{rel}","templated":true}]}}