{"id":2838,"date":"2025-10-15T11:02:48","date_gmt":"2025-10-15T11:02:48","guid":{"rendered":"https:\/\/www.alfadu-amusement.com\/?post_type=product&#038;p=2838"},"modified":"2025-10-15T11:02:48","modified_gmt":"2025-10-15T11:02:48","slug":"star-hockey","status":"publish","type":"product","link":"https:\/\/www.alfadu-amusement.com\/?product=star-hockey&lang=fr","title":{"rendered":"STAR HOCKEY"},"content":{"rendered":"<ol>\n<li><\/li>\n<\/ol>\n<table class=\"has-text-color has-link-color has-border-color has-fixed-layout\">\n<tbody>\n<tr>\n<td>\n<pre id=\"tw-target-text\" class=\"tw-data-text tw-text-large tw-ta\" dir=\"ltr\" tabindex=\"-1\" role=\"text\" data-placeholder=\"Traduction\" data-ved=\"2ahUKEwjUw5z1gaaQAxUtTaQEHcQpJtoQ3ewLegQICxAV\" aria-label=\"Texte traduit\u00a0: Num\u00e9ro de mod\u00e8le\u00a0: LF-AB02\r\nDimensions\u00a0: L\u00a0128\u00a0x\u00a0P\u00a0226\u00a0x\u00a0H\u00a0181\u00a0cm\r\nJoueur\u00a02\r\nNom\u00a0: STAR HOCKEY\r\nUtilisation du billet facultative\"><span class=\"Y2IQFc\" lang=\"fr\">Num\u00e9ro de mod\u00e8le<\/span><\/pre>\n<\/td>\n<td>LF-AB02<\/td>\n<\/tr>\n<tr>\n<td>\n<pre id=\"tw-target-text\" class=\"tw-data-text tw-text-large tw-ta\" dir=\"ltr\" tabindex=\"-1\" role=\"text\" data-placeholder=\"Traduction\" data-ved=\"2ahUKEwjUw5z1gaaQAxUtTaQEHcQpJtoQ3ewLegQICxAV\" aria-label=\"Texte traduit\u00a0: Num\u00e9ro de mod\u00e8le\u00a0: LF-AB02\r\nDimensions\u00a0: L\u00a0128\u00a0x\u00a0P\u00a0226\u00a0x\u00a0H\u00a0181\u00a0cm\r\nJoueur\u00a02\r\nNom\u00a0: STAR HOCKEY\r\nUtilisation du billet facultative\"><span class=\"Y2IQFc\" lang=\"fr\">Dimensions\u00a0<\/span><\/pre>\n<\/td>\n<td>W128*<em>D226<\/em>*H181cm<\/td>\n<\/tr>\n<tr>\n<td>\n<pre id=\"tw-target-text\" class=\"tw-data-text tw-text-large tw-ta\" dir=\"ltr\" tabindex=\"-1\" role=\"text\" data-placeholder=\"Traduction\" data-ved=\"2ahUKEwjUw5z1gaaQAxUtTaQEHcQpJtoQ3ewLegQICxAV\" aria-label=\"Texte traduit\u00a0: Num\u00e9ro de mod\u00e8le\u00a0: LF-AB02\r\nDimensions\u00a0: L\u00a0128\u00a0x\u00a0P\u00a0226\u00a0x\u00a0H\u00a0181\u00a0cm\r\nJoueur\u00a02\r\nNom\u00a0: STAR HOCKEY\r\nUtilisation du billet facultative\"><span class=\"Y2IQFc\" lang=\"fr\">Joueurs<\/span><\/pre>\n<\/td>\n<td>2<\/td>\n<\/tr>\n<tr>\n<td>\n<pre id=\"tw-target-text\" class=\"tw-data-text tw-text-large tw-ta\" dir=\"ltr\" tabindex=\"-1\" role=\"text\" data-placeholder=\"Traduction\" data-ved=\"2ahUKEwjUw5z1gaaQAxUtTaQEHcQpJtoQ3ewLegQICxAV\" aria-label=\"Texte traduit\u00a0: Num\u00e9ro de mod\u00e8le\u00a0: LF-AB02\r\nDimensions\u00a0: L\u00a0128\u00a0x\u00a0P\u00a0226\u00a0x\u00a0H\u00a0181\u00a0cm\r\nJoueur\u00a02\r\nNom\u00a0: STAR HOCKEY\r\nUtilisation du billet facultative\"><span class=\"Y2IQFc\" lang=\"fr\">Nom\u00a0<\/span><\/pre>\n<\/td>\n<td>STAR HOCKEY<\/td>\n<\/tr>\n<tr>\n<td>\n<pre id=\"tw-target-text\" class=\"tw-data-text tw-text-large tw-ta\" dir=\"ltr\" tabindex=\"-1\" role=\"text\" data-placeholder=\"Traduction\" data-ved=\"2ahUKEwjUw5z1gaaQAxUtTaQEHcQpJtoQ3ewLegQICxAV\" aria-label=\"Texte traduit\u00a0: Num\u00e9ro de mod\u00e8le\u00a0: LF-AB02\r\nDimensions\u00a0: L\u00a0128\u00a0x\u00a0P\u00a0226\u00a0x\u00a0H\u00a0181\u00a0cm\r\nJoueur\u00a02\r\nNom\u00a0: STAR HOCKEY\r\nUtilisation du billet facultative\"><span class=\"Y2IQFc\" lang=\"fr\">Utilisation du billet<\/span><\/pre>\n<\/td>\n<td>\n<p id=\"tw-target-text\" class=\"tw-data-text tw-text-large tw-ta\" dir=\"ltr\" tabindex=\"-1\" role=\"text\" data-placeholder=\"Traduction\" data-ved=\"2ahUKEwjUw5z1gaaQAxUtTaQEHcQpJtoQ3ewLegQICxAV\" aria-label=\"Texte traduit\u00a0: Num\u00e9ro de mod\u00e8le\u00a0: LF-AB02\nDimensions\u00a0: L\u00a0128\u00a0x\u00a0P\u00a0226\u00a0x\u00a0H\u00a0181\u00a0cm\nJoueur\u00a02\nNom\u00a0: STAR HOCKEY\nUtilisation du billet facultative\"><span class=\"Y2IQFc\" lang=\"fr\">facultative<\/span><\/p>\n<\/td>\n<\/tr>\n<\/tbody>\n<\/table>\n","protected":false},"excerpt":{"rendered":"<div class=\"elementor-element elementor-element-64e0239 elementor-widget elementor-widget-text-editor\" data-id=\"64e0239\" data-element_type=\"widget\" data-widget_type=\"text-editor.default\">\n<div class=\"elementor-widget-container\">Am\u00e9liorez votre salle de jeux ou de divertissement avec notre table de air hockey \u00e0 pi\u00e8ces de luxe. Dot\u00e9e d&rsquo;un design \u00e9l\u00e9gant, d&rsquo;une construction robuste et d&rsquo;une jouabilit\u00e9 fluide, cette table de air hockey de qualit\u00e9 professionnelle offre des duels palpitants qui attirent les joueurs de tous \u00e2ges et stimulent l&rsquo;engagement et les revenus de la salle.<\/div>\n<\/div>\n<div class=\"elementor-element elementor-element-63b0c602 elementor-widget elementor-widget-wp-widget-bcn_widget\" data-id=\"63b0c602\" data-element_type=\"widget\" data-widget_type=\"wp-widget-bcn_widget.default\">\n<div class=\"elementor-widget-container\"><\/div>\n<\/div>\n","protected":false},"featured_media":845,"template":"","meta":[],"product_brand":[],"product_cat":[424,383],"product_tag":[],"class_list":{"0":"post-2838","1":"product","2":"type-product","3":"status-publish","4":"has-post-thumbnail","6":"product_cat-hockey-aerien","7":"product_cat-jeux-interactifs-jeux-avec-monnayeur","9":"first","10":"instock","11":"shipping-taxable","12":"product-type-simple"},"_links":{"self":[{"href":"https:\/\/www.alfadu-amusement.com\/index.php?rest_route=\/wp\/v2\/product\/2838","targetHints":{"allow":["GET"]}}],"collection":[{"href":"https:\/\/www.alfadu-amusement.com\/index.php?rest_route=\/wp\/v2\/product"}],"about":[{"href":"https:\/\/www.alfadu-amusement.com\/index.php?rest_route=\/wp\/v2\/types\/product"}],"wp:featuredmedia":[{"embeddable":true,"href":"https:\/\/www.alfadu-amusement.com\/index.php?rest_route=\/wp\/v2\/media\/845"}],"wp:attachment":[{"href":"https:\/\/www.alfadu-amusement.com\/index.php?rest_route=%2Fwp%2Fv2%2Fmedia&parent=2838"}],"wp:term":[{"taxonomy":"product_brand","embeddable":true,"href":"https:\/\/www.alfadu-amusement.com\/index.php?rest_route=%2Fwp%2Fv2%2Fproduct_brand&post=2838"},{"taxonomy":"product_cat","embeddable":true,"href":"https:\/\/www.alfadu-amusement.com\/index.php?rest_route=%2Fwp%2Fv2%2Fproduct_cat&post=2838"},{"taxonomy":"product_tag","embeddable":true,"href":"https:\/\/www.alfadu-amusement.com\/index.php?rest_route=%2Fwp%2Fv2%2Fproduct_tag&post=2838"}],"curies":[{"name":"wp","href":"https:\/\/api.w.org\/{rel}","templated":true}]}}