{"id":2845,"date":"2025-10-15T11:11:37","date_gmt":"2025-10-15T11:11:37","guid":{"rendered":"https:\/\/www.alfadu-amusement.com\/?post_type=product&#038;p=2845"},"modified":"2025-10-15T11:11:37","modified_gmt":"2025-10-15T11:11:37","slug":"tir-de-basket-ball-commercial","status":"publish","type":"product","link":"https:\/\/www.alfadu-amusement.com\/?product=tir-de-basket-ball-commercial&lang=fr","title":{"rendered":"TIR DE BASKET-BALL COMMERCIAL"},"content":{"rendered":"<table class=\"has-text-color has-link-color has-border-color has-fixed-layout\">\n<tbody>\n<tr>\n<td>\n<pre id=\"tw-target-text\" class=\"tw-data-text tw-text-large tw-ta\" dir=\"ltr\" tabindex=\"-1\" role=\"text\" data-placeholder=\"Traduction\" data-ved=\"2ahUKEwjUw5z1gaaQAxUtTaQEHcQpJtoQ3ewLegQICxAV\" aria-label=\"Texte traduit\u00a0: Num\u00e9ro de mod\u00e8le\u00a0: LF-BSK01\r\nDimensions\u00a0: L 100\u00a0\u00d7 P 230\u00a0\u00d7 H 236\u00a0cm\r\nDimensions (pliable)\u00a0: L 120\u00a0\u00d7 P 135\u00a0\u00d7 H 135\u00a0cm\r\nNom\u00a0: Jeu de basket pliable\r\nAlimentation\u00a0: 110\u00a0V\/220\u00a0V, 130\u00a0W\r\nJoueur\u00a01\r\nUtilisation de billets en option\r\nConnectivit\u00e9 prise en charge\"><span class=\"Y2IQFc\" lang=\"fr\">Num\u00e9ro de mod\u00e8le<\/span><\/pre>\n<\/td>\n<td>LF-BSK01<\/td>\n<\/tr>\n<tr>\n<td>\n<pre id=\"tw-target-text\" class=\"tw-data-text tw-text-large tw-ta\" dir=\"ltr\" tabindex=\"-1\" role=\"text\" data-placeholder=\"Traduction\" data-ved=\"2ahUKEwjUw5z1gaaQAxUtTaQEHcQpJtoQ3ewLegQICxAV\" aria-label=\"Texte traduit\u00a0: Num\u00e9ro de mod\u00e8le\u00a0: LF-BSK01\r\nDimensions\u00a0: L 100\u00a0\u00d7 P 230\u00a0\u00d7 H 236\u00a0cm\r\nDimensions (pliable)\u00a0: L 120\u00a0\u00d7 P 135\u00a0\u00d7 H 135\u00a0cm\r\nNom\u00a0: Jeu de basket pliable\r\nAlimentation\u00a0: 110\u00a0V\/220\u00a0V, 130\u00a0W\r\nJoueur\u00a01\r\nUtilisation de billets en option\r\nConnectivit\u00e9 prise en charge\"><span class=\"Y2IQFc\" lang=\"fr\">Dimensions\u00a0<\/span><\/pre>\n<\/td>\n<td>W100 \u00d7 D230 \u00d7 H236 cm<\/td>\n<\/tr>\n<tr>\n<td>\n<pre id=\"tw-target-text\" class=\"tw-data-text tw-text-large tw-ta\" dir=\"ltr\" tabindex=\"-1\" role=\"text\" data-placeholder=\"Traduction\" data-ved=\"2ahUKEwjUw5z1gaaQAxUtTaQEHcQpJtoQ3ewLegQICxAV\" aria-label=\"Texte traduit\u00a0: Num\u00e9ro de mod\u00e8le\u00a0: LF-BSK01\r\nDimensions\u00a0: L 100\u00a0\u00d7 P 230\u00a0\u00d7 H 236\u00a0cm\r\nDimensions (pliable)\u00a0: L 120\u00a0\u00d7 P 135\u00a0\u00d7 H 135\u00a0cm\r\nNom\u00a0: Jeu de basket pliable\r\nAlimentation\u00a0: 110\u00a0V\/220\u00a0V, 130\u00a0W\r\nJoueur\u00a01\r\nUtilisation de billets en option\r\nConnectivit\u00e9 prise en charge\"><span class=\"Y2IQFc\" lang=\"fr\">Dimensions (pliable)\u00a0<\/span><\/pre>\n<\/td>\n<td>W120 \u00d7 D135 \u00d7 H135 cm<\/td>\n<\/tr>\n<tr>\n<td>\n<pre id=\"tw-target-text\" class=\"tw-data-text tw-text-large tw-ta\" dir=\"ltr\" tabindex=\"-1\" role=\"text\" data-placeholder=\"Traduction\" data-ved=\"2ahUKEwjUw5z1gaaQAxUtTaQEHcQpJtoQ3ewLegQICxAV\" aria-label=\"Texte traduit\u00a0: Num\u00e9ro de mod\u00e8le\u00a0: LF-BSK01\r\nDimensions\u00a0: L 100\u00a0\u00d7 P 230\u00a0\u00d7 H 236\u00a0cm\r\nDimensions (pliable)\u00a0: L 120\u00a0\u00d7 P 135\u00a0\u00d7 H 135\u00a0cm\r\nNom\u00a0: Jeu de basket pliable\r\nAlimentation\u00a0: 110\u00a0V\/220\u00a0V, 130\u00a0W\r\nJoueur\u00a01\r\nUtilisation de billets en option\r\nConnectivit\u00e9 prise en charge\"><span class=\"Y2IQFc\" lang=\"fr\">Nom\u00a0<\/span><\/pre>\n<\/td>\n<td>Collapsible Basketball Game<\/td>\n<\/tr>\n<tr>\n<td>\n<pre id=\"tw-target-text\" class=\"tw-data-text tw-text-large tw-ta\" dir=\"ltr\" tabindex=\"-1\" role=\"text\" data-placeholder=\"Traduction\" data-ved=\"2ahUKEwjUw5z1gaaQAxUtTaQEHcQpJtoQ3ewLegQICxAV\" aria-label=\"Texte traduit\u00a0: Num\u00e9ro de mod\u00e8le\u00a0: LF-BSK01\r\nDimensions\u00a0: L 100\u00a0\u00d7 P 230\u00a0\u00d7 H 236\u00a0cm\r\nDimensions (pliable)\u00a0: L 120\u00a0\u00d7 P 135\u00a0\u00d7 H 135\u00a0cm\r\nNom\u00a0: Jeu de basket pliable\r\nAlimentation\u00a0: 110\u00a0V\/220\u00a0V, 130\u00a0W\r\nJoueur\u00a01\r\nUtilisation de billets en option\r\nConnectivit\u00e9 prise en charge\"><span class=\"Y2IQFc\" lang=\"fr\">Alimentation\u00a0<\/span><\/pre>\n<\/td>\n<td>110V \/ 220V, 130W<\/td>\n<\/tr>\n<tr>\n<td>\n<pre id=\"tw-target-text\" class=\"tw-data-text tw-text-large tw-ta\" dir=\"ltr\" tabindex=\"-1\" role=\"text\" data-placeholder=\"Traduction\" data-ved=\"2ahUKEwjUw5z1gaaQAxUtTaQEHcQpJtoQ3ewLegQICxAV\" aria-label=\"Texte traduit\u00a0: Num\u00e9ro de mod\u00e8le\u00a0: LF-BSK01\r\nDimensions\u00a0: L 100\u00a0\u00d7 P 230\u00a0\u00d7 H 236\u00a0cm\r\nDimensions (pliable)\u00a0: L 120\u00a0\u00d7 P 135\u00a0\u00d7 H 135\u00a0cm\r\nNom\u00a0: Jeu de basket pliable\r\nAlimentation\u00a0: 110\u00a0V\/220\u00a0V, 130\u00a0W\r\nJoueur\u00a01\r\nUtilisation de billets en option\r\nConnectivit\u00e9 prise en charge\"><span class=\"Y2IQFc\" lang=\"fr\">Joueur\u00a0<\/span><\/pre>\n<\/td>\n<td>1<\/td>\n<\/tr>\n<tr>\n<td>\n<pre id=\"tw-target-text\" class=\"tw-data-text tw-text-large tw-ta\" dir=\"ltr\" tabindex=\"-1\" role=\"text\" data-placeholder=\"Traduction\" data-ved=\"2ahUKEwjUw5z1gaaQAxUtTaQEHcQpJtoQ3ewLegQICxAV\" aria-label=\"Texte traduit\u00a0: Num\u00e9ro de mod\u00e8le\u00a0: LF-BSK01\r\nDimensions\u00a0: L 100\u00a0\u00d7 P 230\u00a0\u00d7 H 236\u00a0cm\r\nDimensions (pliable)\u00a0: L 120\u00a0\u00d7 P 135\u00a0\u00d7 H 135\u00a0cm\r\nNom\u00a0: Jeu de basket pliable\r\nAlimentation\u00a0: 110\u00a0V\/220\u00a0V, 130\u00a0W\r\nJoueur\u00a01\r\nUtilisation de billets en option\r\nConnectivit\u00e9 prise en charge\"><span class=\"Y2IQFc\" lang=\"fr\">Utilisation de billets<\/span><\/pre>\n<\/td>\n<td>\n<p id=\"tw-target-text\" class=\"tw-data-text tw-text-large tw-ta\" dir=\"ltr\" tabindex=\"-1\" role=\"text\" data-placeholder=\"Traduction\" data-ved=\"2ahUKEwjUw5z1gaaQAxUtTaQEHcQpJtoQ3ewLegQICxAV\" aria-label=\"Texte traduit\u00a0: Num\u00e9ro de mod\u00e8le\u00a0: LF-BSK01\nDimensions\u00a0: L 100\u00a0\u00d7 P 230\u00a0\u00d7 H 236\u00a0cm\nDimensions (pliable)\u00a0: L 120\u00a0\u00d7 P 135\u00a0\u00d7 H 135\u00a0cm\nNom\u00a0: Jeu de basket pliable\nAlimentation\u00a0: 110\u00a0V\/220\u00a0V, 130\u00a0W\nJoueur\u00a01\nUtilisation de billets en option\nConnectivit\u00e9 prise en charge\"><span class=\"Y2IQFc\" lang=\"fr\">en option<\/span><\/p>\n<\/td>\n<\/tr>\n<tr>\n<td>\n<pre id=\"tw-target-text\" class=\"tw-data-text tw-text-large tw-ta\" dir=\"ltr\" tabindex=\"-1\" role=\"text\" data-placeholder=\"Traduction\" data-ved=\"2ahUKEwjUw5z1gaaQAxUtTaQEHcQpJtoQ3ewLegQICxAV\" aria-label=\"Texte traduit\u00a0: Num\u00e9ro de mod\u00e8le\u00a0: LF-BSK01\r\nDimensions\u00a0: L 100\u00a0\u00d7 P 230\u00a0\u00d7 H 236\u00a0cm\r\nDimensions (pliable)\u00a0: L 120\u00a0\u00d7 P 135\u00a0\u00d7 H 135\u00a0cm\r\nNom\u00a0: Jeu de basket pliable\r\nAlimentation\u00a0: 110\u00a0V\/220\u00a0V, 130\u00a0W\r\nJoueur\u00a01\r\nUtilisation de billets en option\r\nConnectivit\u00e9 prise en charge\"><span class=\"Y2IQFc\" lang=\"fr\">Connectivit\u00e9<\/span><\/pre>\n<\/td>\n<td>\n<p id=\"tw-target-text\" class=\"tw-data-text tw-text-large tw-ta\" dir=\"ltr\" tabindex=\"-1\" role=\"text\" data-placeholder=\"Traduction\" data-ved=\"2ahUKEwjUw5z1gaaQAxUtTaQEHcQpJtoQ3ewLegQICxAV\" aria-label=\"Texte traduit\u00a0: Num\u00e9ro de mod\u00e8le\u00a0: LF-BSK01\nDimensions\u00a0: L 100\u00a0\u00d7 P 230\u00a0\u00d7 H 236\u00a0cm\nDimensions (pliable)\u00a0: L 120\u00a0\u00d7 P 135\u00a0\u00d7 H 135\u00a0cm\nNom\u00a0: Jeu de basket pliable\nAlimentation\u00a0: 110\u00a0V\/220\u00a0V, 130\u00a0W\nJoueur\u00a01\nUtilisation de billets en option\nConnectivit\u00e9 prise en charge\"><span class=\"Y2IQFc\" lang=\"fr\">prise en charge<\/span><\/p>\n<\/td>\n<\/tr>\n<\/tbody>\n<\/table>\n","protected":false},"excerpt":{"rendered":"<p>Ajoutez une dimension comp\u00e9titive \u00e0 votre salle avec notre jeu de basket-ball \u00e0 pi\u00e8ces. Con\u00e7u pour les salles d&rsquo;arcade, les centres de loisirs familiaux et les parcs d&rsquo;attractions, ce lanceur de basket robuste offre des sensations fortes en solo ou \u00e0 plusieurs, attirant les joueurs et boostant l&rsquo;engagement client et les revenus.<\/p>\n","protected":false},"featured_media":861,"template":"","meta":[],"product_brand":[],"product_cat":[426,383],"product_tag":[],"class_list":{"0":"post-2845","1":"product","2":"type-product","3":"status-publish","4":"has-post-thumbnail","6":"product_cat-basketball-fr","7":"product_cat-jeux-interactifs-jeux-avec-monnayeur","9":"first","10":"instock","11":"shipping-taxable","12":"product-type-simple"},"_links":{"self":[{"href":"https:\/\/www.alfadu-amusement.com\/index.php?rest_route=\/wp\/v2\/product\/2845","targetHints":{"allow":["GET"]}}],"collection":[{"href":"https:\/\/www.alfadu-amusement.com\/index.php?rest_route=\/wp\/v2\/product"}],"about":[{"href":"https:\/\/www.alfadu-amusement.com\/index.php?rest_route=\/wp\/v2\/types\/product"}],"wp:featuredmedia":[{"embeddable":true,"href":"https:\/\/www.alfadu-amusement.com\/index.php?rest_route=\/wp\/v2\/media\/861"}],"wp:attachment":[{"href":"https:\/\/www.alfadu-amusement.com\/index.php?rest_route=%2Fwp%2Fv2%2Fmedia&parent=2845"}],"wp:term":[{"taxonomy":"product_brand","embeddable":true,"href":"https:\/\/www.alfadu-amusement.com\/index.php?rest_route=%2Fwp%2Fv2%2Fproduct_brand&post=2845"},{"taxonomy":"product_cat","embeddable":true,"href":"https:\/\/www.alfadu-amusement.com\/index.php?rest_route=%2Fwp%2Fv2%2Fproduct_cat&post=2845"},{"taxonomy":"product_tag","embeddable":true,"href":"https:\/\/www.alfadu-amusement.com\/index.php?rest_route=%2Fwp%2Fv2%2Fproduct_tag&post=2845"}],"curies":[{"name":"wp","href":"https:\/\/api.w.org\/{rel}","templated":true}]}}