{"id":2868,"date":"2025-10-15T15:55:47","date_gmt":"2025-10-15T15:55:47","guid":{"rendered":"https:\/\/www.alfadu-amusement.com\/?post_type=product&#038;p=2868"},"modified":"2025-10-15T15:55:47","modified_gmt":"2025-10-15T15:55:47","slug":"amber-bus","status":"publish","type":"product","link":"https:\/\/www.alfadu-amusement.com\/?product=amber-bus&lang=fr","title":{"rendered":"AMBER BUS"},"content":{"rendered":"<div class=\"product-meta\">\n<p><strong>Br\u00e8ve description\u00a0:<\/strong><\/p>\n<p>Pr\u00e9sentation de la machine de jeu AMBER BUS\u00a0: Design unique, esth\u00e9tique et \u00e9pur\u00e9.<\/p>\n<p>Dimensions\u00a0: 1680 x 1120 x 1710 mm<\/p>\n<\/div>\n","protected":false},"excerpt":{"rendered":"<p>Pr\u00e9sentation de la machine de jeu<\/p>\n<p>AMBER BUS\u00a0: une esth\u00e9tique unique, \u00e9l\u00e9gante et \u00e9pur\u00e9e, ainsi qu&rsquo;un contenu de jeu captivant et captivant, tout cela contribue \u00e0 son succ\u00e8s.<\/p>\n<p>Le parc d&rsquo;attractions est tr\u00e8s populaire aupr\u00e8s des jeunes joueurs.<\/p>\n<p>Amba est le produit phare de notre entreprise en mati\u00e8re de recherche et d\u00e9veloppement de contenu de jeu pour enfants, associ\u00e9 \u00e0 une nouvelle exp\u00e9rience de jeu.<\/p>\n<p>Un autre chef-d&rsquo;\u0153uvre\u00a0: un mod\u00e8le incontournable dans les lieux de divertissement.<\/p>\n<p>Comment jouer\u00a0?<\/p>\n<p>La machine peut \u00eatre utilis\u00e9e par deux personnes simultan\u00e9ment, mais deux r\u00f4les diff\u00e9rents\u00a0: l&rsquo;une contr\u00f4le le volant et joue, l&rsquo;autre l&rsquo;\u00e9cran. Les deux r\u00f4les coop\u00e8rent pour jouer, id\u00e9al pour les jeux parents-enfants ou entre amis. Les deux r\u00f4les peuvent \u00e9galement fonctionner ind\u00e9pendamment, sans se g\u00eaner.<\/p>\n<p>Instructions de jeu\u00a0:<\/p>\n<p>1) Ins\u00e9rez la pi\u00e8ce et le jeu d\u00e9marre automatiquement.<\/p>\n<p>2) D\u00e9roulement du jeu\u00a0:<\/p>\n<p>Apr\u00e8s le d\u00e9marrage, une sc\u00e8ne appara\u00eet \u00e0 l&rsquo;\u00e9cran. Le joueur doit d&rsquo;abord profiter de cette magnifique animation. Ce court m\u00e9trage d&rsquo;animation permet de d\u00e9couvrir quel membre de la famille POLI a \u00e9t\u00e9 sali ou bless\u00e9 lors de l&rsquo;ex\u00e9cution de la t\u00e2che. Le joueur doit alors prendre soin de l&rsquo;objet ou le r\u00e9parer. Les membres de la famille POLI apr\u00e8s l&rsquo;animation.<\/p>\n<p>Mode de jeu\u00a0:<\/p>\n<p>Entretenez ou r\u00e9parez les membres de la POLI en appuyant sur les quatre boutons correspondants \u00e0 l&rsquo;\u00e9cran\u00a0; appuyez sur un bouton diff\u00e9rent \u00e0 chaque \u00e9tape.<\/p>\n<p>Deux astuces s&rsquo;affichent simultan\u00e9ment pour indiquer au joueur sur quel bouton appuyer pour terminer la t\u00e2che.<\/p>\n","protected":false},"featured_media":2198,"template":"","meta":[],"product_brand":[],"product_cat":[383,434],"product_tag":[],"class_list":{"0":"post-2868","1":"product","2":"type-product","3":"status-publish","4":"has-post-thumbnail","6":"product_cat-jeux-interactifs-jeux-avec-monnayeur","7":"product_cat-maneges-pour-enfants","9":"first","10":"instock","11":"shipping-taxable","12":"product-type-simple"},"_links":{"self":[{"href":"https:\/\/www.alfadu-amusement.com\/index.php?rest_route=\/wp\/v2\/product\/2868","targetHints":{"allow":["GET"]}}],"collection":[{"href":"https:\/\/www.alfadu-amusement.com\/index.php?rest_route=\/wp\/v2\/product"}],"about":[{"href":"https:\/\/www.alfadu-amusement.com\/index.php?rest_route=\/wp\/v2\/types\/product"}],"wp:featuredmedia":[{"embeddable":true,"href":"https:\/\/www.alfadu-amusement.com\/index.php?rest_route=\/wp\/v2\/media\/2198"}],"wp:attachment":[{"href":"https:\/\/www.alfadu-amusement.com\/index.php?rest_route=%2Fwp%2Fv2%2Fmedia&parent=2868"}],"wp:term":[{"taxonomy":"product_brand","embeddable":true,"href":"https:\/\/www.alfadu-amusement.com\/index.php?rest_route=%2Fwp%2Fv2%2Fproduct_brand&post=2868"},{"taxonomy":"product_cat","embeddable":true,"href":"https:\/\/www.alfadu-amusement.com\/index.php?rest_route=%2Fwp%2Fv2%2Fproduct_cat&post=2868"},{"taxonomy":"product_tag","embeddable":true,"href":"https:\/\/www.alfadu-amusement.com\/index.php?rest_route=%2Fwp%2Fv2%2Fproduct_tag&post=2868"}],"curies":[{"name":"wp","href":"https:\/\/api.w.org\/{rel}","templated":true}]}}