{"id":3026,"date":"2025-10-24T15:36:47","date_gmt":"2025-10-24T15:36:47","guid":{"rendered":"https:\/\/www.alfadu-amusement.com\/?post_type=product&#038;p=3026"},"modified":"2025-10-24T15:36:47","modified_gmt":"2025-10-24T15:36:47","slug":"battre-le-monstre","status":"publish","type":"product","link":"https:\/\/www.alfadu-amusement.com\/?product=battre-le-monstre&lang=fr","title":{"rendered":"Battre le monstre"},"content":{"rendered":"<table class=\"has-text-color has-link-color has-border-color has-fixed-layout\" width=\"739\">\n<tbody>\n<tr>\n<td>\n<pre id=\"tw-target-text\" class=\"tw-data-text tw-text-large tw-ta\" dir=\"ltr\" tabindex=\"-1\" role=\"text\" data-placeholder=\"Traduction\" data-ved=\"2ahUKEwjX5qu2i72QAxXVVqQEHRd5Ik8Q3ewLegQIDBAV\" aria-label=\"Texte traduit\u00a0: Num\u00e9ro de mod\u00e8le MNG-000155\r\nDimensions\u00a0: L\u00a02910\u00a0\u00d7 l\u00a01130\u00a0\u00d7 H\u00a02700\r\nAlimentation\u00a0: 220\u00a0V\r\nPoids\u00a0: 378,5\u00a0kg\"><span class=\"Y2IQFc\" lang=\"fr\">Num\u00e9ro de mod\u00e8le<\/span><\/pre>\n<\/td>\n<td>MNG-000155<\/td>\n<\/tr>\n<tr>\n<td>\n<pre id=\"tw-target-text\" class=\"tw-data-text tw-text-large tw-ta\" dir=\"ltr\" tabindex=\"-1\" role=\"text\" data-placeholder=\"Traduction\" data-ved=\"2ahUKEwjX5qu2i72QAxXVVqQEHRd5Ik8Q3ewLegQIDBAV\" aria-label=\"Texte traduit\u00a0: Num\u00e9ro de mod\u00e8le MNG-000155\r\nDimensions\u00a0: L\u00a02910\u00a0\u00d7 l\u00a01130\u00a0\u00d7 H\u00a02700\r\nAlimentation\u00a0: 220\u00a0V\r\nPoids\u00a0: 378,5\u00a0kg\"><span class=\"Y2IQFc\" lang=\"fr\">Dimensions\u00a0<\/span><\/pre>\n<\/td>\n<td>L2910\u00d7W1130\u00d7H2700<\/td>\n<\/tr>\n<tr>\n<td>\n<pre id=\"tw-target-text\" class=\"tw-data-text tw-text-large tw-ta\" dir=\"ltr\" tabindex=\"-1\" role=\"text\" data-placeholder=\"Traduction\" data-ved=\"2ahUKEwjX5qu2i72QAxXVVqQEHRd5Ik8Q3ewLegQIDBAV\" aria-label=\"Texte traduit\u00a0: Num\u00e9ro de mod\u00e8le MNG-000155\r\nDimensions\u00a0: L\u00a02910\u00a0\u00d7 l\u00a01130\u00a0\u00d7 H\u00a02700\r\nAlimentation\u00a0: 220\u00a0V\r\nPoids\u00a0: 378,5\u00a0kg\"><span class=\"Y2IQFc\" lang=\"fr\">Alimentation\u00a0<\/span><\/pre>\n<\/td>\n<td>220V<\/td>\n<\/tr>\n<tr>\n<td>\n<pre id=\"tw-target-text\" class=\"tw-data-text tw-text-large tw-ta\" dir=\"ltr\" tabindex=\"-1\" role=\"text\" data-placeholder=\"Traduction\" data-ved=\"2ahUKEwjX5qu2i72QAxXVVqQEHRd5Ik8Q3ewLegQIDBAV\" aria-label=\"Texte traduit\u00a0: Num\u00e9ro de mod\u00e8le MNG-000155\r\nDimensions\u00a0: L\u00a02910\u00a0\u00d7 l\u00a01130\u00a0\u00d7 H\u00a02700\r\nAlimentation\u00a0: 220\u00a0V\r\nPoids\u00a0: 378,5\u00a0kg\"><span class=\"Y2IQFc\" lang=\"fr\">Poids\u00a0<\/span><\/pre>\n<\/td>\n<td>378.5KG<\/td>\n<\/tr>\n<\/tbody>\n<\/table>\n","protected":false},"excerpt":{"rendered":"<p><strong>Caract\u00e9ristiques de ce produit\u00a0:<\/strong><br \/>\nLe jeu d\u00e9marre apr\u00e8s l&rsquo;insertion de la pi\u00e8ce. Les monstres \u00e9voluent en orbite. Les joueurs doivent tirer sur les monstres avec des pistolets. Vous pouvez choisir entre le mode solo ou le mode deux joueurs. En mode deux joueurs, les joueurs peuvent coop\u00e9rer pour abattre les monstres. Pendant le tir, les joueurs ressentiront des vibrations \u00e9videntes sur les murs et entendront une musique de fond. Profitez pleinement du plaisir du tir\u00a0!<\/p>\n","protected":false},"featured_media":1782,"template":"","meta":[],"product_brand":[],"product_cat":[428,383],"product_tag":[],"class_list":{"0":"post-3026","1":"product","2":"type-product","3":"status-publish","4":"has-post-thumbnail","6":"product_cat-jeu-de-carnaval","7":"product_cat-jeux-interactifs-jeux-avec-monnayeur","9":"first","10":"instock","11":"shipping-taxable","12":"product-type-simple"},"_links":{"self":[{"href":"https:\/\/www.alfadu-amusement.com\/index.php?rest_route=\/wp\/v2\/product\/3026","targetHints":{"allow":["GET"]}}],"collection":[{"href":"https:\/\/www.alfadu-amusement.com\/index.php?rest_route=\/wp\/v2\/product"}],"about":[{"href":"https:\/\/www.alfadu-amusement.com\/index.php?rest_route=\/wp\/v2\/types\/product"}],"wp:featuredmedia":[{"embeddable":true,"href":"https:\/\/www.alfadu-amusement.com\/index.php?rest_route=\/wp\/v2\/media\/1782"}],"wp:attachment":[{"href":"https:\/\/www.alfadu-amusement.com\/index.php?rest_route=%2Fwp%2Fv2%2Fmedia&parent=3026"}],"wp:term":[{"taxonomy":"product_brand","embeddable":true,"href":"https:\/\/www.alfadu-amusement.com\/index.php?rest_route=%2Fwp%2Fv2%2Fproduct_brand&post=3026"},{"taxonomy":"product_cat","embeddable":true,"href":"https:\/\/www.alfadu-amusement.com\/index.php?rest_route=%2Fwp%2Fv2%2Fproduct_cat&post=3026"},{"taxonomy":"product_tag","embeddable":true,"href":"https:\/\/www.alfadu-amusement.com\/index.php?rest_route=%2Fwp%2Fv2%2Fproduct_tag&post=3026"}],"curies":[{"name":"wp","href":"https:\/\/api.w.org\/{rel}","templated":true}]}}