{"id":3039,"date":"2025-10-29T11:58:27","date_gmt":"2025-10-29T11:58:27","guid":{"rendered":"https:\/\/www.alfadu-amusement.com\/?post_type=product&#038;p=3039"},"modified":"2025-10-29T11:58:27","modified_gmt":"2025-10-29T11:58:27","slug":"carnaval-drole","status":"publish","type":"product","link":"https:\/\/www.alfadu-amusement.com\/?product=carnaval-drole&lang=fr","title":{"rendered":"Carnaval dr\u00f4le"},"content":{"rendered":"<table class=\"has-text-color has-link-color has-border-color has-fixed-layout\" width=\"739\">\n<tbody>\n<tr>\n<td>\n<pre id=\"tw-target-text\" class=\"tw-data-text tw-text-large tw-ta\" dir=\"ltr\" tabindex=\"-1\" role=\"text\" data-placeholder=\"Traduction\" data-ved=\"2ahUKEwiy8JHArMmQAxWDNPsDHc6JAtsQ3ewLegQIDBAV\" aria-label=\"Texte traduit\u00a0: R\u00e9f\u00e9rence\u00a0: MNG-00011\r\n\r\nDimensions\u00a0: L 1820\u00a0\u00d7\u00a0l 770\u00a0\u00d7\u00a0H 2050\u00a0mm\r\n\r\nPuissance\u00a0: 150-300\u00a0W, 220\u00a0V\r\n\r\nPoids\"><span class=\"Y2IQFc\" lang=\"fr\">R\u00e9f\u00e9rence\u00a0<\/span><\/pre>\n<\/td>\n<td>MNG-00011<\/td>\n<\/tr>\n<tr>\n<td>\n<pre id=\"tw-target-text\" class=\"tw-data-text tw-text-large tw-ta\" dir=\"ltr\" tabindex=\"-1\" role=\"text\" data-placeholder=\"Traduction\" data-ved=\"2ahUKEwiy8JHArMmQAxWDNPsDHc6JAtsQ3ewLegQIDBAV\" aria-label=\"Texte traduit\u00a0: R\u00e9f\u00e9rence\u00a0: MNG-00011\r\n\r\nDimensions\u00a0: L 1820\u00a0\u00d7\u00a0l 770\u00a0\u00d7\u00a0H 2050\u00a0mm\r\n\r\nPuissance\u00a0: 150-300\u00a0W, 220\u00a0V\r\n\r\nPoids\"><span class=\"Y2IQFc\" lang=\"fr\">Dimensions\u00a0<\/span><\/pre>\n<\/td>\n<td>L1820*W770*H2050<\/td>\n<\/tr>\n<tr>\n<td>\n<pre id=\"tw-target-text\" class=\"tw-data-text tw-text-large tw-ta\" dir=\"ltr\" tabindex=\"-1\" role=\"text\" data-placeholder=\"Traduction\" data-ved=\"2ahUKEwiy8JHArMmQAxWDNPsDHc6JAtsQ3ewLegQIDBAV\" aria-label=\"Texte traduit\u00a0: R\u00e9f\u00e9rence\u00a0: MNG-00011\r\n\r\nDimensions\u00a0: L 1820\u00a0\u00d7\u00a0l 770\u00a0\u00d7\u00a0H 2050\u00a0mm\r\n\r\nPuissance\u00a0: 150-300\u00a0W, 220\u00a0V\r\n\r\nPoids\"><span class=\"Y2IQFc\" lang=\"fr\">Puissance\u00a0<\/span><\/pre>\n<\/td>\n<td>150-300W 220V<\/td>\n<\/tr>\n<tr>\n<td>\n<pre id=\"tw-target-text\" class=\"tw-data-text tw-text-large tw-ta\" dir=\"ltr\" tabindex=\"-1\" role=\"text\" data-placeholder=\"Traduction\" data-ved=\"2ahUKEwiy8JHArMmQAxWDNPsDHc6JAtsQ3ewLegQIDBAV\" aria-label=\"Texte traduit\u00a0: R\u00e9f\u00e9rence\u00a0: MNG-00011\r\n\r\nDimensions\u00a0: L 1820\u00a0\u00d7\u00a0l 770\u00a0\u00d7\u00a0H 2050\u00a0mm\r\n\r\nPuissance\u00a0: 150-300\u00a0W, 220\u00a0V\r\n\r\nPoids\"><span class=\"Y2IQFc\" lang=\"fr\">Poids<\/span><\/pre>\n<\/td>\n<td>175KG<\/td>\n<\/tr>\n<\/tbody>\n<\/table>\n","protected":false},"excerpt":{"rendered":"<p><strong>Caract\u00e9ristiques de ce produit\u00a0:<\/strong><\/p>\n<p>Apr\u00e8s le d\u00e9but du jeu de lancer de pi\u00e8ces, la porte s&rsquo;ouvre pour lancer les balles. Ramassez la balle et frappez le clown pour marquer des points. Les cris du clown et les effets lumineux brillants rendent ce jeu de lancer de balles stimulant et tr\u00e8s appr\u00e9ci\u00e9 des enfants.<\/p>\n","protected":false},"featured_media":1771,"template":"","meta":[],"product_brand":[],"product_cat":[428,383],"product_tag":[],"class_list":{"0":"post-3039","1":"product","2":"type-product","3":"status-publish","4":"has-post-thumbnail","6":"product_cat-jeu-de-carnaval","7":"product_cat-jeux-interactifs-jeux-avec-monnayeur","9":"first","10":"instock","11":"shipping-taxable","12":"product-type-simple"},"_links":{"self":[{"href":"https:\/\/www.alfadu-amusement.com\/index.php?rest_route=\/wp\/v2\/product\/3039","targetHints":{"allow":["GET"]}}],"collection":[{"href":"https:\/\/www.alfadu-amusement.com\/index.php?rest_route=\/wp\/v2\/product"}],"about":[{"href":"https:\/\/www.alfadu-amusement.com\/index.php?rest_route=\/wp\/v2\/types\/product"}],"wp:featuredmedia":[{"embeddable":true,"href":"https:\/\/www.alfadu-amusement.com\/index.php?rest_route=\/wp\/v2\/media\/1771"}],"wp:attachment":[{"href":"https:\/\/www.alfadu-amusement.com\/index.php?rest_route=%2Fwp%2Fv2%2Fmedia&parent=3039"}],"wp:term":[{"taxonomy":"product_brand","embeddable":true,"href":"https:\/\/www.alfadu-amusement.com\/index.php?rest_route=%2Fwp%2Fv2%2Fproduct_brand&post=3039"},{"taxonomy":"product_cat","embeddable":true,"href":"https:\/\/www.alfadu-amusement.com\/index.php?rest_route=%2Fwp%2Fv2%2Fproduct_cat&post=3039"},{"taxonomy":"product_tag","embeddable":true,"href":"https:\/\/www.alfadu-amusement.com\/index.php?rest_route=%2Fwp%2Fv2%2Fproduct_tag&post=3039"}],"curies":[{"name":"wp","href":"https:\/\/api.w.org\/{rel}","templated":true}]}}