{"id":3057,"date":"2025-10-29T12:17:59","date_gmt":"2025-10-29T12:17:59","guid":{"rendered":"https:\/\/www.alfadu-amusement.com\/?post_type=product&#038;p=3057"},"modified":"2025-10-29T12:17:59","modified_gmt":"2025-10-29T12:17:59","slug":"chateau-arc-en-ciel-mng-00001","status":"publish","type":"product","link":"https:\/\/www.alfadu-amusement.com\/?product=chateau-arc-en-ciel-mng-00001&lang=fr","title":{"rendered":"Ch\u00e2teau Arc-en-ciel MNG-00001"},"content":{"rendered":"<table class=\"has-text-color has-link-color has-border-color has-fixed-layout\" width=\"739\">\n<tbody>\n<tr>\n<td>\n<pre id=\"tw-target-text\" class=\"tw-data-text tw-text-large tw-ta\" dir=\"ltr\" tabindex=\"-1\" role=\"text\" data-placeholder=\"Traduction\" data-ved=\"2ahUKEwiy8JHArMmQAxWDNPsDHc6JAtsQ3ewLegQIDBAV\" aria-label=\"Texte traduit\u00a0: R\u00e9f\u00e9rence\u00a0: MNG-00001\r\n\r\nDimensions\u00a0: L 1400\u00a0\u00d7\u00a0l 1100\u00a0\u00d7\u00a0H 2650\u00a0mm\r\n\r\nPuissance\u00a0: 200-500\u00a0W, 220\u00a0V\r\n\r\nPoids\"><span class=\"Y2IQFc\" lang=\"fr\">R\u00e9f\u00e9rence\u00a0<\/span><\/pre>\n<\/td>\n<td>MNG-00001<\/td>\n<\/tr>\n<tr>\n<td>\n<pre id=\"tw-target-text\" class=\"tw-data-text tw-text-large tw-ta\" dir=\"ltr\" tabindex=\"-1\" role=\"text\" data-placeholder=\"Traduction\" data-ved=\"2ahUKEwiy8JHArMmQAxWDNPsDHc6JAtsQ3ewLegQIDBAV\" aria-label=\"Texte traduit\u00a0: R\u00e9f\u00e9rence\u00a0: MNG-00001\r\n\r\nDimensions\u00a0: L 1400\u00a0\u00d7\u00a0l 1100\u00a0\u00d7\u00a0H 2650\u00a0mm\r\n\r\nPuissance\u00a0: 200-500\u00a0W, 220\u00a0V\r\n\r\nPoids\"><span class=\"Y2IQFc\" lang=\"fr\">Dimensions\u00a0<\/span><\/pre>\n<\/td>\n<td>L1400*W1100*H2650<\/td>\n<\/tr>\n<tr>\n<td>\n<pre id=\"tw-target-text\" class=\"tw-data-text tw-text-large tw-ta\" dir=\"ltr\" tabindex=\"-1\" role=\"text\" data-placeholder=\"Traduction\" data-ved=\"2ahUKEwiy8JHArMmQAxWDNPsDHc6JAtsQ3ewLegQIDBAV\" aria-label=\"Texte traduit\u00a0: R\u00e9f\u00e9rence\u00a0: MNG-00001\r\n\r\nDimensions\u00a0: L 1400\u00a0\u00d7\u00a0l 1100\u00a0\u00d7\u00a0H 2650\u00a0mm\r\n\r\nPuissance\u00a0: 200-500\u00a0W, 220\u00a0V\r\n\r\nPoids\"><span class=\"Y2IQFc\" lang=\"fr\">Puissance\u00a0<\/span><\/pre>\n<\/td>\n<td>200-500W. 220V<\/td>\n<\/tr>\n<tr>\n<td>\n<pre id=\"tw-target-text\" class=\"tw-data-text tw-text-large tw-ta\" dir=\"ltr\" tabindex=\"-1\" role=\"text\" data-placeholder=\"Traduction\" data-ved=\"2ahUKEwiy8JHArMmQAxWDNPsDHc6JAtsQ3ewLegQIDBAV\" aria-label=\"Texte traduit\u00a0: R\u00e9f\u00e9rence\u00a0: MNG-00001\r\n\r\nDimensions\u00a0: L 1400\u00a0\u00d7\u00a0l 1100\u00a0\u00d7\u00a0H 2650\u00a0mm\r\n\r\nPuissance\u00a0: 200-500\u00a0W, 220\u00a0V\r\n\r\nPoids\"><span class=\"Y2IQFc\" lang=\"fr\">Poids<\/span><\/pre>\n<\/td>\n<td>266KG<\/td>\n<\/tr>\n<\/tbody>\n<\/table>\n","protected":false},"excerpt":{"rendered":"<p><strong>Caract\u00e9ristiques de ce produit :<\/strong><\/p>\n<p>Une fois la partie lanc\u00e9e, le souffleur situ\u00e9 en bas propulse la balle, qui retombe ensuite par le trou rond en haut. Lancez la balle dans le trou pour marquer des points. Ce jeu de lancer de balles, tr\u00e8s appr\u00e9ci\u00e9 des enfants, est particuli\u00e8rement captivant. La machine est \u00e9quip\u00e9e d&rsquo;un syst\u00e8me anti-triche int\u00e9gr\u00e9 emp\u00eachant les joueurs d&rsquo;utiliser d&rsquo;autres objets pour accumuler un grand nombre de tickets. Elle dispose \u00e9galement d&rsquo;un mode No\u00ebl. Appuyez sur la molette correspondante pour activer une musique de No\u00ebl.<\/p>\n","protected":false},"featured_media":1741,"template":"","meta":[],"product_brand":[],"product_cat":[428,383],"product_tag":[],"class_list":{"0":"post-3057","1":"product","2":"type-product","3":"status-publish","4":"has-post-thumbnail","6":"product_cat-jeu-de-carnaval","7":"product_cat-jeux-interactifs-jeux-avec-monnayeur","9":"first","10":"instock","11":"shipping-taxable","12":"product-type-simple"},"_links":{"self":[{"href":"https:\/\/www.alfadu-amusement.com\/index.php?rest_route=\/wp\/v2\/product\/3057","targetHints":{"allow":["GET"]}}],"collection":[{"href":"https:\/\/www.alfadu-amusement.com\/index.php?rest_route=\/wp\/v2\/product"}],"about":[{"href":"https:\/\/www.alfadu-amusement.com\/index.php?rest_route=\/wp\/v2\/types\/product"}],"wp:featuredmedia":[{"embeddable":true,"href":"https:\/\/www.alfadu-amusement.com\/index.php?rest_route=\/wp\/v2\/media\/1741"}],"wp:attachment":[{"href":"https:\/\/www.alfadu-amusement.com\/index.php?rest_route=%2Fwp%2Fv2%2Fmedia&parent=3057"}],"wp:term":[{"taxonomy":"product_brand","embeddable":true,"href":"https:\/\/www.alfadu-amusement.com\/index.php?rest_route=%2Fwp%2Fv2%2Fproduct_brand&post=3057"},{"taxonomy":"product_cat","embeddable":true,"href":"https:\/\/www.alfadu-amusement.com\/index.php?rest_route=%2Fwp%2Fv2%2Fproduct_cat&post=3057"},{"taxonomy":"product_tag","embeddable":true,"href":"https:\/\/www.alfadu-amusement.com\/index.php?rest_route=%2Fwp%2Fv2%2Fproduct_tag&post=3057"}],"curies":[{"name":"wp","href":"https:\/\/api.w.org\/{rel}","templated":true}]}}