{"id":3060,"date":"2025-10-29T12:20:50","date_gmt":"2025-10-29T12:20:50","guid":{"rendered":"https:\/\/www.alfadu-amusement.com\/?post_type=product&#038;p=3060"},"modified":"2025-10-29T12:20:50","modified_gmt":"2025-10-29T12:20:50","slug":"ticket-world-2","status":"publish","type":"product","link":"https:\/\/www.alfadu-amusement.com\/?product=ticket-world-2&lang=fr","title":{"rendered":"Ticket World"},"content":{"rendered":"<table class=\"has-text-color has-link-color has-border-color has-fixed-layout\" width=\"739\">\n<tbody>\n<tr>\n<td>\n<pre id=\"tw-target-text\" class=\"tw-data-text tw-text-large tw-ta\" dir=\"ltr\" tabindex=\"-1\" role=\"text\" data-placeholder=\"Traduction\" data-ved=\"2ahUKEwiy8JHArMmQAxWDNPsDHc6JAtsQ3ewLegQIDBAV\" aria-label=\"Texte traduit\u00a0: R\u00e9f\u00e9rence mod\u00e8le\u00a0: LEO-1.1.0021\r\nDimensions\u00a0: 77\u00a0x\u00a078\u00a0x\u00a0197\u00a0cm\r\nAlimentation\u00a0: 220\u00a0V\r\nPoids\"><span class=\"Y2IQFc\" lang=\"fr\">R\u00e9f\u00e9rence mod\u00e8le<\/span><\/pre>\n<\/td>\n<td>LEO-1.1.0021<\/td>\n<\/tr>\n<tr>\n<td>\n<pre id=\"tw-target-text\" class=\"tw-data-text tw-text-large tw-ta\" dir=\"ltr\" tabindex=\"-1\" role=\"text\" data-placeholder=\"Traduction\" data-ved=\"2ahUKEwiy8JHArMmQAxWDNPsDHc6JAtsQ3ewLegQIDBAV\" aria-label=\"Texte traduit\u00a0: R\u00e9f\u00e9rence mod\u00e8le\u00a0: LEO-1.1.0021\r\nDimensions\u00a0: 77\u00a0x\u00a078\u00a0x\u00a0197\u00a0cm\r\nAlimentation\u00a0: 220\u00a0V\r\nPoids\"><span class=\"Y2IQFc\" lang=\"fr\">Dimensions\u00a0<\/span><\/pre>\n<\/td>\n<td>77x78x197CM<\/td>\n<\/tr>\n<tr>\n<td>\n<pre id=\"tw-target-text\" class=\"tw-data-text tw-text-large tw-ta\" dir=\"ltr\" tabindex=\"-1\" role=\"text\" data-placeholder=\"Traduction\" data-ved=\"2ahUKEwiy8JHArMmQAxWDNPsDHc6JAtsQ3ewLegQIDBAV\" aria-label=\"Texte traduit\u00a0: R\u00e9f\u00e9rence mod\u00e8le\u00a0: LEO-1.1.0021\r\nDimensions\u00a0: 77\u00a0x\u00a078\u00a0x\u00a0197\u00a0cm\r\nAlimentation\u00a0: 220\u00a0V\r\nPoids\"><span class=\"Y2IQFc\" lang=\"fr\">Alimentation\u00a0<\/span><\/pre>\n<\/td>\n<td>220V<\/td>\n<\/tr>\n<tr>\n<td>\n<pre id=\"tw-target-text\" class=\"tw-data-text tw-text-large tw-ta\" dir=\"ltr\" tabindex=\"-1\" role=\"text\" data-placeholder=\"Traduction\" data-ved=\"2ahUKEwiy8JHArMmQAxWDNPsDHc6JAtsQ3ewLegQIDBAV\" aria-label=\"Texte traduit\u00a0: R\u00e9f\u00e9rence mod\u00e8le\u00a0: LEO-1.1.0021\r\nDimensions\u00a0: 77\u00a0x\u00a078\u00a0x\u00a0197\u00a0cm\r\nAlimentation\u00a0: 220\u00a0V\r\nPoids\"><span class=\"Y2IQFc\" lang=\"fr\">Poids<\/span><\/pre>\n<\/td>\n<td>150KG<\/td>\n<\/tr>\n<\/tbody>\n<\/table>\n<p><iframe title=\"Ticket World\" width=\"1140\" height=\"641\" src=\"https:\/\/www.youtube.com\/embed\/AbxMpudYQUI?feature=oembed\" frameborder=\"0\" allow=\"accelerometer; autoplay; clipboard-write; encrypted-media; gyroscope; picture-in-picture; web-share\" referrerpolicy=\"strict-origin-when-cross-origin\" allowfullscreen><\/iframe><\/p>\n","protected":false},"excerpt":{"rendered":"<div class=\"elementor-element elementor-element-c91532f elementor-widget__width-initial elementor-widget elementor-widget-shopengine-product-excerpt\" data-id=\"c91532f\" data-element_type=\"widget\" data-widget_type=\"shopengine-product-excerpt.default\">\n<div class=\"elementor-widget-container\">\n<div class=\"shopengine shopengine-widget\">\n<div class=\"shopengine-product-excerpt\">\n<div class=\"woocommerce-product-details__short-description\">\n<p>D\u00e9couvrez notre nouveau jeu de tickets : TICKET WORLD, qui offre d&rsquo;excellents revenus et une performance remarquable.<\/p>\n<p>Ticket World est une machine \u00e0 tickets palpitante et un jeu de hasard vous permettant de remporter de gros gains.<\/p>\n<p><strong>Comment jouer :<\/strong><\/p>\n<p>1. Ins\u00e9rez une pi\u00e8ce pour d\u00e9marrer la partie.<\/p>\n<p>2. Utilisez le joystick pour d\u00e9placer la pince.<\/p>\n<p>3. Appuyez sur le bouton pour attraper la bille.<\/p>\n<p>4. La bille lit la valeur du ticket gr\u00e2ce au d\u00e9tecteur.<\/p>\n<p>5. Apr\u00e8s la lecture de la valeur du ticket, la pince peut se d\u00e9placer \u00e0 gauche ou \u00e0 droite au-dessus de la zone bonus.<\/p>\n<p>6. Appuyez sur le bouton pour l\u00e2cher la bille et gagner un ticket bonus.<\/p>\n<p>7. Essayez de faire tomber la bille dans la case bonus pour d\u00e9crocher le gros lot.<\/p>\n<p>8. Le plateau tournant m\u00e9lange les billes.<\/p>\n<\/div>\n<\/div>\n<\/div>\n<\/div>\n<\/div>\n","protected":false},"featured_media":1528,"template":"","meta":[],"product_brand":[],"product_cat":[383,432],"product_tag":[],"class_list":{"0":"post-3060","1":"product","2":"type-product","3":"status-publish","4":"has-post-thumbnail","6":"product_cat-jeux-interactifs-jeux-avec-monnayeur","7":"product_cat-machine-a-grue","9":"first","10":"instock","11":"shipping-taxable","12":"product-type-simple"},"_links":{"self":[{"href":"https:\/\/www.alfadu-amusement.com\/index.php?rest_route=\/wp\/v2\/product\/3060","targetHints":{"allow":["GET"]}}],"collection":[{"href":"https:\/\/www.alfadu-amusement.com\/index.php?rest_route=\/wp\/v2\/product"}],"about":[{"href":"https:\/\/www.alfadu-amusement.com\/index.php?rest_route=\/wp\/v2\/types\/product"}],"wp:featuredmedia":[{"embeddable":true,"href":"https:\/\/www.alfadu-amusement.com\/index.php?rest_route=\/wp\/v2\/media\/1528"}],"wp:attachment":[{"href":"https:\/\/www.alfadu-amusement.com\/index.php?rest_route=%2Fwp%2Fv2%2Fmedia&parent=3060"}],"wp:term":[{"taxonomy":"product_brand","embeddable":true,"href":"https:\/\/www.alfadu-amusement.com\/index.php?rest_route=%2Fwp%2Fv2%2Fproduct_brand&post=3060"},{"taxonomy":"product_cat","embeddable":true,"href":"https:\/\/www.alfadu-amusement.com\/index.php?rest_route=%2Fwp%2Fv2%2Fproduct_cat&post=3060"},{"taxonomy":"product_tag","embeddable":true,"href":"https:\/\/www.alfadu-amusement.com\/index.php?rest_route=%2Fwp%2Fv2%2Fproduct_tag&post=3060"}],"curies":[{"name":"wp","href":"https:\/\/api.w.org\/{rel}","templated":true}]}}