{"id":3075,"date":"2025-10-29T20:04:01","date_gmt":"2025-10-29T20:04:01","guid":{"rendered":"https:\/\/www.alfadu-amusement.com\/?post_type=product&#038;p=3075"},"modified":"2025-10-29T20:04:01","modified_gmt":"2025-10-29T20:04:01","slug":"amour-rose","status":"publish","type":"product","link":"https:\/\/www.alfadu-amusement.com\/?product=amour-rose&lang=fr","title":{"rendered":"AMOUR ROSE"},"content":{"rendered":"<table class=\"has-text-color has-link-color has-border-color has-fixed-layout\" width=\"739\">\n<tbody>\n<tr>\n<td>\n<pre id=\"tw-target-text\" class=\"tw-data-text tw-text-large tw-ta\" dir=\"ltr\" tabindex=\"-1\" role=\"text\" data-placeholder=\"Traduction\" data-ved=\"2ahUKEwjAtd_JmMqQAxW0SaQEHdj1Me4Q3ewLegQIDBAV\" aria-label=\"Texte traduit\u00a0: R\u00e9f\u00e9rence mod\u00e8le\u00a0: LEO-1.1.0054\r\nDimensions\u00a0: 86\u00a0\u00d7\u00a090\u00a0\u00d7\u00a0206\u00a0cm\r\nAlimentation\u00a0: 220\u00a0V\r\nPoids\"><span class=\"Y2IQFc\" lang=\"fr\">R\u00e9f\u00e9rence mod\u00e8le<\/span><\/pre>\n<\/td>\n<td>LEO-<span style=\"font-family: inherit; font-size: inherit; -webkit-text-size-adjust: 100%;\">1.1.0054<\/span><\/td>\n<\/tr>\n<tr>\n<td>\n<pre id=\"tw-target-text\" class=\"tw-data-text tw-text-large tw-ta\" dir=\"ltr\" tabindex=\"-1\" role=\"text\" data-placeholder=\"Traduction\" data-ved=\"2ahUKEwjAtd_JmMqQAxW0SaQEHdj1Me4Q3ewLegQIDBAV\" aria-label=\"Texte traduit\u00a0: R\u00e9f\u00e9rence mod\u00e8le\u00a0: LEO-1.1.0054\r\nDimensions\u00a0: 86\u00a0\u00d7\u00a090\u00a0\u00d7\u00a0206\u00a0cm\r\nAlimentation\u00a0: 220\u00a0V\r\nPoids\"><span class=\"Y2IQFc\" lang=\"fr\">Dimensions<\/span><\/pre>\n<\/td>\n<td>86x90x206CM<\/td>\n<\/tr>\n<tr>\n<td>\n<pre id=\"tw-target-text\" class=\"tw-data-text tw-text-large tw-ta\" dir=\"ltr\" tabindex=\"-1\" role=\"text\" data-placeholder=\"Traduction\" data-ved=\"2ahUKEwjAtd_JmMqQAxW0SaQEHdj1Me4Q3ewLegQIDBAV\" aria-label=\"Texte traduit\u00a0: R\u00e9f\u00e9rence mod\u00e8le\u00a0: LEO-1.1.0054\r\nDimensions\u00a0: 86\u00a0\u00d7\u00a090\u00a0\u00d7\u00a0206\u00a0cm\r\nAlimentation\u00a0: 220\u00a0V\r\nPoids\"><span class=\"Y2IQFc\" lang=\"fr\">Alimentation<\/span><\/pre>\n<\/td>\n<td>220V<\/td>\n<\/tr>\n<tr>\n<td>\n<pre id=\"tw-target-text\" class=\"tw-data-text tw-text-large tw-ta\" dir=\"ltr\" tabindex=\"-1\" role=\"text\" data-placeholder=\"Traduction\" data-ved=\"2ahUKEwjAtd_JmMqQAxW0SaQEHdj1Me4Q3ewLegQIDBAV\" aria-label=\"Texte traduit\u00a0: R\u00e9f\u00e9rence mod\u00e8le\u00a0: LEO-1.1.0054\r\nDimensions\u00a0: 86\u00a0\u00d7\u00a090\u00a0\u00d7\u00a0206\u00a0cm\r\nAlimentation\u00a0: 220\u00a0V\r\nPoids\"><span class=\"Y2IQFc\" lang=\"fr\">Poids<\/span><\/pre>\n<\/td>\n<td>117KG<\/td>\n<\/tr>\n<\/tbody>\n<\/table>\n","protected":false},"excerpt":{"rendered":"<div class=\"elementor-element elementor-element-c91532f elementor-widget__width-initial elementor-widget elementor-widget-shopengine-product-excerpt\" data-id=\"c91532f\" data-element_type=\"widget\" data-widget_type=\"shopengine-product-excerpt.default\">\n<div class=\"elementor-widget-container\">\n<div class=\"shopengine shopengine-widget\">\n<div class=\"shopengine-product-excerpt\">\n<div class=\"woocommerce-product-details__short-description\">\n<p>La machine \u00e0 pince PINK LOVE est con\u00e7ue pour s\u00e9duire les jeunes joueurs, et plus particuli\u00e8rement les joueuses. D\u00e9cor\u00e9e de motifs et d&rsquo;\u00e9l\u00e9ments mignons, elle cr\u00e9e une ambiance chaleureuse et romantique. Trois couleurs sont disponibles\u00a0: rouge, jaune et bleu. Les joueurs peuvent attraper des prix dans le compartiment en manipulant la machine.<\/p>\n<p><strong>COMMENT JOUER<\/strong><\/p>\n<p>1. Ins\u00e9rez une pi\u00e8ce.<br \/>\n2. D\u00e9placez le joystick pour maintenir la pince sur la poup\u00e9e de votre choix.<br \/>\n3. Appuyez sur le bouton.<\/p>\n<p>4. Si vous parvenez \u00e0 attraper la poup\u00e9e et \u00e0 la faire sortir, vous remportez le prix.<\/p>\n<\/div>\n<\/div>\n<\/div>\n<\/div>\n<\/div>\n","protected":false},"featured_media":1268,"template":"","meta":[],"product_brand":[],"product_cat":[383,432],"product_tag":[],"class_list":{"0":"post-3075","1":"product","2":"type-product","3":"status-publish","4":"has-post-thumbnail","6":"product_cat-jeux-interactifs-jeux-avec-monnayeur","7":"product_cat-machine-a-grue","9":"first","10":"instock","11":"shipping-taxable","12":"product-type-simple"},"_links":{"self":[{"href":"https:\/\/www.alfadu-amusement.com\/index.php?rest_route=\/wp\/v2\/product\/3075","targetHints":{"allow":["GET"]}}],"collection":[{"href":"https:\/\/www.alfadu-amusement.com\/index.php?rest_route=\/wp\/v2\/product"}],"about":[{"href":"https:\/\/www.alfadu-amusement.com\/index.php?rest_route=\/wp\/v2\/types\/product"}],"wp:featuredmedia":[{"embeddable":true,"href":"https:\/\/www.alfadu-amusement.com\/index.php?rest_route=\/wp\/v2\/media\/1268"}],"wp:attachment":[{"href":"https:\/\/www.alfadu-amusement.com\/index.php?rest_route=%2Fwp%2Fv2%2Fmedia&parent=3075"}],"wp:term":[{"taxonomy":"product_brand","embeddable":true,"href":"https:\/\/www.alfadu-amusement.com\/index.php?rest_route=%2Fwp%2Fv2%2Fproduct_brand&post=3075"},{"taxonomy":"product_cat","embeddable":true,"href":"https:\/\/www.alfadu-amusement.com\/index.php?rest_route=%2Fwp%2Fv2%2Fproduct_cat&post=3075"},{"taxonomy":"product_tag","embeddable":true,"href":"https:\/\/www.alfadu-amusement.com\/index.php?rest_route=%2Fwp%2Fv2%2Fproduct_tag&post=3075"}],"curies":[{"name":"wp","href":"https:\/\/api.w.org\/{rel}","templated":true}]}}