{"id":3161,"date":"2025-11-14T15:49:41","date_gmt":"2025-11-14T15:49:41","guid":{"rendered":"https:\/\/www.alfadu-amusement.com\/?post_type=product&#038;p=3161"},"modified":"2025-11-14T15:49:41","modified_gmt":"2025-11-14T15:49:41","slug":"boxer-ydv1-2","status":"publish","type":"product","link":"https:\/\/www.alfadu-amusement.com\/?product=boxer-ydv1-2&lang=fr","title":{"rendered":"Boxer YDV1"},"content":{"rendered":"<h2>Description<\/h2>\n<h2 class=\"wp-block-heading has-text-color has-link-color wp-elements-0058693c8b4f270c6682ef7dc92ddc6a\">PARAM\u00c8TRE<\/h2>\n<figure class=\"wp-block-table is-style-stripes\">\n<table class=\"has-text-color has-link-color has-border-color has-fixed-layout\">\n<thead>\n<tr>\n<th><\/th>\n<th>D\u00e9tails<\/th>\n<\/tr>\n<\/thead>\n<tbody>\n<tr>\n<td>Mod\u00e8le<\/td>\n<td>YDAV1<\/td>\n<\/tr>\n<tr>\n<td>Dimensions<\/td>\n<td>700*1170*2200<\/td>\n<\/tr>\n<tr>\n<td>Nom<\/td>\n<td>BOXER YDV1<\/td>\n<\/tr>\n<tr>\n<td>Nombre de joueur<\/td>\n<td>1<\/td>\n<\/tr>\n<\/tbody>\n<\/table>\n<p>&nbsp;<\/figure>\n","protected":false},"excerpt":{"rendered":"<p>Description PARAM\u00c8TRE D\u00e9tails Mod\u00e8le YDAV1 Dimensions 700*1170*2200 Nom BOXER YDV1 Nombre de joueur 1 &nbsp;<\/p>\n","protected":false},"featured_media":3160,"template":"","meta":[],"product_brand":[],"product_cat":[428,383],"product_tag":[],"class_list":{"0":"post-3161","1":"product","2":"type-product","3":"status-publish","4":"has-post-thumbnail","6":"product_cat-jeu-de-carnaval","7":"product_cat-jeux-interactifs-jeux-avec-monnayeur","9":"first","10":"instock","11":"shipping-taxable","12":"product-type-simple"},"_links":{"self":[{"href":"https:\/\/www.alfadu-amusement.com\/index.php?rest_route=\/wp\/v2\/product\/3161","targetHints":{"allow":["GET"]}}],"collection":[{"href":"https:\/\/www.alfadu-amusement.com\/index.php?rest_route=\/wp\/v2\/product"}],"about":[{"href":"https:\/\/www.alfadu-amusement.com\/index.php?rest_route=\/wp\/v2\/types\/product"}],"wp:featuredmedia":[{"embeddable":true,"href":"https:\/\/www.alfadu-amusement.com\/index.php?rest_route=\/wp\/v2\/media\/3160"}],"wp:attachment":[{"href":"https:\/\/www.alfadu-amusement.com\/index.php?rest_route=%2Fwp%2Fv2%2Fmedia&parent=3161"}],"wp:term":[{"taxonomy":"product_brand","embeddable":true,"href":"https:\/\/www.alfadu-amusement.com\/index.php?rest_route=%2Fwp%2Fv2%2Fproduct_brand&post=3161"},{"taxonomy":"product_cat","embeddable":true,"href":"https:\/\/www.alfadu-amusement.com\/index.php?rest_route=%2Fwp%2Fv2%2Fproduct_cat&post=3161"},{"taxonomy":"product_tag","embeddable":true,"href":"https:\/\/www.alfadu-amusement.com\/index.php?rest_route=%2Fwp%2Fv2%2Fproduct_tag&post=3161"}],"curies":[{"name":"wp","href":"https:\/\/api.w.org\/{rel}","templated":true}]}}