{"id":3493,"date":"2025-12-12T19:13:43","date_gmt":"2025-12-12T19:13:43","guid":{"rendered":"https:\/\/www.alfadu-amusement.com\/?post_type=product&#038;p=3493"},"modified":"2025-12-12T19:13:43","modified_gmt":"2025-12-12T19:13:43","slug":"qibubble-aire-de-jeux-parent-enfant","status":"publish","type":"product","link":"https:\/\/www.alfadu-amusement.com\/?product=qibubble-aire-de-jeux-parent-enfant&lang=fr","title":{"rendered":"QIBUBBLE Aire de jeux parent-enfant"},"content":{"rendered":"<p>\u00ab Au paradis existe une cat\u00e9gorie unique de compagnons.<br data-start=\"133\" data-end=\"136\" \/>Ils deviennent les gardiens de la curiosit\u00e9 et des r\u00eaves d\u2019exploration des enfants, les guidant pas \u00e0 pas pour d\u00e9couvrir, explorer et ressentir des jeux immersifs dans un monde cr\u00e9atif, tout en suivant le fil de l\u2019histoire originale du parc. \u00bb<\/p>\n","protected":false},"excerpt":{"rendered":"<h2>QIBUBBLE Paradise s\u2019\u00e9tend sur pr\u00e8s de 6 000 m\u00e8tres carr\u00e9s.<\/h2>\n","protected":false},"featured_media":3492,"template":"","meta":[],"product_brand":[],"product_cat":[381],"product_tag":[],"class_list":{"0":"post-3493","1":"product","2":"type-product","3":"status-publish","4":"has-post-thumbnail","6":"product_cat-aire-de-jeux-et-trampolines","8":"first","9":"instock","10":"shipping-taxable","11":"product-type-simple"},"_links":{"self":[{"href":"https:\/\/www.alfadu-amusement.com\/index.php?rest_route=\/wp\/v2\/product\/3493","targetHints":{"allow":["GET"]}}],"collection":[{"href":"https:\/\/www.alfadu-amusement.com\/index.php?rest_route=\/wp\/v2\/product"}],"about":[{"href":"https:\/\/www.alfadu-amusement.com\/index.php?rest_route=\/wp\/v2\/types\/product"}],"wp:featuredmedia":[{"embeddable":true,"href":"https:\/\/www.alfadu-amusement.com\/index.php?rest_route=\/wp\/v2\/media\/3492"}],"wp:attachment":[{"href":"https:\/\/www.alfadu-amusement.com\/index.php?rest_route=%2Fwp%2Fv2%2Fmedia&parent=3493"}],"wp:term":[{"taxonomy":"product_brand","embeddable":true,"href":"https:\/\/www.alfadu-amusement.com\/index.php?rest_route=%2Fwp%2Fv2%2Fproduct_brand&post=3493"},{"taxonomy":"product_cat","embeddable":true,"href":"https:\/\/www.alfadu-amusement.com\/index.php?rest_route=%2Fwp%2Fv2%2Fproduct_cat&post=3493"},{"taxonomy":"product_tag","embeddable":true,"href":"https:\/\/www.alfadu-amusement.com\/index.php?rest_route=%2Fwp%2Fv2%2Fproduct_tag&post=3493"}],"curies":[{"name":"wp","href":"https:\/\/api.w.org\/{rel}","templated":true}]}}