{"id":3513,"date":"2025-12-12T19:35:48","date_gmt":"2025-12-12T19:35:48","guid":{"rendered":"https:\/\/www.alfadu-amusement.com\/?post_type=product&#038;p=3513"},"modified":"2025-12-12T19:37:01","modified_gmt":"2025-12-12T19:37:01","slug":"babys-idea-playground-2","status":"publish","type":"product","link":"https:\/\/www.alfadu-amusement.com\/?product=babys-idea-playground-2&lang=fr","title":{"rendered":"Baby\u2019s idea Playground"},"content":{"rendered":"<p data-start=\"70\" data-end=\"337\">Un design aux \u00e9l\u00e9ments uniques,<br data-start=\"103\" data-end=\"106\" \/>des formes raffin\u00e9es,<br data-start=\"127\" data-end=\"130\" \/>des couleurs avant-gardistes et tendance,<br data-start=\"171\" data-end=\"174\" \/>ainsi qu\u2019une s\u00e9lection chromatique minutieuse et rigoureusement valid\u00e9e\u2026<br data-start=\"246\" data-end=\"249\" \/>Tout est pens\u00e9 pour atteindre une perfection visuelle et un impact esth\u00e9tique maximal.<\/p>\n<p data-start=\"339\" data-end=\"566\">Chaque projet offre une exp\u00e9rience incomparable.<br data-start=\"387\" data-end=\"390\" \/>Nous observons le monde \u00e0 un m\u00e8tre du sol, \u00e0 hauteur d\u2019enfant,<br data-start=\"456\" data-end=\"459\" \/>en imaginant des parcours adapt\u00e9s \u00e0 leurs gestes<br data-start=\"507\" data-end=\"510\" \/>et des \u00e9quipements con\u00e7us sp\u00e9cialement pour leur taille.<\/p>\n<p data-start=\"568\" data-end=\"643\">Nous cr\u00e9ons pour eux un espace de jeu chaleureux, po\u00e9tique et s\u00e9curis\u00e9.<\/p>\n<p data-start=\"645\" data-end=\"922\">En jouant, les enfants d\u00e9veloppent leurs comp\u00e9tences,<br data-start=\"698\" data-end=\"701\" \/>stimulent leur intelligence, leur cr\u00e9ativit\u00e9, leur motricit\u00e9<br data-start=\"761\" data-end=\"764\" \/>et renforcent leurs capacit\u00e9s \u00e9motionnelles.<br data-start=\"808\" data-end=\"811\" \/>Ils d\u00e9laissent les \u00e9crans pour retrouver la joie la plus pure :<br data-start=\"878\" data-end=\"881\" \/>celle de jouer, d\u2019explorer et de grandir.<\/p>\n","protected":false},"excerpt":{"rendered":"<p>Un design aux \u00e9l\u00e9ments uniques,des formes raffin\u00e9es,des couleurs avant-gardistes et tendance,ainsi qu\u2019une s\u00e9lection chromatique minutieuse et rigoureusement valid\u00e9e\u2026Tout est pens\u00e9 pour atteindre une perfection visuelle et un impact esth\u00e9tique maximal. Chaque projet offre une exp\u00e9rience incomparable.Nous observons le monde \u00e0 un m\u00e8tre du sol, \u00e0 hauteur d\u2019enfant,en imaginant des parcours adapt\u00e9s \u00e0 leurs gesteset des&hellip;<\/p>\n","protected":false},"featured_media":3507,"template":"","meta":[],"product_brand":[],"product_cat":[381],"product_tag":[],"class_list":{"0":"post-3513","1":"product","2":"type-product","3":"status-publish","4":"has-post-thumbnail","6":"product_cat-aire-de-jeux-et-trampolines","8":"first","9":"instock","10":"shipping-taxable","11":"product-type-simple"},"_links":{"self":[{"href":"https:\/\/www.alfadu-amusement.com\/index.php?rest_route=\/wp\/v2\/product\/3513","targetHints":{"allow":["GET"]}}],"collection":[{"href":"https:\/\/www.alfadu-amusement.com\/index.php?rest_route=\/wp\/v2\/product"}],"about":[{"href":"https:\/\/www.alfadu-amusement.com\/index.php?rest_route=\/wp\/v2\/types\/product"}],"wp:featuredmedia":[{"embeddable":true,"href":"https:\/\/www.alfadu-amusement.com\/index.php?rest_route=\/wp\/v2\/media\/3507"}],"wp:attachment":[{"href":"https:\/\/www.alfadu-amusement.com\/index.php?rest_route=%2Fwp%2Fv2%2Fmedia&parent=3513"}],"wp:term":[{"taxonomy":"product_brand","embeddable":true,"href":"https:\/\/www.alfadu-amusement.com\/index.php?rest_route=%2Fwp%2Fv2%2Fproduct_brand&post=3513"},{"taxonomy":"product_cat","embeddable":true,"href":"https:\/\/www.alfadu-amusement.com\/index.php?rest_route=%2Fwp%2Fv2%2Fproduct_cat&post=3513"},{"taxonomy":"product_tag","embeddable":true,"href":"https:\/\/www.alfadu-amusement.com\/index.php?rest_route=%2Fwp%2Fv2%2Fproduct_tag&post=3513"}],"curies":[{"name":"wp","href":"https:\/\/api.w.org\/{rel}","templated":true}]}}